{"id":53059,"date":"2026-04-20T12:39:15","date_gmt":"2026-04-20T12:39:15","guid":{"rendered":"https:\/\/agendaalcoy.com\/event\/en\/concert-the-three-tenors-(saxophone-conversation)-moises-olcina-rafa-gonzalez-pierre-leon-jordi-vila-luismi-tormo"},"modified":"2026-04-23T21:58:05","modified_gmt":"2026-04-23T21:58:05","slug":"concert-the-three-tenors-saxophone-conversation-moises-olcina-rafa-gonzalez-pierre-leon-jordi-vila-luismi-tormo","status":"publish","type":"event","link":"https:\/\/agendaalcoy.com\/en\/event\/concert-the-three-tenors-saxophone-conversation-moises-olcina-rafa-gonzalez-pierre-leon-jordi-vila-luismi-tormo\/","title":{"rendered":"\u00abConcert: The Three Tenors (Saxophone Conversation)\u00bb Mois\u00e9s Olcina, Rafa Gonz\u00e1lez, Pierre Le\u00f3n, Jordi Vila, Luismi Tormo"},"content":{"rendered":"<p>Jazz concert with Mois\u00e9s Olcina, Rafa Gonz\u00e1lez, and Pierre Le\u00f3n at Club Jazz El Mussol.<br \/>\nReservations until the 29th: 620 372 405 \/ \u20ac12 members \u00b7 \u20ac17 non-members \u00b7 \u20ac5 &lt;25<\/p>\n","protected":false},"excerpt":{"rendered":"<p>Jazz concert with Mois\u00e9s Olcina, Rafa Gonz\u00e1lez, and Pierre Le\u00f3n at Club Jazz El Mussol. Reservations until the 29th: 620 372 405 \/ \u20ac12 members \u00b7 \u20ac17 non-members \u00b7 \u20ac5 &lt;25<\/p>\n","protected":false},"author":1,"featured_media":53055,"comment_status":"closed","ping_status":"closed","template":"","meta":[],"event_cat":[130],"event_tag":[],"event_loc":[201],"class_list":["post-53059","event","type-event","status-publish","has-post-thumbnail","hentry","event_cat-live-music-concerts","event_loc-pub-la-mujer-barbuda"],"yoast_head":"<!-- This site is optimized with the Yoast SEO plugin v26.4 - https:\/\/yoast.com\/wordpress\/plugins\/seo\/ -->\n<title>\u00abConcert: The Three Tenors (Saxophone Conversation)\u00bb Mois\u00e9s Olcina, Rafa Gonz\u00e1lez, Pierre Le\u00f3n, Jordi Vila, Luismi Tormo | Agenda Alcoy<\/title>\n<meta name=\"robots\" content=\"index, follow, max-snippet:-1, max-image-preview:large, max-video-preview:-1\" \/>\n<link rel=\"canonical\" href=\"https:\/\/agendaalcoy.com\/en\/event\/concert-the-three-tenors-saxophone-conversation-moises-olcina-rafa-gonzalez-pierre-leon-jordi-vila-luismi-tormo\/\" \/>\n<meta property=\"og:locale\" content=\"en_US\" \/>\n<meta property=\"og:type\" content=\"article\" \/>\n<meta property=\"og:title\" content=\"\u00abConcert: The Three Tenors (Saxophone Conversation)\u00bb Mois\u00e9s Olcina, Rafa Gonz\u00e1lez, Pierre Le\u00f3n, Jordi Vila, Luismi Tormo | Agenda Alcoy\" \/>\n<meta property=\"og:description\" content=\"Jazz concert with Mois\u00e9s Olcina, Rafa Gonz\u00e1lez, and Pierre Le\u00f3n at Club Jazz El Mussol. Reservations until the 29th: 620 372 405 \/ \u20ac12 members \u00b7 \u20ac17 non-members \u00b7 \u20ac5 &lt;25\" \/>\n<meta property=\"og:url\" content=\"https:\/\/agendaalcoy.com\/en\/event\/concert-the-three-tenors-saxophone-conversation-moises-olcina-rafa-gonzalez-pierre-leon-jordi-vila-luismi-tormo\/\" \/>\n<meta property=\"og:site_name\" content=\"Agenda Alcoy\" \/>\n<meta property=\"article:modified_time\" content=\"2026-04-23T21:58:05+00:00\" \/>\n<meta property=\"og:image\" content=\"https:\/\/agendaalcoy.com\/wp-content\/uploads\/2026\/04\/670545395_1358454089649614_4123914757032238669_n.jpg\" \/>\n\t<meta property=\"og:image:width\" content=\"1463\" \/>\n\t<meta property=\"og:image:height\" content=\"2048\" \/>\n\t<meta property=\"og:image:type\" content=\"image\/jpeg\" \/>\n<meta name=\"twitter:card\" content=\"summary_large_image\" \/>\n<script type=\"application\/ld+json\" class=\"yoast-schema-graph\">{\"@context\":\"https:\/\/schema.org\",\"@graph\":[{\"@type\":\"WebPage\",\"@id\":\"https:\/\/agendaalcoy.com\/en\/event\/concert-the-three-tenors-saxophone-conversation-moises-olcina-rafa-gonzalez-pierre-leon-jordi-vila-luismi-tormo\/\",\"url\":\"https:\/\/agendaalcoy.com\/en\/event\/concert-the-three-tenors-saxophone-conversation-moises-olcina-rafa-gonzalez-pierre-leon-jordi-vila-luismi-tormo\/\",\"name\":\"\u00abConcert: The Three Tenors (Saxophone Conversation)\u00bb Mois\u00e9s Olcina, Rafa Gonz\u00e1lez, Pierre Le\u00f3n, Jordi Vila, Luismi Tormo | Agenda Alcoy\",\"isPartOf\":{\"@id\":\"https:\/\/agendaalcoy.com\/en\/#website\"},\"primaryImageOfPage\":{\"@id\":\"https:\/\/agendaalcoy.com\/en\/event\/concert-the-three-tenors-saxophone-conversation-moises-olcina-rafa-gonzalez-pierre-leon-jordi-vila-luismi-tormo\/#primaryimage\"},\"image\":{\"@id\":\"https:\/\/agendaalcoy.com\/en\/event\/concert-the-three-tenors-saxophone-conversation-moises-olcina-rafa-gonzalez-pierre-leon-jordi-vila-luismi-tormo\/#primaryimage\"},\"thumbnailUrl\":\"https:\/\/agendaalcoy.com\/wp-content\/uploads\/2026\/04\/670545395_1358454089649614_4123914757032238669_n.jpg\",\"datePublished\":\"2026-04-20T12:39:15+00:00\",\"dateModified\":\"2026-04-23T21:58:05+00:00\",\"breadcrumb\":{\"@id\":\"https:\/\/agendaalcoy.com\/en\/event\/concert-the-three-tenors-saxophone-conversation-moises-olcina-rafa-gonzalez-pierre-leon-jordi-vila-luismi-tormo\/#breadcrumb\"},\"inLanguage\":\"en-US\",\"potentialAction\":[{\"@type\":\"ReadAction\",\"target\":[\"https:\/\/agendaalcoy.com\/en\/event\/concert-the-three-tenors-saxophone-conversation-moises-olcina-rafa-gonzalez-pierre-leon-jordi-vila-luismi-tormo\/\"]}]},{\"@type\":\"ImageObject\",\"inLanguage\":\"en-US\",\"@id\":\"https:\/\/agendaalcoy.com\/en\/event\/concert-the-three-tenors-saxophone-conversation-moises-olcina-rafa-gonzalez-pierre-leon-jordi-vila-luismi-tormo\/#primaryimage\",\"url\":\"https:\/\/agendaalcoy.com\/wp-content\/uploads\/2026\/04\/670545395_1358454089649614_4123914757032238669_n.jpg\",\"contentUrl\":\"https:\/\/agendaalcoy.com\/wp-content\/uploads\/2026\/04\/670545395_1358454089649614_4123914757032238669_n.jpg\",\"width\":1463,\"height\":2048},{\"@type\":\"BreadcrumbList\",\"@id\":\"https:\/\/agendaalcoy.com\/en\/event\/concert-the-three-tenors-saxophone-conversation-moises-olcina-rafa-gonzalez-pierre-leon-jordi-vila-luismi-tormo\/#breadcrumb\",\"itemListElement\":[{\"@type\":\"ListItem\",\"position\":1,\"name\":\"Portada\",\"item\":\"https:\/\/agendaalcoy.com\/en\/\"},{\"@type\":\"ListItem\",\"position\":2,\"name\":\"\u00abConcert: The Three Tenors (Saxophone Conversation)\u00bb Mois\u00e9s Olcina, Rafa Gonz\u00e1lez, Pierre Le\u00f3n, Jordi Vila, Luismi Tormo\"}]},{\"@type\":\"WebSite\",\"@id\":\"https:\/\/agendaalcoy.com\/en\/#website\",\"url\":\"https:\/\/agendaalcoy.com\/en\/\",\"name\":\"Agenda Alcoy\",\"description\":\"Agenda Cultural de Alcoy - Conciertos, teatro, exposiciones, actividades infantiles, tradiciones...\",\"potentialAction\":[{\"@type\":\"SearchAction\",\"target\":{\"@type\":\"EntryPoint\",\"urlTemplate\":\"https:\/\/agendaalcoy.com\/en\/?s={search_term_string}\"},\"query-input\":{\"@type\":\"PropertyValueSpecification\",\"valueRequired\":true,\"valueName\":\"search_term_string\"}}],\"inLanguage\":\"en-US\"}]}<\/script>\n<!-- \/ Yoast SEO plugin. -->","yoast_head_json":{"title":"\u00abConcert: The Three Tenors (Saxophone Conversation)\u00bb Mois\u00e9s Olcina, Rafa Gonz\u00e1lez, Pierre Le\u00f3n, Jordi Vila, Luismi Tormo | Agenda Alcoy","robots":{"index":"index","follow":"follow","max-snippet":"max-snippet:-1","max-image-preview":"max-image-preview:large","max-video-preview":"max-video-preview:-1"},"canonical":"https:\/\/agendaalcoy.com\/en\/event\/concert-the-three-tenors-saxophone-conversation-moises-olcina-rafa-gonzalez-pierre-leon-jordi-vila-luismi-tormo\/","og_locale":"en_US","og_type":"article","og_title":"\u00abConcert: The Three Tenors (Saxophone Conversation)\u00bb Mois\u00e9s Olcina, Rafa Gonz\u00e1lez, Pierre Le\u00f3n, Jordi Vila, Luismi Tormo | Agenda Alcoy","og_description":"Jazz concert with Mois\u00e9s Olcina, Rafa Gonz\u00e1lez, and Pierre Le\u00f3n at Club Jazz El Mussol. Reservations until the 29th: 620 372 405 \/ \u20ac12 members \u00b7 \u20ac17 non-members \u00b7 \u20ac5 &lt;25","og_url":"https:\/\/agendaalcoy.com\/en\/event\/concert-the-three-tenors-saxophone-conversation-moises-olcina-rafa-gonzalez-pierre-leon-jordi-vila-luismi-tormo\/","og_site_name":"Agenda Alcoy","article_modified_time":"2026-04-23T21:58:05+00:00","og_image":[{"width":1463,"height":2048,"url":"https:\/\/agendaalcoy.com\/wp-content\/uploads\/2026\/04\/670545395_1358454089649614_4123914757032238669_n.jpg","type":"image\/jpeg"}],"twitter_card":"summary_large_image","schema":{"@context":"https:\/\/schema.org","@graph":[{"@type":"WebPage","@id":"https:\/\/agendaalcoy.com\/en\/event\/concert-the-three-tenors-saxophone-conversation-moises-olcina-rafa-gonzalez-pierre-leon-jordi-vila-luismi-tormo\/","url":"https:\/\/agendaalcoy.com\/en\/event\/concert-the-three-tenors-saxophone-conversation-moises-olcina-rafa-gonzalez-pierre-leon-jordi-vila-luismi-tormo\/","name":"\u00abConcert: The Three Tenors (Saxophone Conversation)\u00bb Mois\u00e9s Olcina, Rafa Gonz\u00e1lez, Pierre Le\u00f3n, Jordi Vila, Luismi Tormo | Agenda Alcoy","isPartOf":{"@id":"https:\/\/agendaalcoy.com\/en\/#website"},"primaryImageOfPage":{"@id":"https:\/\/agendaalcoy.com\/en\/event\/concert-the-three-tenors-saxophone-conversation-moises-olcina-rafa-gonzalez-pierre-leon-jordi-vila-luismi-tormo\/#primaryimage"},"image":{"@id":"https:\/\/agendaalcoy.com\/en\/event\/concert-the-three-tenors-saxophone-conversation-moises-olcina-rafa-gonzalez-pierre-leon-jordi-vila-luismi-tormo\/#primaryimage"},"thumbnailUrl":"https:\/\/agendaalcoy.com\/wp-content\/uploads\/2026\/04\/670545395_1358454089649614_4123914757032238669_n.jpg","datePublished":"2026-04-20T12:39:15+00:00","dateModified":"2026-04-23T21:58:05+00:00","breadcrumb":{"@id":"https:\/\/agendaalcoy.com\/en\/event\/concert-the-three-tenors-saxophone-conversation-moises-olcina-rafa-gonzalez-pierre-leon-jordi-vila-luismi-tormo\/#breadcrumb"},"inLanguage":"en-US","potentialAction":[{"@type":"ReadAction","target":["https:\/\/agendaalcoy.com\/en\/event\/concert-the-three-tenors-saxophone-conversation-moises-olcina-rafa-gonzalez-pierre-leon-jordi-vila-luismi-tormo\/"]}]},{"@type":"ImageObject","inLanguage":"en-US","@id":"https:\/\/agendaalcoy.com\/en\/event\/concert-the-three-tenors-saxophone-conversation-moises-olcina-rafa-gonzalez-pierre-leon-jordi-vila-luismi-tormo\/#primaryimage","url":"https:\/\/agendaalcoy.com\/wp-content\/uploads\/2026\/04\/670545395_1358454089649614_4123914757032238669_n.jpg","contentUrl":"https:\/\/agendaalcoy.com\/wp-content\/uploads\/2026\/04\/670545395_1358454089649614_4123914757032238669_n.jpg","width":1463,"height":2048},{"@type":"BreadcrumbList","@id":"https:\/\/agendaalcoy.com\/en\/event\/concert-the-three-tenors-saxophone-conversation-moises-olcina-rafa-gonzalez-pierre-leon-jordi-vila-luismi-tormo\/#breadcrumb","itemListElement":[{"@type":"ListItem","position":1,"name":"Portada","item":"https:\/\/agendaalcoy.com\/en\/"},{"@type":"ListItem","position":2,"name":"\u00abConcert: The Three Tenors (Saxophone Conversation)\u00bb Mois\u00e9s Olcina, Rafa Gonz\u00e1lez, Pierre Le\u00f3n, Jordi Vila, Luismi Tormo"}]},{"@type":"WebSite","@id":"https:\/\/agendaalcoy.com\/en\/#website","url":"https:\/\/agendaalcoy.com\/en\/","name":"Agenda Alcoy","description":"Agenda Cultural de Alcoy - Conciertos, teatro, exposiciones, actividades infantiles, tradiciones...","potentialAction":[{"@type":"SearchAction","target":{"@type":"EntryPoint","urlTemplate":"https:\/\/agendaalcoy.com\/en\/?s={search_term_string}"},"query-input":{"@type":"PropertyValueSpecification","valueRequired":true,"valueName":"search_term_string"}}],"inLanguage":"en-US"}]}},"start_date":"30-04-2026","end_date":"30-04-2026","start_time":"20:30","end_time":"22:00","event_address":"La Mujer Barbuda","categories":["Music"],"featured_image":"https:\/\/agendaalcoy.com\/wp-content\/uploads\/2026\/04\/670545395_1358454089649614_4123914757032238669_n.jpg","_links":{"self":[{"href":"https:\/\/agendaalcoy.com\/en\/wp-json\/wp\/v2\/event\/53059","targetHints":{"allow":["GET"]}}],"collection":[{"href":"https:\/\/agendaalcoy.com\/en\/wp-json\/wp\/v2\/event"}],"about":[{"href":"https:\/\/agendaalcoy.com\/en\/wp-json\/wp\/v2\/types\/event"}],"author":[{"embeddable":true,"href":"https:\/\/agendaalcoy.com\/en\/wp-json\/wp\/v2\/users\/1"}],"replies":[{"embeddable":true,"href":"https:\/\/agendaalcoy.com\/en\/wp-json\/wp\/v2\/comments?post=53059"}],"version-history":[{"count":1,"href":"https:\/\/agendaalcoy.com\/en\/wp-json\/wp\/v2\/event\/53059\/revisions"}],"predecessor-version":[{"id":53346,"href":"https:\/\/agendaalcoy.com\/en\/wp-json\/wp\/v2\/event\/53059\/revisions\/53346"}],"wp:featuredmedia":[{"embeddable":true,"href":"https:\/\/agendaalcoy.com\/en\/wp-json\/wp\/v2\/media\/53055"}],"wp:attachment":[{"href":"https:\/\/agendaalcoy.com\/en\/wp-json\/wp\/v2\/media?parent=53059"}],"wp:term":[{"taxonomy":"event_cat","embeddable":true,"href":"https:\/\/agendaalcoy.com\/en\/wp-json\/wp\/v2\/event_cat?post=53059"},{"taxonomy":"event_tag","embeddable":true,"href":"https:\/\/agendaalcoy.com\/en\/wp-json\/wp\/v2\/event_tag?post=53059"},{"taxonomy":"event_loc","embeddable":true,"href":"https:\/\/agendaalcoy.com\/en\/wp-json\/wp\/v2\/event_loc?post=53059"}],"curies":[{"name":"wp","href":"https:\/\/api.w.org\/{rel}","templated":true}]}}

«Concert: The Three Tenors (Saxophone Conversation)» Moisés Olcina, Rafa González, Pierre León, Jordi Vila, Luismi Tormo

<p>Jazz concert with Moisés Olcina, Rafa González, and Pierre León at Club Jazz El Mussol.<br />
Reservations until the 29th: 620 372 405 / €12 members · €17 non-members · €5 &lt;25</p>

<p>Jazz concert with Moisés Olcina, Rafa González, and Pierre León at Club Jazz El Mussol. Reservations until the 29th: 620 372 405 / €12 members · €17 non-members · €5 &lt;25</p>

<!-- This site is optimized with the Yoast SEO plugin v26.4 - https://yoast.com/wordpress/plugins/seo/ -->
<title>«Concert: The Three Tenors (Saxophone Conversation)» Moisés Olcina, Rafa González, Pierre León, Jordi Vila, Luismi Tormo | Agenda Alcoy</title>
<meta name="robots" content="index, follow, max-snippet:-1, max-image-preview:large, max-video-preview:-1" />
<link rel="canonical" href="https://agendaalcoy.com/en/event/concert-the-three-tenors-saxophone-conversation-moises-olcina-rafa-gonzalez-pierre-leon-jordi-vila-luismi-tormo/" />
<meta property="og:locale" content="en_US" />
<meta property="og:type" content="article" />
<meta property="og:title" content="«Concert: The Three Tenors (Saxophone Conversation)» Moisés Olcina, Rafa González, Pierre León, Jordi Vila, Luismi Tormo | Agenda Alcoy" />
<meta property="og:description" content="Jazz concert with Moisés Olcina, Rafa González, and Pierre León at Club Jazz El Mussol. Reservations until the 29th: 620 372 405 / €12 members · €17 non-members · €5 &lt;25" />
<meta property="og:url" content="https://agendaalcoy.com/en/event/concert-the-three-tenors-saxophone-conversation-moises-olcina-rafa-gonzalez-pierre-leon-jordi-vila-luismi-tormo/" />
<meta property="og:site_name" content="Agenda Alcoy" />
<meta property="article:modified_time" content="2026-04-23T21:58:05+00:00" />
<meta property="og:image" content="https://agendaalcoy.com/wp-content/uploads/2026/04/670545395_1358454089649614_4123914757032238669_n.jpg" />
	<meta property="og:image:width" content="1463" />
	<meta property="og:image:height" content="2048" />
	<meta property="og:image:type" content="image/jpeg" />
<meta name="twitter:card" content="summary_large_image" />
<script type="application/ld+json" class="yoast-schema-graph">{"@context":"https://schema.org","@graph":[{"@type":"WebPage","@id":"https://agendaalcoy.com/en/event/concert-the-three-tenors-saxophone-conversation-moises-olcina-rafa-gonzalez-pierre-leon-jordi-vila-luismi-tormo/","url":"https://agendaalcoy.com/en/event/concert-the-three-tenors-saxophone-conversation-moises-olcina-rafa-gonzalez-pierre-leon-jordi-vila-luismi-tormo/","name":"«Concert: The Three Tenors (Saxophone Conversation)» Moisés Olcina, Rafa González, Pierre León, Jordi Vila, Luismi Tormo | Agenda Alcoy","isPartOf":{"@id":"https://agendaalcoy.com/en/#website"},"primaryImageOfPage":{"@id":"https://agendaalcoy.com/en/event/concert-the-three-tenors-saxophone-conversation-moises-olcina-rafa-gonzalez-pierre-leon-jordi-vila-luismi-tormo/#primaryimage"},"image":{"@id":"https://agendaalcoy.com/en/event/concert-the-three-tenors-saxophone-conversation-moises-olcina-rafa-gonzalez-pierre-leon-jordi-vila-luismi-tormo/#primaryimage"},"thumbnailUrl":"https://agendaalcoy.com/wp-content/uploads/2026/04/670545395_1358454089649614_4123914757032238669_n.jpg","datePublished":"2026-04-20T12:39:15+00:00","dateModified":"2026-04-23T21:58:05+00:00","breadcrumb":{"@id":"https://agendaalcoy.com/en/event/concert-the-three-tenors-saxophone-conversation-moises-olcina-rafa-gonzalez-pierre-leon-jordi-vila-luismi-tormo/#breadcrumb"},"inLanguage":"en-US","potentialAction":[{"@type":"ReadAction","target":["https://agendaalcoy.com/en/event/concert-the-three-tenors-saxophone-conversation-moises-olcina-rafa-gonzalez-pierre-leon-jordi-vila-luismi-tormo/"]}]},{"@type":"ImageObject","inLanguage":"en-US","@id":"https://agendaalcoy.com/en/event/concert-the-three-tenors-saxophone-conversation-moises-olcina-rafa-gonzalez-pierre-leon-jordi-vila-luismi-tormo/#primaryimage","url":"https://agendaalcoy.com/wp-content/uploads/2026/04/670545395_1358454089649614_4123914757032238669_n.jpg","contentUrl":"https://agendaalcoy.com/wp-content/uploads/2026/04/670545395_1358454089649614_4123914757032238669_n.jpg","width":1463,"height":2048},{"@type":"BreadcrumbList","@id":"https://agendaalcoy.com/en/event/concert-the-three-tenors-saxophone-conversation-moises-olcina-rafa-gonzalez-pierre-leon-jordi-vila-luismi-tormo/#breadcrumb","itemListElement":[{"@type":"ListItem","position":1,"name":"Portada","item":"https://agendaalcoy.com/en/"},{"@type":"ListItem","position":2,"name":"«Concert: The Three Tenors (Saxophone Conversation)» Moisés Olcina, Rafa González, Pierre León, Jordi Vila, Luismi Tormo"}]},{"@type":"WebSite","@id":"https://agendaalcoy.com/en/#website","url":"https://agendaalcoy.com/en/","name":"Agenda Alcoy","description":"Agenda Cultural de Alcoy - Conciertos, teatro, exposiciones, actividades infantiles, tradiciones...","potentialAction":[{"@type":"SearchAction","target":{"@type":"EntryPoint","urlTemplate":"https://agendaalcoy.com/en/?s={search_term_string}"},"query-input":{"@type":"PropertyValueSpecification","valueRequired":true,"valueName":"search_term_string"}}],"inLanguage":"en-US"}]}</script>
<!-- / Yoast SEO plugin. -->

«Concert: The Three Tenors (Saxophone Conversation)» Moisés Olcina, Rafa González, Pierre León, Jordi Vila, Luismi Tormo | Agenda Alcoy

Jazz concert with Moisés Olcina, Rafa González, and Pierre León at Club Jazz El Mussol. Reservations until the 29th: 620 372 405 / €12 members · €17 non-members · €5 &lt;25
