{"id":52367,"date":"2026-04-08T08:25:03","date_gmt":"2026-04-08T08:25:03","guid":{"rendered":"https:\/\/agendaalcoy.com\/?post_type=event&#038;p=52367"},"modified":"2026-04-08T08:25:40","modified_gmt":"2026-04-08T08:25:40","slug":"moors-and-christians-festivities-2026-entradetes-wednesday-april-22","status":"publish","type":"event","link":"https:\/\/agendaalcoy.com\/en\/event\/moors-and-christians-festivities-2026-entradetes-wednesday-april-22\/","title":{"rendered":"\u00abMoors and Christians Festivities 2026: Entradetes Wednesday, April 22\u00bb"},"content":{"rendered":"<p>Different filaes parade in civilian clothes with their music bands. Itinerary: The filaes start from Sant Nicolau \u2014at Font Redona\u2014 entering the Pla\u00e7a and ending in front of the Town Hall. They also start from the avenue of Pa\u00eds Valenci\u00e0 \u2014at the intersection with Bamb\u00fa street\u2014, to finish in front of the Teatre Calder\u00f3n.<\/p>\n<p>Wednesday, April 22<br \/>\nSant Nicolau: 22:30 Jud\u00edos, 22:50 Realistes, 23:10 Escuadra Especial Almog\u00e1vares, 23:30 Cides<br \/>\nPa\u00eds Valenci\u00e0: 23:10 Magenta<\/p>\n","protected":false},"excerpt":{"rendered":"<p>Different filaes parade in civilian clothes with their music bands. Itinerary: The filaes start from Sant Nicolau \u2014at Font Redona\u2014 entering the Pla\u00e7a and ending in front of the Town Hall. They also start from the avenue of Pa\u00eds Valenci\u00e0 \u2014at the intersection with Bamb\u00fa street\u2014, to finish in front of the Teatre Calder\u00f3n. Wednesday, [&hellip;]<\/p>\n","protected":false},"author":1,"featured_media":51853,"comment_status":"closed","ping_status":"closed","template":"","meta":[],"event_cat":[155],"event_tag":[],"event_loc":[249],"class_list":["post-52367","event","type-event","status-publish","has-post-thumbnail","hentry","event_cat-traditions-festivities","event_loc-calles-del-centro-de-alcoy"],"yoast_head":"<!-- This site is optimized with the Yoast SEO plugin v26.4 - https:\/\/yoast.com\/wordpress\/plugins\/seo\/ -->\n<title>\u00abMoors and Christians Festivities 2026: Entradetes Wednesday, April 22\u00bb | Agenda Alcoy<\/title>\n<meta name=\"robots\" content=\"index, follow, max-snippet:-1, max-image-preview:large, max-video-preview:-1\" \/>\n<link rel=\"canonical\" href=\"https:\/\/agendaalcoy.com\/en\/event\/moors-and-christians-festivities-2026-entradetes-wednesday-april-22\/\" \/>\n<meta property=\"og:locale\" content=\"en_US\" \/>\n<meta property=\"og:type\" content=\"article\" \/>\n<meta property=\"og:title\" content=\"\u00abMoors and Christians Festivities 2026: Entradetes Wednesday, April 22\u00bb | Agenda Alcoy\" \/>\n<meta property=\"og:description\" content=\"Different filaes parade in civilian clothes with their music bands. Itinerary: The filaes start from Sant Nicolau \u2014at Font Redona\u2014 entering the Pla\u00e7a and ending in front of the Town Hall. They also start from the avenue of Pa\u00eds Valenci\u00e0 \u2014at the intersection with Bamb\u00fa street\u2014, to finish in front of the Teatre Calder\u00f3n. Wednesday, [&hellip;]\" \/>\n<meta property=\"og:url\" content=\"https:\/\/agendaalcoy.com\/en\/event\/moors-and-christians-festivities-2026-entradetes-wednesday-april-22\/\" \/>\n<meta property=\"og:site_name\" content=\"Agenda Alcoy\" \/>\n<meta property=\"article:modified_time\" content=\"2026-04-08T08:25:40+00:00\" \/>\n<meta property=\"og:image\" content=\"https:\/\/agendaalcoy.com\/wp-content\/uploads\/2026\/04\/cartel-de-fiestas-de-moros-y-cristianos-alcoy-2026.jpg\" \/>\n\t<meta property=\"og:image:width\" content=\"917\" \/>\n\t<meta property=\"og:image:height\" content=\"1280\" \/>\n\t<meta property=\"og:image:type\" content=\"image\/jpeg\" \/>\n<meta name=\"twitter:card\" content=\"summary_large_image\" \/>\n<script type=\"application\/ld+json\" class=\"yoast-schema-graph\">{\"@context\":\"https:\/\/schema.org\",\"@graph\":[{\"@type\":\"WebPage\",\"@id\":\"https:\/\/agendaalcoy.com\/en\/event\/moors-and-christians-festivities-2026-entradetes-wednesday-april-22\/\",\"url\":\"https:\/\/agendaalcoy.com\/en\/event\/moors-and-christians-festivities-2026-entradetes-wednesday-april-22\/\",\"name\":\"\u00abMoors and Christians Festivities 2026: Entradetes Wednesday, April 22\u00bb | Agenda Alcoy\",\"isPartOf\":{\"@id\":\"https:\/\/agendaalcoy.com\/en\/#website\"},\"primaryImageOfPage\":{\"@id\":\"https:\/\/agendaalcoy.com\/en\/event\/moors-and-christians-festivities-2026-entradetes-wednesday-april-22\/#primaryimage\"},\"image\":{\"@id\":\"https:\/\/agendaalcoy.com\/en\/event\/moors-and-christians-festivities-2026-entradetes-wednesday-april-22\/#primaryimage\"},\"thumbnailUrl\":\"https:\/\/agendaalcoy.com\/wp-content\/uploads\/2026\/04\/cartel-de-fiestas-de-moros-y-cristianos-alcoy-2026.jpg\",\"datePublished\":\"2026-04-08T08:25:03+00:00\",\"dateModified\":\"2026-04-08T08:25:40+00:00\",\"breadcrumb\":{\"@id\":\"https:\/\/agendaalcoy.com\/en\/event\/moors-and-christians-festivities-2026-entradetes-wednesday-april-22\/#breadcrumb\"},\"inLanguage\":\"en-US\",\"potentialAction\":[{\"@type\":\"ReadAction\",\"target\":[\"https:\/\/agendaalcoy.com\/en\/event\/moors-and-christians-festivities-2026-entradetes-wednesday-april-22\/\"]}]},{\"@type\":\"ImageObject\",\"inLanguage\":\"en-US\",\"@id\":\"https:\/\/agendaalcoy.com\/en\/event\/moors-and-christians-festivities-2026-entradetes-wednesday-april-22\/#primaryimage\",\"url\":\"https:\/\/agendaalcoy.com\/wp-content\/uploads\/2026\/04\/cartel-de-fiestas-de-moros-y-cristianos-alcoy-2026.jpg\",\"contentUrl\":\"https:\/\/agendaalcoy.com\/wp-content\/uploads\/2026\/04\/cartel-de-fiestas-de-moros-y-cristianos-alcoy-2026.jpg\",\"width\":917,\"height\":1280},{\"@type\":\"BreadcrumbList\",\"@id\":\"https:\/\/agendaalcoy.com\/en\/event\/moors-and-christians-festivities-2026-entradetes-wednesday-april-22\/#breadcrumb\",\"itemListElement\":[{\"@type\":\"ListItem\",\"position\":1,\"name\":\"Portada\",\"item\":\"https:\/\/agendaalcoy.com\/en\/\"},{\"@type\":\"ListItem\",\"position\":2,\"name\":\"\u00abMoors and Christians Festivities 2026: Entradetes Wednesday, April 22\u00bb\"}]},{\"@type\":\"WebSite\",\"@id\":\"https:\/\/agendaalcoy.com\/en\/#website\",\"url\":\"https:\/\/agendaalcoy.com\/en\/\",\"name\":\"Agenda Alcoy\",\"description\":\"Agenda Cultural de Alcoy - Conciertos, teatro, exposiciones, actividades infantiles, tradiciones...\",\"potentialAction\":[{\"@type\":\"SearchAction\",\"target\":{\"@type\":\"EntryPoint\",\"urlTemplate\":\"https:\/\/agendaalcoy.com\/en\/?s={search_term_string}\"},\"query-input\":{\"@type\":\"PropertyValueSpecification\",\"valueRequired\":true,\"valueName\":\"search_term_string\"}}],\"inLanguage\":\"en-US\"}]}<\/script>\n<!-- \/ Yoast SEO plugin. -->","yoast_head_json":{"title":"\u00abMoors and Christians Festivities 2026: Entradetes Wednesday, April 22\u00bb | Agenda Alcoy","robots":{"index":"index","follow":"follow","max-snippet":"max-snippet:-1","max-image-preview":"max-image-preview:large","max-video-preview":"max-video-preview:-1"},"canonical":"https:\/\/agendaalcoy.com\/en\/event\/moors-and-christians-festivities-2026-entradetes-wednesday-april-22\/","og_locale":"en_US","og_type":"article","og_title":"\u00abMoors and Christians Festivities 2026: Entradetes Wednesday, April 22\u00bb | Agenda Alcoy","og_description":"Different filaes parade in civilian clothes with their music bands. Itinerary: The filaes start from Sant Nicolau \u2014at Font Redona\u2014 entering the Pla\u00e7a and ending in front of the Town Hall. They also start from the avenue of Pa\u00eds Valenci\u00e0 \u2014at the intersection with Bamb\u00fa street\u2014, to finish in front of the Teatre Calder\u00f3n. Wednesday, [&hellip;]","og_url":"https:\/\/agendaalcoy.com\/en\/event\/moors-and-christians-festivities-2026-entradetes-wednesday-april-22\/","og_site_name":"Agenda Alcoy","article_modified_time":"2026-04-08T08:25:40+00:00","og_image":[{"width":917,"height":1280,"url":"https:\/\/agendaalcoy.com\/wp-content\/uploads\/2026\/04\/cartel-de-fiestas-de-moros-y-cristianos-alcoy-2026.jpg","type":"image\/jpeg"}],"twitter_card":"summary_large_image","schema":{"@context":"https:\/\/schema.org","@graph":[{"@type":"WebPage","@id":"https:\/\/agendaalcoy.com\/en\/event\/moors-and-christians-festivities-2026-entradetes-wednesday-april-22\/","url":"https:\/\/agendaalcoy.com\/en\/event\/moors-and-christians-festivities-2026-entradetes-wednesday-april-22\/","name":"\u00abMoors and Christians Festivities 2026: Entradetes Wednesday, April 22\u00bb | Agenda Alcoy","isPartOf":{"@id":"https:\/\/agendaalcoy.com\/en\/#website"},"primaryImageOfPage":{"@id":"https:\/\/agendaalcoy.com\/en\/event\/moors-and-christians-festivities-2026-entradetes-wednesday-april-22\/#primaryimage"},"image":{"@id":"https:\/\/agendaalcoy.com\/en\/event\/moors-and-christians-festivities-2026-entradetes-wednesday-april-22\/#primaryimage"},"thumbnailUrl":"https:\/\/agendaalcoy.com\/wp-content\/uploads\/2026\/04\/cartel-de-fiestas-de-moros-y-cristianos-alcoy-2026.jpg","datePublished":"2026-04-08T08:25:03+00:00","dateModified":"2026-04-08T08:25:40+00:00","breadcrumb":{"@id":"https:\/\/agendaalcoy.com\/en\/event\/moors-and-christians-festivities-2026-entradetes-wednesday-april-22\/#breadcrumb"},"inLanguage":"en-US","potentialAction":[{"@type":"ReadAction","target":["https:\/\/agendaalcoy.com\/en\/event\/moors-and-christians-festivities-2026-entradetes-wednesday-april-22\/"]}]},{"@type":"ImageObject","inLanguage":"en-US","@id":"https:\/\/agendaalcoy.com\/en\/event\/moors-and-christians-festivities-2026-entradetes-wednesday-april-22\/#primaryimage","url":"https:\/\/agendaalcoy.com\/wp-content\/uploads\/2026\/04\/cartel-de-fiestas-de-moros-y-cristianos-alcoy-2026.jpg","contentUrl":"https:\/\/agendaalcoy.com\/wp-content\/uploads\/2026\/04\/cartel-de-fiestas-de-moros-y-cristianos-alcoy-2026.jpg","width":917,"height":1280},{"@type":"BreadcrumbList","@id":"https:\/\/agendaalcoy.com\/en\/event\/moors-and-christians-festivities-2026-entradetes-wednesday-april-22\/#breadcrumb","itemListElement":[{"@type":"ListItem","position":1,"name":"Portada","item":"https:\/\/agendaalcoy.com\/en\/"},{"@type":"ListItem","position":2,"name":"\u00abMoors and Christians Festivities 2026: Entradetes Wednesday, April 22\u00bb"}]},{"@type":"WebSite","@id":"https:\/\/agendaalcoy.com\/en\/#website","url":"https:\/\/agendaalcoy.com\/en\/","name":"Agenda Alcoy","description":"Agenda Cultural de Alcoy - Conciertos, teatro, exposiciones, actividades infantiles, tradiciones...","potentialAction":[{"@type":"SearchAction","target":{"@type":"EntryPoint","urlTemplate":"https:\/\/agendaalcoy.com\/en\/?s={search_term_string}"},"query-input":{"@type":"PropertyValueSpecification","valueRequired":true,"valueName":"search_term_string"}}],"inLanguage":"en-US"}]}},"start_date":"22-04-2026","end_date":"22-04-2026","start_time":"22:30","end_time":"23:59","event_address":"Calles del centro de Alcoy","categories":["Traditions"],"featured_image":"https:\/\/agendaalcoy.com\/wp-content\/uploads\/2026\/04\/cartel-de-fiestas-de-moros-y-cristianos-alcoy-2026.jpg","_links":{"self":[{"href":"https:\/\/agendaalcoy.com\/en\/wp-json\/wp\/v2\/event\/52367","targetHints":{"allow":["GET"]}}],"collection":[{"href":"https:\/\/agendaalcoy.com\/en\/wp-json\/wp\/v2\/event"}],"about":[{"href":"https:\/\/agendaalcoy.com\/en\/wp-json\/wp\/v2\/types\/event"}],"author":[{"embeddable":true,"href":"https:\/\/agendaalcoy.com\/en\/wp-json\/wp\/v2\/users\/1"}],"replies":[{"embeddable":true,"href":"https:\/\/agendaalcoy.com\/en\/wp-json\/wp\/v2\/comments?post=52367"}],"version-history":[{"count":1,"href":"https:\/\/agendaalcoy.com\/en\/wp-json\/wp\/v2\/event\/52367\/revisions"}],"predecessor-version":[{"id":52370,"href":"https:\/\/agendaalcoy.com\/en\/wp-json\/wp\/v2\/event\/52367\/revisions\/52370"}],"wp:featuredmedia":[{"embeddable":true,"href":"https:\/\/agendaalcoy.com\/en\/wp-json\/wp\/v2\/media\/51853"}],"wp:attachment":[{"href":"https:\/\/agendaalcoy.com\/en\/wp-json\/wp\/v2\/media?parent=52367"}],"wp:term":[{"taxonomy":"event_cat","embeddable":true,"href":"https:\/\/agendaalcoy.com\/en\/wp-json\/wp\/v2\/event_cat?post=52367"},{"taxonomy":"event_tag","embeddable":true,"href":"https:\/\/agendaalcoy.com\/en\/wp-json\/wp\/v2\/event_tag?post=52367"},{"taxonomy":"event_loc","embeddable":true,"href":"https:\/\/agendaalcoy.com\/en\/wp-json\/wp\/v2\/event_loc?post=52367"}],"curies":[{"name":"wp","href":"https:\/\/api.w.org\/{rel}","templated":true}]}}

<p>Different filaes parade in civilian clothes with their music bands. Itinerary: The filaes start from Sant Nicolau —at Font Redona— entering the Plaça and ending in front of the Town Hall. They also start from the avenue of País Valencià —at the intersection with Bambú street—, to finish in front of the Teatre Calderón.</p>
<p>Wednesday, April 22<br />
Sant Nicolau: 22:30 Judíos, 22:50 Realistes, 23:10 Escuadra Especial Almogávares, 23:30 Cides<br />
País Valencià: 23:10 Magenta</p>

<p>Different filaes parade in civilian clothes with their music bands. Itinerary: The filaes start from Sant Nicolau —at Font Redona— entering the Plaça and ending in front of the Town Hall. They also start from the avenue of País Valencià —at the intersection with Bambú street—, to finish in front of the Teatre Calderón. Wednesday, [&hellip;]</p>

<!-- This site is optimized with the Yoast SEO plugin v26.4 - https://yoast.com/wordpress/plugins/seo/ -->
<title>«Moors and Christians Festivities 2026: Entradetes Wednesday, April 22» | Agenda Alcoy</title>
<meta name="robots" content="index, follow, max-snippet:-1, max-image-preview:large, max-video-preview:-1" />
<link rel="canonical" href="https://agendaalcoy.com/en/event/moors-and-christians-festivities-2026-entradetes-wednesday-april-22/" />
<meta property="og:locale" content="en_US" />
<meta property="og:type" content="article" />
<meta property="og:title" content="«Moors and Christians Festivities 2026: Entradetes Wednesday, April 22» | Agenda Alcoy" />
<meta property="og:description" content="Different filaes parade in civilian clothes with their music bands. Itinerary: The filaes start from Sant Nicolau —at Font Redona— entering the Plaça and ending in front of the Town Hall. They also start from the avenue of País Valencià —at the intersection with Bambú street—, to finish in front of the Teatre Calderón. Wednesday, [&hellip;]" />
<meta property="og:url" content="https://agendaalcoy.com/en/event/moors-and-christians-festivities-2026-entradetes-wednesday-april-22/" />
<meta property="og:site_name" content="Agenda Alcoy" />
<meta property="article:modified_time" content="2026-04-08T08:25:40+00:00" />
<meta property="og:image" content="https://agendaalcoy.com/wp-content/uploads/2026/04/cartel-de-fiestas-de-moros-y-cristianos-alcoy-2026.jpg" />
	<meta property="og:image:width" content="917" />
	<meta property="og:image:height" content="1280" />
	<meta property="og:image:type" content="image/jpeg" />
<meta name="twitter:card" content="summary_large_image" />
<script type="application/ld+json" class="yoast-schema-graph">{"@context":"https://schema.org","@graph":[{"@type":"WebPage","@id":"https://agendaalcoy.com/en/event/moors-and-christians-festivities-2026-entradetes-wednesday-april-22/","url":"https://agendaalcoy.com/en/event/moors-and-christians-festivities-2026-entradetes-wednesday-april-22/","name":"«Moors and Christians Festivities 2026: Entradetes Wednesday, April 22» | Agenda Alcoy","isPartOf":{"@id":"https://agendaalcoy.com/en/#website"},"primaryImageOfPage":{"@id":"https://agendaalcoy.com/en/event/moors-and-christians-festivities-2026-entradetes-wednesday-april-22/#primaryimage"},"image":{"@id":"https://agendaalcoy.com/en/event/moors-and-christians-festivities-2026-entradetes-wednesday-april-22/#primaryimage"},"thumbnailUrl":"https://agendaalcoy.com/wp-content/uploads/2026/04/cartel-de-fiestas-de-moros-y-cristianos-alcoy-2026.jpg","datePublished":"2026-04-08T08:25:03+00:00","dateModified":"2026-04-08T08:25:40+00:00","breadcrumb":{"@id":"https://agendaalcoy.com/en/event/moors-and-christians-festivities-2026-entradetes-wednesday-april-22/#breadcrumb"},"inLanguage":"en-US","potentialAction":[{"@type":"ReadAction","target":["https://agendaalcoy.com/en/event/moors-and-christians-festivities-2026-entradetes-wednesday-april-22/"]}]},{"@type":"ImageObject","inLanguage":"en-US","@id":"https://agendaalcoy.com/en/event/moors-and-christians-festivities-2026-entradetes-wednesday-april-22/#primaryimage","url":"https://agendaalcoy.com/wp-content/uploads/2026/04/cartel-de-fiestas-de-moros-y-cristianos-alcoy-2026.jpg","contentUrl":"https://agendaalcoy.com/wp-content/uploads/2026/04/cartel-de-fiestas-de-moros-y-cristianos-alcoy-2026.jpg","width":917,"height":1280},{"@type":"BreadcrumbList","@id":"https://agendaalcoy.com/en/event/moors-and-christians-festivities-2026-entradetes-wednesday-april-22/#breadcrumb","itemListElement":[{"@type":"ListItem","position":1,"name":"Portada","item":"https://agendaalcoy.com/en/"},{"@type":"ListItem","position":2,"name":"«Moors and Christians Festivities 2026: Entradetes Wednesday, April 22»"}]},{"@type":"WebSite","@id":"https://agendaalcoy.com/en/#website","url":"https://agendaalcoy.com/en/","name":"Agenda Alcoy","description":"Agenda Cultural de Alcoy - Conciertos, teatro, exposiciones, actividades infantiles, tradiciones...","potentialAction":[{"@type":"SearchAction","target":{"@type":"EntryPoint","urlTemplate":"https://agendaalcoy.com/en/?s={search_term_string}"},"query-input":{"@type":"PropertyValueSpecification","valueRequired":true,"valueName":"search_term_string"}}],"inLanguage":"en-US"}]}</script>
<!-- / Yoast SEO plugin. -->

Different filaes parade in civilian clothes with their music bands. Itinerary: The filaes start from Sant Nicolau —at Font Redona— entering the Plaça and ending in front of the Town Hall. They also start from the avenue of País Valencià —at the intersection with Bambú street—, to finish in front of the Teatre Calderón. Wednesday, [&hellip;]
