{"id":51622,"date":"2026-04-02T15:30:28","date_gmt":"2026-04-02T15:30:28","guid":{"rendered":"https:\/\/agendaalcoy.com\/event\/en\/moors-and-christians-festivities-2026-second-diana"},"modified":"2026-04-22T08:54:23","modified_gmt":"2026-04-22T08:54:23","slug":"moors-and-christians-festivities-2026-second-diana","status":"publish","type":"event","link":"https:\/\/agendaalcoy.com\/en\/event\/moors-and-christians-festivities-2026-second-diana\/","title":{"rendered":"\u00abMoors and Christians Festivities 2026: Second Diana\u00bb"},"content":{"rendered":"<p>The Second Diana is an event similar to the First Diana, with special participation of the festive children.<\/p>\n<p><strong>ROUTE<\/strong><\/p>\n<p>The Christians will begin the procession at the Font Redona, proceed to Pla\u00e7a d\u2019Espanya, and end at the Castle, passing in front of City Hall.<\/p>\n<p>The Moors will depart from Avenida del Pa\u00eds Valenci\u00e0, at the intersection with Calle Bamb\u00fa, proceed to Pla\u00e7a d\u2019Espanya, and end at the Castle, parading past the Catholic Workers\u2019 Circle.<\/p>\n<p><strong>PARADE ORDER<\/strong><\/p>\n<p><strong>Christian side:<\/strong> Andaluces (Capitain&#8217;s fil\u00e0), Asturianos (Alf\u00e9rez fil\u00e0), Cides, Labradores, Guzmanes, Vascos, Moz\u00e1rabes, Almog\u00e1vares, Navarros, Tomasinas, Muntanyesos, Cruzados, Alcodianos, Aragonesos.<\/p>\n<p><strong>Moorish side:<\/strong> Llana (Sant Jordiet&#8217;s fil\u00e0), Marrakesch (Captain\u2019s fil\u00e0), Realistas (Alf\u00e9rez fil\u00e0), Benimerines, Domingo Miques, Magenta, Jud\u00edos, Chano, Verdes, Cord\u00f3n, Ligeros, Mud\u00e9jares, Abencerrajes, Berberiscos.<\/p>\n","protected":false},"excerpt":{"rendered":"<p>The Second Diana is an event similar to the First Diana, with special participation of the festive children. ROUTE The Christians will begin the procession at the Font Redona, proceed to Pla\u00e7a d\u2019Espanya, and end at the Castle, passing in front of City Hall. The Moors will depart from Avenida del Pa\u00eds Valenci\u00e0, at the [&hellip;]<\/p>\n","protected":false},"author":1,"featured_media":51853,"comment_status":"closed","ping_status":"closed","template":"","meta":[],"event_cat":[155],"event_tag":[],"event_loc":[249],"class_list":["post-51622","event","type-event","status-publish","has-post-thumbnail","hentry","event_cat-traditions-festivities","event_loc-calles-del-centro-de-alcoy"],"yoast_head":"<!-- This site is optimized with the Yoast SEO plugin v26.4 - https:\/\/yoast.com\/wordpress\/plugins\/seo\/ -->\n<title>\u00abMoors and Christians Festivities 2026: Second Diana\u00bb | Agenda Alcoy<\/title>\n<meta name=\"robots\" content=\"index, follow, max-snippet:-1, max-image-preview:large, max-video-preview:-1\" \/>\n<link rel=\"canonical\" href=\"https:\/\/agendaalcoy.com\/en\/event\/moors-and-christians-festivities-2026-second-diana\/\" \/>\n<meta property=\"og:locale\" content=\"en_US\" \/>\n<meta property=\"og:type\" content=\"article\" \/>\n<meta property=\"og:title\" content=\"\u00abMoors and Christians Festivities 2026: Second Diana\u00bb | Agenda Alcoy\" \/>\n<meta property=\"og:description\" content=\"The Second Diana is an event similar to the First Diana, with special participation of the festive children. ROUTE The Christians will begin the procession at the Font Redona, proceed to Pla\u00e7a d\u2019Espanya, and end at the Castle, passing in front of City Hall. The Moors will depart from Avenida del Pa\u00eds Valenci\u00e0, at the [&hellip;]\" \/>\n<meta property=\"og:url\" content=\"https:\/\/agendaalcoy.com\/en\/event\/moors-and-christians-festivities-2026-second-diana\/\" \/>\n<meta property=\"og:site_name\" content=\"Agenda Alcoy\" \/>\n<meta property=\"article:modified_time\" content=\"2026-04-22T08:54:23+00:00\" \/>\n<meta property=\"og:image\" content=\"https:\/\/agendaalcoy.com\/wp-content\/uploads\/2026\/04\/cartel-de-fiestas-de-moros-y-cristianos-alcoy-2026.jpg\" \/>\n\t<meta property=\"og:image:width\" content=\"917\" \/>\n\t<meta property=\"og:image:height\" content=\"1280\" \/>\n\t<meta property=\"og:image:type\" content=\"image\/jpeg\" \/>\n<meta name=\"twitter:card\" content=\"summary_large_image\" \/>\n<meta name=\"twitter:label1\" content=\"Est. reading time\" \/>\n\t<meta name=\"twitter:data1\" content=\"1 minute\" \/>\n<script type=\"application\/ld+json\" class=\"yoast-schema-graph\">{\"@context\":\"https:\/\/schema.org\",\"@graph\":[{\"@type\":\"WebPage\",\"@id\":\"https:\/\/agendaalcoy.com\/en\/event\/moors-and-christians-festivities-2026-second-diana\/\",\"url\":\"https:\/\/agendaalcoy.com\/en\/event\/moors-and-christians-festivities-2026-second-diana\/\",\"name\":\"\u00abMoors and Christians Festivities 2026: Second Diana\u00bb | Agenda Alcoy\",\"isPartOf\":{\"@id\":\"https:\/\/agendaalcoy.com\/en\/#website\"},\"primaryImageOfPage\":{\"@id\":\"https:\/\/agendaalcoy.com\/en\/event\/moors-and-christians-festivities-2026-second-diana\/#primaryimage\"},\"image\":{\"@id\":\"https:\/\/agendaalcoy.com\/en\/event\/moors-and-christians-festivities-2026-second-diana\/#primaryimage\"},\"thumbnailUrl\":\"https:\/\/agendaalcoy.com\/wp-content\/uploads\/2026\/04\/cartel-de-fiestas-de-moros-y-cristianos-alcoy-2026.jpg\",\"datePublished\":\"2026-04-02T15:30:28+00:00\",\"dateModified\":\"2026-04-22T08:54:23+00:00\",\"breadcrumb\":{\"@id\":\"https:\/\/agendaalcoy.com\/en\/event\/moors-and-christians-festivities-2026-second-diana\/#breadcrumb\"},\"inLanguage\":\"en-US\",\"potentialAction\":[{\"@type\":\"ReadAction\",\"target\":[\"https:\/\/agendaalcoy.com\/en\/event\/moors-and-christians-festivities-2026-second-diana\/\"]}]},{\"@type\":\"ImageObject\",\"inLanguage\":\"en-US\",\"@id\":\"https:\/\/agendaalcoy.com\/en\/event\/moors-and-christians-festivities-2026-second-diana\/#primaryimage\",\"url\":\"https:\/\/agendaalcoy.com\/wp-content\/uploads\/2026\/04\/cartel-de-fiestas-de-moros-y-cristianos-alcoy-2026.jpg\",\"contentUrl\":\"https:\/\/agendaalcoy.com\/wp-content\/uploads\/2026\/04\/cartel-de-fiestas-de-moros-y-cristianos-alcoy-2026.jpg\",\"width\":917,\"height\":1280},{\"@type\":\"BreadcrumbList\",\"@id\":\"https:\/\/agendaalcoy.com\/en\/event\/moors-and-christians-festivities-2026-second-diana\/#breadcrumb\",\"itemListElement\":[{\"@type\":\"ListItem\",\"position\":1,\"name\":\"Portada\",\"item\":\"https:\/\/agendaalcoy.com\/en\/\"},{\"@type\":\"ListItem\",\"position\":2,\"name\":\"\u00abMoors and Christians Festivities 2026: Second Diana\u00bb\"}]},{\"@type\":\"WebSite\",\"@id\":\"https:\/\/agendaalcoy.com\/en\/#website\",\"url\":\"https:\/\/agendaalcoy.com\/en\/\",\"name\":\"Agenda Alcoy\",\"description\":\"Agenda Cultural de Alcoy - Conciertos, teatro, exposiciones, actividades infantiles, tradiciones...\",\"potentialAction\":[{\"@type\":\"SearchAction\",\"target\":{\"@type\":\"EntryPoint\",\"urlTemplate\":\"https:\/\/agendaalcoy.com\/en\/?s={search_term_string}\"},\"query-input\":{\"@type\":\"PropertyValueSpecification\",\"valueRequired\":true,\"valueName\":\"search_term_string\"}}],\"inLanguage\":\"en-US\"}]}<\/script>\n<!-- \/ Yoast SEO plugin. -->","yoast_head_json":{"title":"\u00abMoors and Christians Festivities 2026: Second Diana\u00bb | Agenda Alcoy","robots":{"index":"index","follow":"follow","max-snippet":"max-snippet:-1","max-image-preview":"max-image-preview:large","max-video-preview":"max-video-preview:-1"},"canonical":"https:\/\/agendaalcoy.com\/en\/event\/moors-and-christians-festivities-2026-second-diana\/","og_locale":"en_US","og_type":"article","og_title":"\u00abMoors and Christians Festivities 2026: Second Diana\u00bb | Agenda Alcoy","og_description":"The Second Diana is an event similar to the First Diana, with special participation of the festive children. ROUTE The Christians will begin the procession at the Font Redona, proceed to Pla\u00e7a d\u2019Espanya, and end at the Castle, passing in front of City Hall. The Moors will depart from Avenida del Pa\u00eds Valenci\u00e0, at the [&hellip;]","og_url":"https:\/\/agendaalcoy.com\/en\/event\/moors-and-christians-festivities-2026-second-diana\/","og_site_name":"Agenda Alcoy","article_modified_time":"2026-04-22T08:54:23+00:00","og_image":[{"width":917,"height":1280,"url":"https:\/\/agendaalcoy.com\/wp-content\/uploads\/2026\/04\/cartel-de-fiestas-de-moros-y-cristianos-alcoy-2026.jpg","type":"image\/jpeg"}],"twitter_card":"summary_large_image","twitter_misc":{"Est. reading time":"1 minute"},"schema":{"@context":"https:\/\/schema.org","@graph":[{"@type":"WebPage","@id":"https:\/\/agendaalcoy.com\/en\/event\/moors-and-christians-festivities-2026-second-diana\/","url":"https:\/\/agendaalcoy.com\/en\/event\/moors-and-christians-festivities-2026-second-diana\/","name":"\u00abMoors and Christians Festivities 2026: Second Diana\u00bb | Agenda Alcoy","isPartOf":{"@id":"https:\/\/agendaalcoy.com\/en\/#website"},"primaryImageOfPage":{"@id":"https:\/\/agendaalcoy.com\/en\/event\/moors-and-christians-festivities-2026-second-diana\/#primaryimage"},"image":{"@id":"https:\/\/agendaalcoy.com\/en\/event\/moors-and-christians-festivities-2026-second-diana\/#primaryimage"},"thumbnailUrl":"https:\/\/agendaalcoy.com\/wp-content\/uploads\/2026\/04\/cartel-de-fiestas-de-moros-y-cristianos-alcoy-2026.jpg","datePublished":"2026-04-02T15:30:28+00:00","dateModified":"2026-04-22T08:54:23+00:00","breadcrumb":{"@id":"https:\/\/agendaalcoy.com\/en\/event\/moors-and-christians-festivities-2026-second-diana\/#breadcrumb"},"inLanguage":"en-US","potentialAction":[{"@type":"ReadAction","target":["https:\/\/agendaalcoy.com\/en\/event\/moors-and-christians-festivities-2026-second-diana\/"]}]},{"@type":"ImageObject","inLanguage":"en-US","@id":"https:\/\/agendaalcoy.com\/en\/event\/moors-and-christians-festivities-2026-second-diana\/#primaryimage","url":"https:\/\/agendaalcoy.com\/wp-content\/uploads\/2026\/04\/cartel-de-fiestas-de-moros-y-cristianos-alcoy-2026.jpg","contentUrl":"https:\/\/agendaalcoy.com\/wp-content\/uploads\/2026\/04\/cartel-de-fiestas-de-moros-y-cristianos-alcoy-2026.jpg","width":917,"height":1280},{"@type":"BreadcrumbList","@id":"https:\/\/agendaalcoy.com\/en\/event\/moors-and-christians-festivities-2026-second-diana\/#breadcrumb","itemListElement":[{"@type":"ListItem","position":1,"name":"Portada","item":"https:\/\/agendaalcoy.com\/en\/"},{"@type":"ListItem","position":2,"name":"\u00abMoors and Christians Festivities 2026: Second Diana\u00bb"}]},{"@type":"WebSite","@id":"https:\/\/agendaalcoy.com\/en\/#website","url":"https:\/\/agendaalcoy.com\/en\/","name":"Agenda Alcoy","description":"Agenda Cultural de Alcoy - Conciertos, teatro, exposiciones, actividades infantiles, tradiciones...","potentialAction":[{"@type":"SearchAction","target":{"@type":"EntryPoint","urlTemplate":"https:\/\/agendaalcoy.com\/en\/?s={search_term_string}"},"query-input":{"@type":"PropertyValueSpecification","valueRequired":true,"valueName":"search_term_string"}}],"inLanguage":"en-US"}]}},"start_date":"26-04-2026","end_date":"26-04-2026","start_time":"08:30","end_time":"10:30","event_address":"Calles del centro de Alcoy","categories":["Traditions"],"featured_image":"https:\/\/agendaalcoy.com\/wp-content\/uploads\/2026\/04\/cartel-de-fiestas-de-moros-y-cristianos-alcoy-2026.jpg","_links":{"self":[{"href":"https:\/\/agendaalcoy.com\/en\/wp-json\/wp\/v2\/event\/51622","targetHints":{"allow":["GET"]}}],"collection":[{"href":"https:\/\/agendaalcoy.com\/en\/wp-json\/wp\/v2\/event"}],"about":[{"href":"https:\/\/agendaalcoy.com\/en\/wp-json\/wp\/v2\/types\/event"}],"author":[{"embeddable":true,"href":"https:\/\/agendaalcoy.com\/en\/wp-json\/wp\/v2\/users\/1"}],"replies":[{"embeddable":true,"href":"https:\/\/agendaalcoy.com\/en\/wp-json\/wp\/v2\/comments?post=51622"}],"version-history":[{"count":2,"href":"https:\/\/agendaalcoy.com\/en\/wp-json\/wp\/v2\/event\/51622\/revisions"}],"predecessor-version":[{"id":53194,"href":"https:\/\/agendaalcoy.com\/en\/wp-json\/wp\/v2\/event\/51622\/revisions\/53194"}],"wp:featuredmedia":[{"embeddable":true,"href":"https:\/\/agendaalcoy.com\/en\/wp-json\/wp\/v2\/media\/51853"}],"wp:attachment":[{"href":"https:\/\/agendaalcoy.com\/en\/wp-json\/wp\/v2\/media?parent=51622"}],"wp:term":[{"taxonomy":"event_cat","embeddable":true,"href":"https:\/\/agendaalcoy.com\/en\/wp-json\/wp\/v2\/event_cat?post=51622"},{"taxonomy":"event_tag","embeddable":true,"href":"https:\/\/agendaalcoy.com\/en\/wp-json\/wp\/v2\/event_tag?post=51622"},{"taxonomy":"event_loc","embeddable":true,"href":"https:\/\/agendaalcoy.com\/en\/wp-json\/wp\/v2\/event_loc?post=51622"}],"curies":[{"name":"wp","href":"https:\/\/api.w.org\/{rel}","templated":true}]}}

<p>The Second Diana is an event similar to the First Diana, with special participation of the festive children.</p>
<p><strong>ROUTE</strong></p>
<p>The Christians will begin the procession at the Font Redona, proceed to Plaça d’Espanya, and end at the Castle, passing in front of City Hall.</p>
<p>The Moors will depart from Avenida del País Valencià, at the intersection with Calle Bambú, proceed to Plaça d’Espanya, and end at the Castle, parading past the Catholic Workers’ Circle.</p>
<p><strong>PARADE ORDER</strong></p>
<p><strong>Christian side:</strong> Andaluces (Capitain&#8217;s filà), Asturianos (Alférez filà), Cides, Labradores, Guzmanes, Vascos, Mozárabes, Almogávares, Navarros, Tomasinas, Muntanyesos, Cruzados, Alcodianos, Aragonesos.</p>
<p><strong>Moorish side:</strong> Llana (Sant Jordiet&#8217;s filà), Marrakesch (Captain’s filà), Realistas (Alférez filà), Benimerines, Domingo Miques, Magenta, Judíos, Chano, Verdes, Cordón, Ligeros, Mudéjares, Abencerrajes, Berberiscos.</p>

<p>The Second Diana is an event similar to the First Diana, with special participation of the festive children. ROUTE The Christians will begin the procession at the Font Redona, proceed to Plaça d’Espanya, and end at the Castle, passing in front of City Hall. The Moors will depart from Avenida del País Valencià, at the [&hellip;]</p>

<!-- This site is optimized with the Yoast SEO plugin v26.4 - https://yoast.com/wordpress/plugins/seo/ -->
<title>«Moors and Christians Festivities 2026: Second Diana» | Agenda Alcoy</title>
<meta name="robots" content="index, follow, max-snippet:-1, max-image-preview:large, max-video-preview:-1" />
<link rel="canonical" href="https://agendaalcoy.com/en/event/moors-and-christians-festivities-2026-second-diana/" />
<meta property="og:locale" content="en_US" />
<meta property="og:type" content="article" />
<meta property="og:title" content="«Moors and Christians Festivities 2026: Second Diana» | Agenda Alcoy" />
<meta property="og:description" content="The Second Diana is an event similar to the First Diana, with special participation of the festive children. ROUTE The Christians will begin the procession at the Font Redona, proceed to Plaça d’Espanya, and end at the Castle, passing in front of City Hall. The Moors will depart from Avenida del País Valencià, at the [&hellip;]" />
<meta property="og:url" content="https://agendaalcoy.com/en/event/moors-and-christians-festivities-2026-second-diana/" />
<meta property="og:site_name" content="Agenda Alcoy" />
<meta property="article:modified_time" content="2026-04-22T08:54:23+00:00" />
<meta property="og:image" content="https://agendaalcoy.com/wp-content/uploads/2026/04/cartel-de-fiestas-de-moros-y-cristianos-alcoy-2026.jpg" />
	<meta property="og:image:width" content="917" />
	<meta property="og:image:height" content="1280" />
	<meta property="og:image:type" content="image/jpeg" />
<meta name="twitter:card" content="summary_large_image" />
<meta name="twitter:label1" content="Est. reading time" />
	<meta name="twitter:data1" content="1 minute" />
<script type="application/ld+json" class="yoast-schema-graph">{"@context":"https://schema.org","@graph":[{"@type":"WebPage","@id":"https://agendaalcoy.com/en/event/moors-and-christians-festivities-2026-second-diana/","url":"https://agendaalcoy.com/en/event/moors-and-christians-festivities-2026-second-diana/","name":"«Moors and Christians Festivities 2026: Second Diana» | Agenda Alcoy","isPartOf":{"@id":"https://agendaalcoy.com/en/#website"},"primaryImageOfPage":{"@id":"https://agendaalcoy.com/en/event/moors-and-christians-festivities-2026-second-diana/#primaryimage"},"image":{"@id":"https://agendaalcoy.com/en/event/moors-and-christians-festivities-2026-second-diana/#primaryimage"},"thumbnailUrl":"https://agendaalcoy.com/wp-content/uploads/2026/04/cartel-de-fiestas-de-moros-y-cristianos-alcoy-2026.jpg","datePublished":"2026-04-02T15:30:28+00:00","dateModified":"2026-04-22T08:54:23+00:00","breadcrumb":{"@id":"https://agendaalcoy.com/en/event/moors-and-christians-festivities-2026-second-diana/#breadcrumb"},"inLanguage":"en-US","potentialAction":[{"@type":"ReadAction","target":["https://agendaalcoy.com/en/event/moors-and-christians-festivities-2026-second-diana/"]}]},{"@type":"ImageObject","inLanguage":"en-US","@id":"https://agendaalcoy.com/en/event/moors-and-christians-festivities-2026-second-diana/#primaryimage","url":"https://agendaalcoy.com/wp-content/uploads/2026/04/cartel-de-fiestas-de-moros-y-cristianos-alcoy-2026.jpg","contentUrl":"https://agendaalcoy.com/wp-content/uploads/2026/04/cartel-de-fiestas-de-moros-y-cristianos-alcoy-2026.jpg","width":917,"height":1280},{"@type":"BreadcrumbList","@id":"https://agendaalcoy.com/en/event/moors-and-christians-festivities-2026-second-diana/#breadcrumb","itemListElement":[{"@type":"ListItem","position":1,"name":"Portada","item":"https://agendaalcoy.com/en/"},{"@type":"ListItem","position":2,"name":"«Moors and Christians Festivities 2026: Second Diana»"}]},{"@type":"WebSite","@id":"https://agendaalcoy.com/en/#website","url":"https://agendaalcoy.com/en/","name":"Agenda Alcoy","description":"Agenda Cultural de Alcoy - Conciertos, teatro, exposiciones, actividades infantiles, tradiciones...","potentialAction":[{"@type":"SearchAction","target":{"@type":"EntryPoint","urlTemplate":"https://agendaalcoy.com/en/?s={search_term_string}"},"query-input":{"@type":"PropertyValueSpecification","valueRequired":true,"valueName":"search_term_string"}}],"inLanguage":"en-US"}]}</script>
<!-- / Yoast SEO plugin. -->

The Second Diana is an event similar to the First Diana, with special participation of the festive children. ROUTE The Christians will begin the procession at the Font Redona, proceed to Plaça d’Espanya, and end at the Castle, passing in front of City Hall. The Moors will depart from Avenida del País Valencià, at the [&hellip;]
