{"id":51374,"date":"2026-03-31T09:50:30","date_gmt":"2026-03-31T09:50:30","guid":{"rendered":"https:\/\/agendaalcoy.com\/event\/en\/exhibition-distopia-critica-fermin-reyes-alegre-ja-alcantara-mayte-navarro-golf-salva-rios-susa-alcantara-benavent"},"modified":"2026-04-15T22:01:17","modified_gmt":"2026-04-15T22:01:17","slug":"exhibition-distopia-critica-fermin-reyes-alegre-ja-alcantara-mayte-navarro-golf-salva-rios-susa-alcantara-benavent","status":"publish","type":"event","link":"https:\/\/agendaalcoy.com\/en\/event\/exhibition-distopia-critica-fermin-reyes-alegre-ja-alcantara-mayte-navarro-golf-salva-rios-susa-alcantara-benavent\/","title":{"rendered":"Exhibition: \u00abDistopia Cr\u00edtica\u00bb"},"content":{"rendered":"<p>Contemporary art group exhibition featuring works by Ferm\u00edn Reyes Alegre, J.A. Alc\u00e1ntara, Mayte Navarro Golf, Salva R\u00edos, and Susa Alc\u00e1ntara Benavent. The exhibition is open from Monday to Friday, from 18:00 to 20:00.<\/p>\n","protected":false},"excerpt":{"rendered":"<p>Contemporary art group exhibition featuring works by Ferm\u00edn Reyes Alegre, J.A. Alc\u00e1ntara, Mayte Navarro Golf, Salva R\u00edos, and Susa Alc\u00e1ntara Benavent. The exhibition is open from Monday to Friday, from 18:00 to 20:00.<\/p>\n","protected":false},"author":1,"featured_media":51370,"comment_status":"closed","ping_status":"closed","template":"","meta":[],"event_cat":[142],"event_tag":[],"event_loc":[125],"class_list":["post-51374","event","type-event","status-publish","has-post-thumbnail","hentry","event_cat-exhibitions","event_loc-centre-ovidi-montllor"],"yoast_head":"<!-- This site is optimized with the Yoast SEO plugin v26.4 - https:\/\/yoast.com\/wordpress\/plugins\/seo\/ -->\n<title>Exhibition: \u00abDistopia Cr\u00edtica\u00bb | Agenda Alcoy<\/title>\n<meta name=\"robots\" content=\"index, follow, max-snippet:-1, max-image-preview:large, max-video-preview:-1\" \/>\n<link rel=\"canonical\" href=\"https:\/\/agendaalcoy.com\/en\/event\/exhibition-distopia-critica-fermin-reyes-alegre-ja-alcantara-mayte-navarro-golf-salva-rios-susa-alcantara-benavent\/\" \/>\n<meta property=\"og:locale\" content=\"en_US\" \/>\n<meta property=\"og:type\" content=\"article\" \/>\n<meta property=\"og:title\" content=\"Exhibition: \u00abDistopia Cr\u00edtica\u00bb | Agenda Alcoy\" \/>\n<meta property=\"og:description\" content=\"Contemporary art group exhibition featuring works by Ferm\u00edn Reyes Alegre, J.A. Alc\u00e1ntara, Mayte Navarro Golf, Salva R\u00edos, and Susa Alc\u00e1ntara Benavent. The exhibition is open from Monday to Friday, from 18:00 to 20:00.\" \/>\n<meta property=\"og:url\" content=\"https:\/\/agendaalcoy.com\/en\/event\/exhibition-distopia-critica-fermin-reyes-alegre-ja-alcantara-mayte-navarro-golf-salva-rios-susa-alcantara-benavent\/\" \/>\n<meta property=\"og:site_name\" content=\"Agenda Alcoy\" \/>\n<meta property=\"article:modified_time\" content=\"2026-04-15T22:01:17+00:00\" \/>\n<meta property=\"og:image\" content=\"https:\/\/agendaalcoy.com\/wp-content\/uploads\/2026\/03\/dest-Distopia-Critica.jpg\" \/>\n\t<meta property=\"og:image:width\" content=\"700\" \/>\n\t<meta property=\"og:image:height\" content=\"997\" \/>\n\t<meta property=\"og:image:type\" content=\"image\/jpeg\" \/>\n<meta name=\"twitter:card\" content=\"summary_large_image\" \/>\n<script type=\"application\/ld+json\" class=\"yoast-schema-graph\">{\"@context\":\"https:\/\/schema.org\",\"@graph\":[{\"@type\":\"WebPage\",\"@id\":\"https:\/\/agendaalcoy.com\/en\/event\/exhibition-distopia-critica-fermin-reyes-alegre-ja-alcantara-mayte-navarro-golf-salva-rios-susa-alcantara-benavent\/\",\"url\":\"https:\/\/agendaalcoy.com\/en\/event\/exhibition-distopia-critica-fermin-reyes-alegre-ja-alcantara-mayte-navarro-golf-salva-rios-susa-alcantara-benavent\/\",\"name\":\"Exhibition: \u00abDistopia Cr\u00edtica\u00bb | Agenda Alcoy\",\"isPartOf\":{\"@id\":\"https:\/\/agendaalcoy.com\/en\/#website\"},\"primaryImageOfPage\":{\"@id\":\"https:\/\/agendaalcoy.com\/en\/event\/exhibition-distopia-critica-fermin-reyes-alegre-ja-alcantara-mayte-navarro-golf-salva-rios-susa-alcantara-benavent\/#primaryimage\"},\"image\":{\"@id\":\"https:\/\/agendaalcoy.com\/en\/event\/exhibition-distopia-critica-fermin-reyes-alegre-ja-alcantara-mayte-navarro-golf-salva-rios-susa-alcantara-benavent\/#primaryimage\"},\"thumbnailUrl\":\"https:\/\/agendaalcoy.com\/wp-content\/uploads\/2026\/03\/dest-Distopia-Critica.jpg\",\"datePublished\":\"2026-03-31T09:50:30+00:00\",\"dateModified\":\"2026-04-15T22:01:17+00:00\",\"breadcrumb\":{\"@id\":\"https:\/\/agendaalcoy.com\/en\/event\/exhibition-distopia-critica-fermin-reyes-alegre-ja-alcantara-mayte-navarro-golf-salva-rios-susa-alcantara-benavent\/#breadcrumb\"},\"inLanguage\":\"en-US\",\"potentialAction\":[{\"@type\":\"ReadAction\",\"target\":[\"https:\/\/agendaalcoy.com\/en\/event\/exhibition-distopia-critica-fermin-reyes-alegre-ja-alcantara-mayte-navarro-golf-salva-rios-susa-alcantara-benavent\/\"]}]},{\"@type\":\"ImageObject\",\"inLanguage\":\"en-US\",\"@id\":\"https:\/\/agendaalcoy.com\/en\/event\/exhibition-distopia-critica-fermin-reyes-alegre-ja-alcantara-mayte-navarro-golf-salva-rios-susa-alcantara-benavent\/#primaryimage\",\"url\":\"https:\/\/agendaalcoy.com\/wp-content\/uploads\/2026\/03\/dest-Distopia-Critica.jpg\",\"contentUrl\":\"https:\/\/agendaalcoy.com\/wp-content\/uploads\/2026\/03\/dest-Distopia-Critica.jpg\",\"width\":700,\"height\":997},{\"@type\":\"BreadcrumbList\",\"@id\":\"https:\/\/agendaalcoy.com\/en\/event\/exhibition-distopia-critica-fermin-reyes-alegre-ja-alcantara-mayte-navarro-golf-salva-rios-susa-alcantara-benavent\/#breadcrumb\",\"itemListElement\":[{\"@type\":\"ListItem\",\"position\":1,\"name\":\"Portada\",\"item\":\"https:\/\/agendaalcoy.com\/en\/\"},{\"@type\":\"ListItem\",\"position\":2,\"name\":\"Exhibition: \u00abDistopia Cr\u00edtica\u00bb\"}]},{\"@type\":\"WebSite\",\"@id\":\"https:\/\/agendaalcoy.com\/en\/#website\",\"url\":\"https:\/\/agendaalcoy.com\/en\/\",\"name\":\"Agenda Alcoy\",\"description\":\"Agenda Cultural de Alcoy - Conciertos, teatro, exposiciones, actividades infantiles, tradiciones...\",\"potentialAction\":[{\"@type\":\"SearchAction\",\"target\":{\"@type\":\"EntryPoint\",\"urlTemplate\":\"https:\/\/agendaalcoy.com\/en\/?s={search_term_string}\"},\"query-input\":{\"@type\":\"PropertyValueSpecification\",\"valueRequired\":true,\"valueName\":\"search_term_string\"}}],\"inLanguage\":\"en-US\"}]}<\/script>\n<!-- \/ Yoast SEO plugin. -->","yoast_head_json":{"title":"Exhibition: \u00abDistopia Cr\u00edtica\u00bb | Agenda Alcoy","robots":{"index":"index","follow":"follow","max-snippet":"max-snippet:-1","max-image-preview":"max-image-preview:large","max-video-preview":"max-video-preview:-1"},"canonical":"https:\/\/agendaalcoy.com\/en\/event\/exhibition-distopia-critica-fermin-reyes-alegre-ja-alcantara-mayte-navarro-golf-salva-rios-susa-alcantara-benavent\/","og_locale":"en_US","og_type":"article","og_title":"Exhibition: \u00abDistopia Cr\u00edtica\u00bb | Agenda Alcoy","og_description":"Contemporary art group exhibition featuring works by Ferm\u00edn Reyes Alegre, J.A. Alc\u00e1ntara, Mayte Navarro Golf, Salva R\u00edos, and Susa Alc\u00e1ntara Benavent. The exhibition is open from Monday to Friday, from 18:00 to 20:00.","og_url":"https:\/\/agendaalcoy.com\/en\/event\/exhibition-distopia-critica-fermin-reyes-alegre-ja-alcantara-mayte-navarro-golf-salva-rios-susa-alcantara-benavent\/","og_site_name":"Agenda Alcoy","article_modified_time":"2026-04-15T22:01:17+00:00","og_image":[{"width":700,"height":997,"url":"https:\/\/agendaalcoy.com\/wp-content\/uploads\/2026\/03\/dest-Distopia-Critica.jpg","type":"image\/jpeg"}],"twitter_card":"summary_large_image","schema":{"@context":"https:\/\/schema.org","@graph":[{"@type":"WebPage","@id":"https:\/\/agendaalcoy.com\/en\/event\/exhibition-distopia-critica-fermin-reyes-alegre-ja-alcantara-mayte-navarro-golf-salva-rios-susa-alcantara-benavent\/","url":"https:\/\/agendaalcoy.com\/en\/event\/exhibition-distopia-critica-fermin-reyes-alegre-ja-alcantara-mayte-navarro-golf-salva-rios-susa-alcantara-benavent\/","name":"Exhibition: \u00abDistopia Cr\u00edtica\u00bb | Agenda Alcoy","isPartOf":{"@id":"https:\/\/agendaalcoy.com\/en\/#website"},"primaryImageOfPage":{"@id":"https:\/\/agendaalcoy.com\/en\/event\/exhibition-distopia-critica-fermin-reyes-alegre-ja-alcantara-mayte-navarro-golf-salva-rios-susa-alcantara-benavent\/#primaryimage"},"image":{"@id":"https:\/\/agendaalcoy.com\/en\/event\/exhibition-distopia-critica-fermin-reyes-alegre-ja-alcantara-mayte-navarro-golf-salva-rios-susa-alcantara-benavent\/#primaryimage"},"thumbnailUrl":"https:\/\/agendaalcoy.com\/wp-content\/uploads\/2026\/03\/dest-Distopia-Critica.jpg","datePublished":"2026-03-31T09:50:30+00:00","dateModified":"2026-04-15T22:01:17+00:00","breadcrumb":{"@id":"https:\/\/agendaalcoy.com\/en\/event\/exhibition-distopia-critica-fermin-reyes-alegre-ja-alcantara-mayte-navarro-golf-salva-rios-susa-alcantara-benavent\/#breadcrumb"},"inLanguage":"en-US","potentialAction":[{"@type":"ReadAction","target":["https:\/\/agendaalcoy.com\/en\/event\/exhibition-distopia-critica-fermin-reyes-alegre-ja-alcantara-mayte-navarro-golf-salva-rios-susa-alcantara-benavent\/"]}]},{"@type":"ImageObject","inLanguage":"en-US","@id":"https:\/\/agendaalcoy.com\/en\/event\/exhibition-distopia-critica-fermin-reyes-alegre-ja-alcantara-mayte-navarro-golf-salva-rios-susa-alcantara-benavent\/#primaryimage","url":"https:\/\/agendaalcoy.com\/wp-content\/uploads\/2026\/03\/dest-Distopia-Critica.jpg","contentUrl":"https:\/\/agendaalcoy.com\/wp-content\/uploads\/2026\/03\/dest-Distopia-Critica.jpg","width":700,"height":997},{"@type":"BreadcrumbList","@id":"https:\/\/agendaalcoy.com\/en\/event\/exhibition-distopia-critica-fermin-reyes-alegre-ja-alcantara-mayte-navarro-golf-salva-rios-susa-alcantara-benavent\/#breadcrumb","itemListElement":[{"@type":"ListItem","position":1,"name":"Portada","item":"https:\/\/agendaalcoy.com\/en\/"},{"@type":"ListItem","position":2,"name":"Exhibition: \u00abDistopia Cr\u00edtica\u00bb"}]},{"@type":"WebSite","@id":"https:\/\/agendaalcoy.com\/en\/#website","url":"https:\/\/agendaalcoy.com\/en\/","name":"Agenda Alcoy","description":"Agenda Cultural de Alcoy - Conciertos, teatro, exposiciones, actividades infantiles, tradiciones...","potentialAction":[{"@type":"SearchAction","target":{"@type":"EntryPoint","urlTemplate":"https:\/\/agendaalcoy.com\/en\/?s={search_term_string}"},"query-input":{"@type":"PropertyValueSpecification","valueRequired":true,"valueName":"search_term_string"}}],"inLanguage":"en-US"}]}},"start_date":"31-03-2026","end_date":"29-05-2026","start_time":"18:00","end_time":"21:00","event_address":"Centre Ovidi Montllor","categories":["Exhibitions"],"featured_image":"https:\/\/agendaalcoy.com\/wp-content\/uploads\/2026\/03\/dest-Distopia-Critica.jpg","_links":{"self":[{"href":"https:\/\/agendaalcoy.com\/en\/wp-json\/wp\/v2\/event\/51374","targetHints":{"allow":["GET"]}}],"collection":[{"href":"https:\/\/agendaalcoy.com\/en\/wp-json\/wp\/v2\/event"}],"about":[{"href":"https:\/\/agendaalcoy.com\/en\/wp-json\/wp\/v2\/types\/event"}],"author":[{"embeddable":true,"href":"https:\/\/agendaalcoy.com\/en\/wp-json\/wp\/v2\/users\/1"}],"replies":[{"embeddable":true,"href":"https:\/\/agendaalcoy.com\/en\/wp-json\/wp\/v2\/comments?post=51374"}],"version-history":[{"count":2,"href":"https:\/\/agendaalcoy.com\/en\/wp-json\/wp\/v2\/event\/51374\/revisions"}],"predecessor-version":[{"id":52859,"href":"https:\/\/agendaalcoy.com\/en\/wp-json\/wp\/v2\/event\/51374\/revisions\/52859"}],"wp:featuredmedia":[{"embeddable":true,"href":"https:\/\/agendaalcoy.com\/en\/wp-json\/wp\/v2\/media\/51370"}],"wp:attachment":[{"href":"https:\/\/agendaalcoy.com\/en\/wp-json\/wp\/v2\/media?parent=51374"}],"wp:term":[{"taxonomy":"event_cat","embeddable":true,"href":"https:\/\/agendaalcoy.com\/en\/wp-json\/wp\/v2\/event_cat?post=51374"},{"taxonomy":"event_tag","embeddable":true,"href":"https:\/\/agendaalcoy.com\/en\/wp-json\/wp\/v2\/event_tag?post=51374"},{"taxonomy":"event_loc","embeddable":true,"href":"https:\/\/agendaalcoy.com\/en\/wp-json\/wp\/v2\/event_loc?post=51374"}],"curies":[{"name":"wp","href":"https:\/\/api.w.org\/{rel}","templated":true}]}}

Exhibition: «Distopia Crítica»

<p>Contemporary art group exhibition featuring works by Fermín Reyes Alegre, J.A. Alcántara, Mayte Navarro Golf, Salva Ríos, and Susa Alcántara Benavent. The exhibition is open from Monday to Friday, from 18:00 to 20:00.</p>

<!-- This site is optimized with the Yoast SEO plugin v26.4 - https://yoast.com/wordpress/plugins/seo/ -->
<title>Exhibition: «Distopia Crítica» | Agenda Alcoy</title>
<meta name="robots" content="index, follow, max-snippet:-1, max-image-preview:large, max-video-preview:-1" />
<link rel="canonical" href="https://agendaalcoy.com/en/event/exhibition-distopia-critica-fermin-reyes-alegre-ja-alcantara-mayte-navarro-golf-salva-rios-susa-alcantara-benavent/" />
<meta property="og:locale" content="en_US" />
<meta property="og:type" content="article" />
<meta property="og:title" content="Exhibition: «Distopia Crítica» | Agenda Alcoy" />
<meta property="og:description" content="Contemporary art group exhibition featuring works by Fermín Reyes Alegre, J.A. Alcántara, Mayte Navarro Golf, Salva Ríos, and Susa Alcántara Benavent. The exhibition is open from Monday to Friday, from 18:00 to 20:00." />
<meta property="og:url" content="https://agendaalcoy.com/en/event/exhibition-distopia-critica-fermin-reyes-alegre-ja-alcantara-mayte-navarro-golf-salva-rios-susa-alcantara-benavent/" />
<meta property="og:site_name" content="Agenda Alcoy" />
<meta property="article:modified_time" content="2026-04-15T22:01:17+00:00" />
<meta property="og:image" content="https://agendaalcoy.com/wp-content/uploads/2026/03/dest-Distopia-Critica.jpg" />
	<meta property="og:image:width" content="700" />
	<meta property="og:image:height" content="997" />
	<meta property="og:image:type" content="image/jpeg" />
<meta name="twitter:card" content="summary_large_image" />
<script type="application/ld+json" class="yoast-schema-graph">{"@context":"https://schema.org","@graph":[{"@type":"WebPage","@id":"https://agendaalcoy.com/en/event/exhibition-distopia-critica-fermin-reyes-alegre-ja-alcantara-mayte-navarro-golf-salva-rios-susa-alcantara-benavent/","url":"https://agendaalcoy.com/en/event/exhibition-distopia-critica-fermin-reyes-alegre-ja-alcantara-mayte-navarro-golf-salva-rios-susa-alcantara-benavent/","name":"Exhibition: «Distopia Crítica» | Agenda Alcoy","isPartOf":{"@id":"https://agendaalcoy.com/en/#website"},"primaryImageOfPage":{"@id":"https://agendaalcoy.com/en/event/exhibition-distopia-critica-fermin-reyes-alegre-ja-alcantara-mayte-navarro-golf-salva-rios-susa-alcantara-benavent/#primaryimage"},"image":{"@id":"https://agendaalcoy.com/en/event/exhibition-distopia-critica-fermin-reyes-alegre-ja-alcantara-mayte-navarro-golf-salva-rios-susa-alcantara-benavent/#primaryimage"},"thumbnailUrl":"https://agendaalcoy.com/wp-content/uploads/2026/03/dest-Distopia-Critica.jpg","datePublished":"2026-03-31T09:50:30+00:00","dateModified":"2026-04-15T22:01:17+00:00","breadcrumb":{"@id":"https://agendaalcoy.com/en/event/exhibition-distopia-critica-fermin-reyes-alegre-ja-alcantara-mayte-navarro-golf-salva-rios-susa-alcantara-benavent/#breadcrumb"},"inLanguage":"en-US","potentialAction":[{"@type":"ReadAction","target":["https://agendaalcoy.com/en/event/exhibition-distopia-critica-fermin-reyes-alegre-ja-alcantara-mayte-navarro-golf-salva-rios-susa-alcantara-benavent/"]}]},{"@type":"ImageObject","inLanguage":"en-US","@id":"https://agendaalcoy.com/en/event/exhibition-distopia-critica-fermin-reyes-alegre-ja-alcantara-mayte-navarro-golf-salva-rios-susa-alcantara-benavent/#primaryimage","url":"https://agendaalcoy.com/wp-content/uploads/2026/03/dest-Distopia-Critica.jpg","contentUrl":"https://agendaalcoy.com/wp-content/uploads/2026/03/dest-Distopia-Critica.jpg","width":700,"height":997},{"@type":"BreadcrumbList","@id":"https://agendaalcoy.com/en/event/exhibition-distopia-critica-fermin-reyes-alegre-ja-alcantara-mayte-navarro-golf-salva-rios-susa-alcantara-benavent/#breadcrumb","itemListElement":[{"@type":"ListItem","position":1,"name":"Portada","item":"https://agendaalcoy.com/en/"},{"@type":"ListItem","position":2,"name":"Exhibition: «Distopia Crítica»"}]},{"@type":"WebSite","@id":"https://agendaalcoy.com/en/#website","url":"https://agendaalcoy.com/en/","name":"Agenda Alcoy","description":"Agenda Cultural de Alcoy - Conciertos, teatro, exposiciones, actividades infantiles, tradiciones...","potentialAction":[{"@type":"SearchAction","target":{"@type":"EntryPoint","urlTemplate":"https://agendaalcoy.com/en/?s={search_term_string}"},"query-input":{"@type":"PropertyValueSpecification","valueRequired":true,"valueName":"search_term_string"}}],"inLanguage":"en-US"}]}</script>
<!-- / Yoast SEO plugin. -->

Exhibition: «Distopia Crítica» | Agenda Alcoy

Contemporary art group exhibition featuring works by Fermín Reyes Alegre, J.A. Alcántara, Mayte Navarro Golf, Salva Ríos, and Susa Alcántara Benavent. The exhibition is open from Monday to Friday, from 18:00 to 20:00.
