{"id":47709,"date":"2026-02-06T00:07:52","date_gmt":"2026-02-06T00:07:52","guid":{"rendered":"https:\/\/agendaalcoy.com\/event\/en\/excursion-el-jaciment-medieval-del-castellar-german-perez-boti"},"modified":"2026-02-06T11:32:22","modified_gmt":"2026-02-06T11:32:22","slug":"excursion-el-jaciment-medieval-del-castellar-german-perez-boti","status":"publish","type":"event","link":"https:\/\/agendaalcoy.com\/en\/event\/excursion-el-jaciment-medieval-del-castellar-german-perez-boti\/","title":{"rendered":"Excursion: \u00abThe medieval site of Castellar\u00bb Germ\u00e1n P\u00e9rez Boti"},"content":{"rendered":"<p>Excursion to the medieval site of Castellar, guided by Germ\u00e1n P\u00e9rez Boti.<\/p>\n","protected":false},"excerpt":{"rendered":"<p>Excursion to the medieval site of Castellar, guided by Germ\u00e1n P\u00e9rez Boti.<\/p>\n","protected":false},"author":1,"featured_media":47705,"comment_status":"closed","ping_status":"closed","template":"","meta":[],"event_cat":[161],"event_tag":[],"event_loc":[512],"class_list":["post-47709","event","type-event","status-publish","has-post-thumbnail","hentry","event_cat-routes-excursions-guided-tours","event_loc-camp-del-collao"],"yoast_head":"<!-- This site is optimized with the Yoast SEO plugin v26.4 - https:\/\/yoast.com\/wordpress\/plugins\/seo\/ -->\n<title>Excursion: \u00abThe medieval site of Castellar\u00bb Germ\u00e1n P\u00e9rez Boti | Agenda Alcoy<\/title>\n<meta name=\"robots\" content=\"index, follow, max-snippet:-1, max-image-preview:large, max-video-preview:-1\" \/>\n<link rel=\"canonical\" href=\"https:\/\/agendaalcoy.com\/en\/event\/excursion-el-jaciment-medieval-del-castellar-german-perez-boti\/\" \/>\n<meta property=\"og:locale\" content=\"en_US\" \/>\n<meta property=\"og:type\" content=\"article\" \/>\n<meta property=\"og:title\" content=\"Excursion: \u00abThe medieval site of Castellar\u00bb Germ\u00e1n P\u00e9rez Boti | Agenda Alcoy\" \/>\n<meta property=\"og:description\" content=\"Excursion to the medieval site of Castellar, guided by Germ\u00e1n P\u00e9rez Boti.\" \/>\n<meta property=\"og:url\" content=\"https:\/\/agendaalcoy.com\/en\/event\/excursion-el-jaciment-medieval-del-castellar-german-perez-boti\/\" \/>\n<meta property=\"og:site_name\" content=\"Agenda Alcoy\" \/>\n<meta property=\"article:modified_time\" content=\"2026-02-06T11:32:22+00:00\" \/>\n<meta property=\"og:image\" content=\"https:\/\/agendaalcoy.com\/wp-content\/uploads\/2026\/02\/IMG_3016-9.jpg\" \/>\n\t<meta property=\"og:image:width\" content=\"1391\" \/>\n\t<meta property=\"og:image:height\" content=\"1800\" \/>\n\t<meta property=\"og:image:type\" content=\"image\/jpeg\" \/>\n<meta name=\"twitter:card\" content=\"summary_large_image\" \/>\n<script type=\"application\/ld+json\" class=\"yoast-schema-graph\">{\"@context\":\"https:\/\/schema.org\",\"@graph\":[{\"@type\":\"WebPage\",\"@id\":\"https:\/\/agendaalcoy.com\/en\/event\/excursion-el-jaciment-medieval-del-castellar-german-perez-boti\/\",\"url\":\"https:\/\/agendaalcoy.com\/en\/event\/excursion-el-jaciment-medieval-del-castellar-german-perez-boti\/\",\"name\":\"Excursion: \u00abThe medieval site of Castellar\u00bb Germ\u00e1n P\u00e9rez Boti | Agenda Alcoy\",\"isPartOf\":{\"@id\":\"https:\/\/agendaalcoy.com\/en\/#website\"},\"primaryImageOfPage\":{\"@id\":\"https:\/\/agendaalcoy.com\/en\/event\/excursion-el-jaciment-medieval-del-castellar-german-perez-boti\/#primaryimage\"},\"image\":{\"@id\":\"https:\/\/agendaalcoy.com\/en\/event\/excursion-el-jaciment-medieval-del-castellar-german-perez-boti\/#primaryimage\"},\"thumbnailUrl\":\"https:\/\/agendaalcoy.com\/wp-content\/uploads\/2026\/02\/IMG_3016-9.jpg\",\"datePublished\":\"2026-02-06T00:07:52+00:00\",\"dateModified\":\"2026-02-06T11:32:22+00:00\",\"breadcrumb\":{\"@id\":\"https:\/\/agendaalcoy.com\/en\/event\/excursion-el-jaciment-medieval-del-castellar-german-perez-boti\/#breadcrumb\"},\"inLanguage\":\"en-US\",\"potentialAction\":[{\"@type\":\"ReadAction\",\"target\":[\"https:\/\/agendaalcoy.com\/en\/event\/excursion-el-jaciment-medieval-del-castellar-german-perez-boti\/\"]}]},{\"@type\":\"ImageObject\",\"inLanguage\":\"en-US\",\"@id\":\"https:\/\/agendaalcoy.com\/en\/event\/excursion-el-jaciment-medieval-del-castellar-german-perez-boti\/#primaryimage\",\"url\":\"https:\/\/agendaalcoy.com\/wp-content\/uploads\/2026\/02\/IMG_3016-9.jpg\",\"contentUrl\":\"https:\/\/agendaalcoy.com\/wp-content\/uploads\/2026\/02\/IMG_3016-9.jpg\",\"width\":1391,\"height\":1800},{\"@type\":\"BreadcrumbList\",\"@id\":\"https:\/\/agendaalcoy.com\/en\/event\/excursion-el-jaciment-medieval-del-castellar-german-perez-boti\/#breadcrumb\",\"itemListElement\":[{\"@type\":\"ListItem\",\"position\":1,\"name\":\"Portada\",\"item\":\"https:\/\/agendaalcoy.com\/en\/\"},{\"@type\":\"ListItem\",\"position\":2,\"name\":\"Excursion: \u00abThe medieval site of Castellar\u00bb Germ\u00e1n P\u00e9rez Boti\"}]},{\"@type\":\"WebSite\",\"@id\":\"https:\/\/agendaalcoy.com\/en\/#website\",\"url\":\"https:\/\/agendaalcoy.com\/en\/\",\"name\":\"Agenda Alcoy\",\"description\":\"Agenda Cultural de Alcoy - Conciertos, teatro, exposiciones, actividades infantiles, tradiciones...\",\"potentialAction\":[{\"@type\":\"SearchAction\",\"target\":{\"@type\":\"EntryPoint\",\"urlTemplate\":\"https:\/\/agendaalcoy.com\/en\/?s={search_term_string}\"},\"query-input\":{\"@type\":\"PropertyValueSpecification\",\"valueRequired\":true,\"valueName\":\"search_term_string\"}}],\"inLanguage\":\"en-US\"}]}<\/script>\n<!-- \/ Yoast SEO plugin. -->","yoast_head_json":{"title":"Excursion: \u00abThe medieval site of Castellar\u00bb Germ\u00e1n P\u00e9rez Boti | Agenda Alcoy","robots":{"index":"index","follow":"follow","max-snippet":"max-snippet:-1","max-image-preview":"max-image-preview:large","max-video-preview":"max-video-preview:-1"},"canonical":"https:\/\/agendaalcoy.com\/en\/event\/excursion-el-jaciment-medieval-del-castellar-german-perez-boti\/","og_locale":"en_US","og_type":"article","og_title":"Excursion: \u00abThe medieval site of Castellar\u00bb Germ\u00e1n P\u00e9rez Boti | Agenda Alcoy","og_description":"Excursion to the medieval site of Castellar, guided by Germ\u00e1n P\u00e9rez Boti.","og_url":"https:\/\/agendaalcoy.com\/en\/event\/excursion-el-jaciment-medieval-del-castellar-german-perez-boti\/","og_site_name":"Agenda Alcoy","article_modified_time":"2026-02-06T11:32:22+00:00","og_image":[{"width":1391,"height":1800,"url":"https:\/\/agendaalcoy.com\/wp-content\/uploads\/2026\/02\/IMG_3016-9.jpg","type":"image\/jpeg"}],"twitter_card":"summary_large_image","schema":{"@context":"https:\/\/schema.org","@graph":[{"@type":"WebPage","@id":"https:\/\/agendaalcoy.com\/en\/event\/excursion-el-jaciment-medieval-del-castellar-german-perez-boti\/","url":"https:\/\/agendaalcoy.com\/en\/event\/excursion-el-jaciment-medieval-del-castellar-german-perez-boti\/","name":"Excursion: \u00abThe medieval site of Castellar\u00bb Germ\u00e1n P\u00e9rez Boti | Agenda Alcoy","isPartOf":{"@id":"https:\/\/agendaalcoy.com\/en\/#website"},"primaryImageOfPage":{"@id":"https:\/\/agendaalcoy.com\/en\/event\/excursion-el-jaciment-medieval-del-castellar-german-perez-boti\/#primaryimage"},"image":{"@id":"https:\/\/agendaalcoy.com\/en\/event\/excursion-el-jaciment-medieval-del-castellar-german-perez-boti\/#primaryimage"},"thumbnailUrl":"https:\/\/agendaalcoy.com\/wp-content\/uploads\/2026\/02\/IMG_3016-9.jpg","datePublished":"2026-02-06T00:07:52+00:00","dateModified":"2026-02-06T11:32:22+00:00","breadcrumb":{"@id":"https:\/\/agendaalcoy.com\/en\/event\/excursion-el-jaciment-medieval-del-castellar-german-perez-boti\/#breadcrumb"},"inLanguage":"en-US","potentialAction":[{"@type":"ReadAction","target":["https:\/\/agendaalcoy.com\/en\/event\/excursion-el-jaciment-medieval-del-castellar-german-perez-boti\/"]}]},{"@type":"ImageObject","inLanguage":"en-US","@id":"https:\/\/agendaalcoy.com\/en\/event\/excursion-el-jaciment-medieval-del-castellar-german-perez-boti\/#primaryimage","url":"https:\/\/agendaalcoy.com\/wp-content\/uploads\/2026\/02\/IMG_3016-9.jpg","contentUrl":"https:\/\/agendaalcoy.com\/wp-content\/uploads\/2026\/02\/IMG_3016-9.jpg","width":1391,"height":1800},{"@type":"BreadcrumbList","@id":"https:\/\/agendaalcoy.com\/en\/event\/excursion-el-jaciment-medieval-del-castellar-german-perez-boti\/#breadcrumb","itemListElement":[{"@type":"ListItem","position":1,"name":"Portada","item":"https:\/\/agendaalcoy.com\/en\/"},{"@type":"ListItem","position":2,"name":"Excursion: \u00abThe medieval site of Castellar\u00bb Germ\u00e1n P\u00e9rez Boti"}]},{"@type":"WebSite","@id":"https:\/\/agendaalcoy.com\/en\/#website","url":"https:\/\/agendaalcoy.com\/en\/","name":"Agenda Alcoy","description":"Agenda Cultural de Alcoy - Conciertos, teatro, exposiciones, actividades infantiles, tradiciones...","potentialAction":[{"@type":"SearchAction","target":{"@type":"EntryPoint","urlTemplate":"https:\/\/agendaalcoy.com\/en\/?s={search_term_string}"},"query-input":{"@type":"PropertyValueSpecification","valueRequired":true,"valueName":"search_term_string"}}],"inLanguage":"en-US"}]}},"start_date":"29-11-2026","end_date":"29-11-2026","start_time":"09:00","end_time":"10:30","event_address":"Camp del Collao","categories":["Routes"],"featured_image":"https:\/\/agendaalcoy.com\/wp-content\/uploads\/2026\/02\/IMG_3016-9.jpg","_links":{"self":[{"href":"https:\/\/agendaalcoy.com\/en\/wp-json\/wp\/v2\/event\/47709","targetHints":{"allow":["GET"]}}],"collection":[{"href":"https:\/\/agendaalcoy.com\/en\/wp-json\/wp\/v2\/event"}],"about":[{"href":"https:\/\/agendaalcoy.com\/en\/wp-json\/wp\/v2\/types\/event"}],"author":[{"embeddable":true,"href":"https:\/\/agendaalcoy.com\/en\/wp-json\/wp\/v2\/users\/1"}],"replies":[{"embeddable":true,"href":"https:\/\/agendaalcoy.com\/en\/wp-json\/wp\/v2\/comments?post=47709"}],"version-history":[{"count":1,"href":"https:\/\/agendaalcoy.com\/en\/wp-json\/wp\/v2\/event\/47709\/revisions"}],"predecessor-version":[{"id":47839,"href":"https:\/\/agendaalcoy.com\/en\/wp-json\/wp\/v2\/event\/47709\/revisions\/47839"}],"wp:featuredmedia":[{"embeddable":true,"href":"https:\/\/agendaalcoy.com\/en\/wp-json\/wp\/v2\/media\/47705"}],"wp:attachment":[{"href":"https:\/\/agendaalcoy.com\/en\/wp-json\/wp\/v2\/media?parent=47709"}],"wp:term":[{"taxonomy":"event_cat","embeddable":true,"href":"https:\/\/agendaalcoy.com\/en\/wp-json\/wp\/v2\/event_cat?post=47709"},{"taxonomy":"event_tag","embeddable":true,"href":"https:\/\/agendaalcoy.com\/en\/wp-json\/wp\/v2\/event_tag?post=47709"},{"taxonomy":"event_loc","embeddable":true,"href":"https:\/\/agendaalcoy.com\/en\/wp-json\/wp\/v2\/event_loc?post=47709"}],"curies":[{"name":"wp","href":"https:\/\/api.w.org\/{rel}","templated":true}]}}

Excursion: «The medieval site of Castellar» Germán Pérez Boti

<p>Excursion to the medieval site of Castellar, guided by Germán Pérez Boti.</p>

<!-- This site is optimized with the Yoast SEO plugin v26.4 - https://yoast.com/wordpress/plugins/seo/ -->
<title>Excursion: «The medieval site of Castellar» Germán Pérez Boti | Agenda Alcoy</title>
<meta name="robots" content="index, follow, max-snippet:-1, max-image-preview:large, max-video-preview:-1" />
<link rel="canonical" href="https://agendaalcoy.com/en/event/excursion-el-jaciment-medieval-del-castellar-german-perez-boti/" />
<meta property="og:locale" content="en_US" />
<meta property="og:type" content="article" />
<meta property="og:title" content="Excursion: «The medieval site of Castellar» Germán Pérez Boti | Agenda Alcoy" />
<meta property="og:description" content="Excursion to the medieval site of Castellar, guided by Germán Pérez Boti." />
<meta property="og:url" content="https://agendaalcoy.com/en/event/excursion-el-jaciment-medieval-del-castellar-german-perez-boti/" />
<meta property="og:site_name" content="Agenda Alcoy" />
<meta property="article:modified_time" content="2026-02-06T11:32:22+00:00" />
<meta property="og:image" content="https://agendaalcoy.com/wp-content/uploads/2026/02/IMG_3016-9.jpg" />
	<meta property="og:image:width" content="1391" />
	<meta property="og:image:height" content="1800" />
	<meta property="og:image:type" content="image/jpeg" />
<meta name="twitter:card" content="summary_large_image" />
<script type="application/ld+json" class="yoast-schema-graph">{"@context":"https://schema.org","@graph":[{"@type":"WebPage","@id":"https://agendaalcoy.com/en/event/excursion-el-jaciment-medieval-del-castellar-german-perez-boti/","url":"https://agendaalcoy.com/en/event/excursion-el-jaciment-medieval-del-castellar-german-perez-boti/","name":"Excursion: «The medieval site of Castellar» Germán Pérez Boti | Agenda Alcoy","isPartOf":{"@id":"https://agendaalcoy.com/en/#website"},"primaryImageOfPage":{"@id":"https://agendaalcoy.com/en/event/excursion-el-jaciment-medieval-del-castellar-german-perez-boti/#primaryimage"},"image":{"@id":"https://agendaalcoy.com/en/event/excursion-el-jaciment-medieval-del-castellar-german-perez-boti/#primaryimage"},"thumbnailUrl":"https://agendaalcoy.com/wp-content/uploads/2026/02/IMG_3016-9.jpg","datePublished":"2026-02-06T00:07:52+00:00","dateModified":"2026-02-06T11:32:22+00:00","breadcrumb":{"@id":"https://agendaalcoy.com/en/event/excursion-el-jaciment-medieval-del-castellar-german-perez-boti/#breadcrumb"},"inLanguage":"en-US","potentialAction":[{"@type":"ReadAction","target":["https://agendaalcoy.com/en/event/excursion-el-jaciment-medieval-del-castellar-german-perez-boti/"]}]},{"@type":"ImageObject","inLanguage":"en-US","@id":"https://agendaalcoy.com/en/event/excursion-el-jaciment-medieval-del-castellar-german-perez-boti/#primaryimage","url":"https://agendaalcoy.com/wp-content/uploads/2026/02/IMG_3016-9.jpg","contentUrl":"https://agendaalcoy.com/wp-content/uploads/2026/02/IMG_3016-9.jpg","width":1391,"height":1800},{"@type":"BreadcrumbList","@id":"https://agendaalcoy.com/en/event/excursion-el-jaciment-medieval-del-castellar-german-perez-boti/#breadcrumb","itemListElement":[{"@type":"ListItem","position":1,"name":"Portada","item":"https://agendaalcoy.com/en/"},{"@type":"ListItem","position":2,"name":"Excursion: «The medieval site of Castellar» Germán Pérez Boti"}]},{"@type":"WebSite","@id":"https://agendaalcoy.com/en/#website","url":"https://agendaalcoy.com/en/","name":"Agenda Alcoy","description":"Agenda Cultural de Alcoy - Conciertos, teatro, exposiciones, actividades infantiles, tradiciones...","potentialAction":[{"@type":"SearchAction","target":{"@type":"EntryPoint","urlTemplate":"https://agendaalcoy.com/en/?s={search_term_string}"},"query-input":{"@type":"PropertyValueSpecification","valueRequired":true,"valueName":"search_term_string"}}],"inLanguage":"en-US"}]}</script>
<!-- / Yoast SEO plugin. -->

Excursion: «The medieval site of Castellar» Germán Pérez Boti | Agenda Alcoy

Excursion to the medieval site of Castellar, guided by Germán Pérez Boti.
