{"id":54118,"date":"2026-05-03T11:23:11","date_gmt":"2026-05-03T11:23:11","guid":{"rendered":"https:\/\/agendaalcoy.com\/?post_type=event&#038;p=54118"},"modified":"2026-05-03T11:25:44","modified_gmt":"2026-05-03T11:25:44","slug":"masterclass-pablo-gonzalez-balaguer","status":"publish","type":"event","link":"https:\/\/agendaalcoy.com\/ca\/event\/masterclass-pablo-gonzalez-balaguer\/","title":{"rendered":"Masterclass: Pablo Gonz\u00e1lez Balaguer"},"content":{"rendered":"<p>El Festival Internacional de M\u00fasica de C\u00e1mara de Alcoy, junto con Orfeo Ensemble de C\u00e1mara, organiza un ciclo de masterclass en el que llevar\u00e1 a la ciudad reconocidos especialistas de diferentes instrumentos. Todas las masterclass se celebrar\u00e1n en la sede de la Fundaci\u00f3n Mutua Levante, de 17:00 a 20:00 horas. Las sesiones estar\u00e1n abiertas al p\u00fablico oyente y, para participar como alumno activo, las personas interesadas tendr\u00e1n que inscribirse. Las fechas y especialistas son los siguientes: 11 de mayo &#8211; Mayte Abargues, flauta. Adda Sinf\u00f3nica; 25 de mayo &#8211; Gustavo Canet Estornell, trompa. Ayuda de Solista de la Orquesta de C\u00f3rdoba; 27 y 29 de mayo &#8211; Pablo Gonz\u00e1lez Balaguer, saxo. Conservatorio Profesional de Utiel. Inscripciones: fimcalcoi@gmail.com<\/p>\n","protected":false},"excerpt":{"rendered":"<p>El Festival Internacional de M\u00fasica de C\u00e1mara de Alcoy, junto con Orfeo Ensemble de C\u00e1mara, organiza un ciclo de masterclass en el que llevar\u00e1 a la ciudad reconocidos especialistas de diferentes instrumentos. Todas las masterclass se celebrar\u00e1n en la sede de la Fundaci\u00f3n Mutua Levante, de 17:00 a 20:00 horas. Las sesiones estar\u00e1n abiertas al [&hellip;]<\/p>\n","protected":false},"author":1,"featured_media":53570,"comment_status":"closed","ping_status":"closed","template":"","meta":[],"event_cat":[131,169],"event_tag":[],"event_loc":[127],"class_list":["post-54118","event","type-event","status-publish","has-post-thumbnail","hentry","event_cat-concerts-musica","event_cat-tallers-cursos","event_loc-fundacion-mutua-levante"],"yoast_head":"<!-- This site is optimized with the Yoast SEO plugin v26.4 - https:\/\/yoast.com\/wordpress\/plugins\/seo\/ -->\n<title>Masterclass: Pablo Gonz\u00e1lez Balaguer | Agenda Alcoy<\/title>\n<meta name=\"robots\" content=\"index, follow, max-snippet:-1, max-image-preview:large, max-video-preview:-1\" \/>\n<link rel=\"canonical\" href=\"https:\/\/agendaalcoy.com\/ca\/event\/masterclass-pablo-gonzalez-balaguer\/\" \/>\n<meta property=\"og:locale\" content=\"ca_ES\" \/>\n<meta property=\"og:type\" content=\"article\" \/>\n<meta property=\"og:title\" content=\"Masterclass: Pablo Gonz\u00e1lez Balaguer | Agenda Alcoy\" \/>\n<meta property=\"og:description\" content=\"El Festival Internacional de M\u00fasica de C\u00e1mara de Alcoy, junto con Orfeo Ensemble de C\u00e1mara, organiza un ciclo de masterclass en el que llevar\u00e1 a la ciudad reconocidos especialistas de diferentes instrumentos. Todas las masterclass se celebrar\u00e1n en la sede de la Fundaci\u00f3n Mutua Levante, de 17:00 a 20:00 horas. Las sesiones estar\u00e1n abiertas al [&hellip;]\" \/>\n<meta property=\"og:url\" content=\"https:\/\/agendaalcoy.com\/ca\/event\/masterclass-pablo-gonzalez-balaguer\/\" \/>\n<meta property=\"og:site_name\" content=\"Agenda Alcoy\" \/>\n<meta property=\"article:modified_time\" content=\"2026-05-03T11:25:44+00:00\" \/>\n<meta property=\"og:image\" content=\"https:\/\/agendaalcoy.com\/wp-content\/uploads\/2026\/04\/CARTEL-insta-pablo-11-scaled.jpg\" \/>\n\t<meta property=\"og:image:width\" content=\"2048\" \/>\n\t<meta property=\"og:image:height\" content=\"2560\" \/>\n\t<meta property=\"og:image:type\" content=\"image\/jpeg\" \/>\n<meta name=\"twitter:card\" content=\"summary_large_image\" \/>\n<meta name=\"twitter:label1\" content=\"Temps estimat de lectura\" \/>\n\t<meta name=\"twitter:data1\" content=\"1 minut\" \/>\n<script type=\"application\/ld+json\" class=\"yoast-schema-graph\">{\"@context\":\"https:\/\/schema.org\",\"@graph\":[{\"@type\":\"WebPage\",\"@id\":\"https:\/\/agendaalcoy.com\/ca\/event\/masterclass-pablo-gonzalez-balaguer\/\",\"url\":\"https:\/\/agendaalcoy.com\/ca\/event\/masterclass-pablo-gonzalez-balaguer\/\",\"name\":\"Masterclass: Pablo Gonz\u00e1lez Balaguer | Agenda Alcoy\",\"isPartOf\":{\"@id\":\"https:\/\/agendaalcoy.com\/ca\/#website\"},\"primaryImageOfPage\":{\"@id\":\"https:\/\/agendaalcoy.com\/ca\/event\/masterclass-pablo-gonzalez-balaguer\/#primaryimage\"},\"image\":{\"@id\":\"https:\/\/agendaalcoy.com\/ca\/event\/masterclass-pablo-gonzalez-balaguer\/#primaryimage\"},\"thumbnailUrl\":\"https:\/\/agendaalcoy.com\/wp-content\/uploads\/2026\/04\/CARTEL-insta-pablo-11-scaled.jpg\",\"datePublished\":\"2026-05-03T11:23:11+00:00\",\"dateModified\":\"2026-05-03T11:25:44+00:00\",\"breadcrumb\":{\"@id\":\"https:\/\/agendaalcoy.com\/ca\/event\/masterclass-pablo-gonzalez-balaguer\/#breadcrumb\"},\"inLanguage\":\"ca\",\"potentialAction\":[{\"@type\":\"ReadAction\",\"target\":[\"https:\/\/agendaalcoy.com\/ca\/event\/masterclass-pablo-gonzalez-balaguer\/\"]}]},{\"@type\":\"ImageObject\",\"inLanguage\":\"ca\",\"@id\":\"https:\/\/agendaalcoy.com\/ca\/event\/masterclass-pablo-gonzalez-balaguer\/#primaryimage\",\"url\":\"https:\/\/agendaalcoy.com\/wp-content\/uploads\/2026\/04\/CARTEL-insta-pablo-11-scaled.jpg\",\"contentUrl\":\"https:\/\/agendaalcoy.com\/wp-content\/uploads\/2026\/04\/CARTEL-insta-pablo-11-scaled.jpg\",\"width\":2048,\"height\":2560},{\"@type\":\"BreadcrumbList\",\"@id\":\"https:\/\/agendaalcoy.com\/ca\/event\/masterclass-pablo-gonzalez-balaguer\/#breadcrumb\",\"itemListElement\":[{\"@type\":\"ListItem\",\"position\":1,\"name\":\"Portada\",\"item\":\"https:\/\/agendaalcoy.com\/ca\/\"},{\"@type\":\"ListItem\",\"position\":2,\"name\":\"Masterclass: Pablo Gonz\u00e1lez Balaguer\"}]},{\"@type\":\"WebSite\",\"@id\":\"https:\/\/agendaalcoy.com\/ca\/#website\",\"url\":\"https:\/\/agendaalcoy.com\/ca\/\",\"name\":\"Agenda Alcoy\",\"description\":\"Agenda Cultural de Alcoy - Conciertos, teatro, exposiciones, actividades infantiles, tradiciones...\",\"potentialAction\":[{\"@type\":\"SearchAction\",\"target\":{\"@type\":\"EntryPoint\",\"urlTemplate\":\"https:\/\/agendaalcoy.com\/ca\/?s={search_term_string}\"},\"query-input\":{\"@type\":\"PropertyValueSpecification\",\"valueRequired\":true,\"valueName\":\"search_term_string\"}}],\"inLanguage\":\"ca\"}]}<\/script>\n<!-- \/ Yoast SEO plugin. -->","yoast_head_json":{"title":"Masterclass: Pablo Gonz\u00e1lez Balaguer | Agenda Alcoy","robots":{"index":"index","follow":"follow","max-snippet":"max-snippet:-1","max-image-preview":"max-image-preview:large","max-video-preview":"max-video-preview:-1"},"canonical":"https:\/\/agendaalcoy.com\/ca\/event\/masterclass-pablo-gonzalez-balaguer\/","og_locale":"ca_ES","og_type":"article","og_title":"Masterclass: Pablo Gonz\u00e1lez Balaguer | Agenda Alcoy","og_description":"El Festival Internacional de M\u00fasica de C\u00e1mara de Alcoy, junto con Orfeo Ensemble de C\u00e1mara, organiza un ciclo de masterclass en el que llevar\u00e1 a la ciudad reconocidos especialistas de diferentes instrumentos. Todas las masterclass se celebrar\u00e1n en la sede de la Fundaci\u00f3n Mutua Levante, de 17:00 a 20:00 horas. Las sesiones estar\u00e1n abiertas al [&hellip;]","og_url":"https:\/\/agendaalcoy.com\/ca\/event\/masterclass-pablo-gonzalez-balaguer\/","og_site_name":"Agenda Alcoy","article_modified_time":"2026-05-03T11:25:44+00:00","og_image":[{"width":2048,"height":2560,"url":"https:\/\/agendaalcoy.com\/wp-content\/uploads\/2026\/04\/CARTEL-insta-pablo-11-scaled.jpg","type":"image\/jpeg"}],"twitter_card":"summary_large_image","twitter_misc":{"Temps estimat de lectura":"1 minut"},"schema":{"@context":"https:\/\/schema.org","@graph":[{"@type":"WebPage","@id":"https:\/\/agendaalcoy.com\/ca\/event\/masterclass-pablo-gonzalez-balaguer\/","url":"https:\/\/agendaalcoy.com\/ca\/event\/masterclass-pablo-gonzalez-balaguer\/","name":"Masterclass: Pablo Gonz\u00e1lez Balaguer | Agenda Alcoy","isPartOf":{"@id":"https:\/\/agendaalcoy.com\/ca\/#website"},"primaryImageOfPage":{"@id":"https:\/\/agendaalcoy.com\/ca\/event\/masterclass-pablo-gonzalez-balaguer\/#primaryimage"},"image":{"@id":"https:\/\/agendaalcoy.com\/ca\/event\/masterclass-pablo-gonzalez-balaguer\/#primaryimage"},"thumbnailUrl":"https:\/\/agendaalcoy.com\/wp-content\/uploads\/2026\/04\/CARTEL-insta-pablo-11-scaled.jpg","datePublished":"2026-05-03T11:23:11+00:00","dateModified":"2026-05-03T11:25:44+00:00","breadcrumb":{"@id":"https:\/\/agendaalcoy.com\/ca\/event\/masterclass-pablo-gonzalez-balaguer\/#breadcrumb"},"inLanguage":"ca","potentialAction":[{"@type":"ReadAction","target":["https:\/\/agendaalcoy.com\/ca\/event\/masterclass-pablo-gonzalez-balaguer\/"]}]},{"@type":"ImageObject","inLanguage":"ca","@id":"https:\/\/agendaalcoy.com\/ca\/event\/masterclass-pablo-gonzalez-balaguer\/#primaryimage","url":"https:\/\/agendaalcoy.com\/wp-content\/uploads\/2026\/04\/CARTEL-insta-pablo-11-scaled.jpg","contentUrl":"https:\/\/agendaalcoy.com\/wp-content\/uploads\/2026\/04\/CARTEL-insta-pablo-11-scaled.jpg","width":2048,"height":2560},{"@type":"BreadcrumbList","@id":"https:\/\/agendaalcoy.com\/ca\/event\/masterclass-pablo-gonzalez-balaguer\/#breadcrumb","itemListElement":[{"@type":"ListItem","position":1,"name":"Portada","item":"https:\/\/agendaalcoy.com\/ca\/"},{"@type":"ListItem","position":2,"name":"Masterclass: Pablo Gonz\u00e1lez Balaguer"}]},{"@type":"WebSite","@id":"https:\/\/agendaalcoy.com\/ca\/#website","url":"https:\/\/agendaalcoy.com\/ca\/","name":"Agenda Alcoy","description":"Agenda Cultural de Alcoy - Conciertos, teatro, exposiciones, actividades infantiles, tradiciones...","potentialAction":[{"@type":"SearchAction","target":{"@type":"EntryPoint","urlTemplate":"https:\/\/agendaalcoy.com\/ca\/?s={search_term_string}"},"query-input":{"@type":"PropertyValueSpecification","valueRequired":true,"valueName":"search_term_string"}}],"inLanguage":"ca"}]}},"start_date":"29-05-2026","end_date":"29-05-2026","start_time":"17:00","end_time":"18:30","event_address":"Fundaci\u00f3n Mutua Levante","categories":["M\u00fasica","Tallers"],"featured_image":"https:\/\/agendaalcoy.com\/wp-content\/uploads\/2026\/04\/CARTEL-insta-pablo-11-scaled.jpg","_links":{"self":[{"href":"https:\/\/agendaalcoy.com\/ca\/wp-json\/wp\/v2\/event\/54118","targetHints":{"allow":["GET"]}}],"collection":[{"href":"https:\/\/agendaalcoy.com\/ca\/wp-json\/wp\/v2\/event"}],"about":[{"href":"https:\/\/agendaalcoy.com\/ca\/wp-json\/wp\/v2\/types\/event"}],"author":[{"embeddable":true,"href":"https:\/\/agendaalcoy.com\/ca\/wp-json\/wp\/v2\/users\/1"}],"replies":[{"embeddable":true,"href":"https:\/\/agendaalcoy.com\/ca\/wp-json\/wp\/v2\/comments?post=54118"}],"version-history":[{"count":1,"href":"https:\/\/agendaalcoy.com\/ca\/wp-json\/wp\/v2\/event\/54118\/revisions"}],"predecessor-version":[{"id":54121,"href":"https:\/\/agendaalcoy.com\/ca\/wp-json\/wp\/v2\/event\/54118\/revisions\/54121"}],"wp:featuredmedia":[{"embeddable":true,"href":"https:\/\/agendaalcoy.com\/ca\/wp-json\/wp\/v2\/media\/53570"}],"wp:attachment":[{"href":"https:\/\/agendaalcoy.com\/ca\/wp-json\/wp\/v2\/media?parent=54118"}],"wp:term":[{"taxonomy":"event_cat","embeddable":true,"href":"https:\/\/agendaalcoy.com\/ca\/wp-json\/wp\/v2\/event_cat?post=54118"},{"taxonomy":"event_tag","embeddable":true,"href":"https:\/\/agendaalcoy.com\/ca\/wp-json\/wp\/v2\/event_tag?post=54118"},{"taxonomy":"event_loc","embeddable":true,"href":"https:\/\/agendaalcoy.com\/ca\/wp-json\/wp\/v2\/event_loc?post=54118"}],"curies":[{"name":"wp","href":"https:\/\/api.w.org\/{rel}","templated":true}]}}

Masterclass: Pablo González Balaguer

<p>El Festival Internacional de Música de Cámara de Alcoy, junto con Orfeo Ensemble de Cámara, organiza un ciclo de masterclass en el que llevará a la ciudad reconocidos especialistas de diferentes instrumentos. Todas las masterclass se celebrarán en la sede de la Fundación Mutua Levante, de 17:00 a 20:00 horas. Las sesiones estarán abiertas al público oyente y, para participar como alumno activo, las personas interesadas tendrán que inscribirse. Las fechas y especialistas son los siguientes: 11 de mayo &#8211; Mayte Abargues, flauta. Adda Sinfónica; 25 de mayo &#8211; Gustavo Canet Estornell, trompa. Ayuda de Solista de la Orquesta de Córdoba; 27 y 29 de mayo &#8211; Pablo González Balaguer, saxo. Conservatorio Profesional de Utiel. Inscripciones: fimcalcoi@gmail.com</p>

<p>El Festival Internacional de Música de Cámara de Alcoy, junto con Orfeo Ensemble de Cámara, organiza un ciclo de masterclass en el que llevará a la ciudad reconocidos especialistas de diferentes instrumentos. Todas las masterclass se celebrarán en la sede de la Fundación Mutua Levante, de 17:00 a 20:00 horas. Las sesiones estarán abiertas al [&hellip;]</p>

<!-- This site is optimized with the Yoast SEO plugin v26.4 - https://yoast.com/wordpress/plugins/seo/ -->
<title>Masterclass: Pablo González Balaguer | Agenda Alcoy</title>
<meta name="robots" content="index, follow, max-snippet:-1, max-image-preview:large, max-video-preview:-1" />
<link rel="canonical" href="https://agendaalcoy.com/ca/event/masterclass-pablo-gonzalez-balaguer/" />
<meta property="og:locale" content="ca_ES" />
<meta property="og:type" content="article" />
<meta property="og:title" content="Masterclass: Pablo González Balaguer | Agenda Alcoy" />
<meta property="og:description" content="El Festival Internacional de Música de Cámara de Alcoy, junto con Orfeo Ensemble de Cámara, organiza un ciclo de masterclass en el que llevará a la ciudad reconocidos especialistas de diferentes instrumentos. Todas las masterclass se celebrarán en la sede de la Fundación Mutua Levante, de 17:00 a 20:00 horas. Las sesiones estarán abiertas al [&hellip;]" />
<meta property="og:url" content="https://agendaalcoy.com/ca/event/masterclass-pablo-gonzalez-balaguer/" />
<meta property="og:site_name" content="Agenda Alcoy" />
<meta property="article:modified_time" content="2026-05-03T11:25:44+00:00" />
<meta property="og:image" content="https://agendaalcoy.com/wp-content/uploads/2026/04/CARTEL-insta-pablo-11-scaled.jpg" />
	<meta property="og:image:width" content="2048" />
	<meta property="og:image:height" content="2560" />
	<meta property="og:image:type" content="image/jpeg" />
<meta name="twitter:card" content="summary_large_image" />
<meta name="twitter:label1" content="Temps estimat de lectura" />
	<meta name="twitter:data1" content="1 minut" />
<script type="application/ld+json" class="yoast-schema-graph">{"@context":"https://schema.org","@graph":[{"@type":"WebPage","@id":"https://agendaalcoy.com/ca/event/masterclass-pablo-gonzalez-balaguer/","url":"https://agendaalcoy.com/ca/event/masterclass-pablo-gonzalez-balaguer/","name":"Masterclass: Pablo González Balaguer | Agenda Alcoy","isPartOf":{"@id":"https://agendaalcoy.com/ca/#website"},"primaryImageOfPage":{"@id":"https://agendaalcoy.com/ca/event/masterclass-pablo-gonzalez-balaguer/#primaryimage"},"image":{"@id":"https://agendaalcoy.com/ca/event/masterclass-pablo-gonzalez-balaguer/#primaryimage"},"thumbnailUrl":"https://agendaalcoy.com/wp-content/uploads/2026/04/CARTEL-insta-pablo-11-scaled.jpg","datePublished":"2026-05-03T11:23:11+00:00","dateModified":"2026-05-03T11:25:44+00:00","breadcrumb":{"@id":"https://agendaalcoy.com/ca/event/masterclass-pablo-gonzalez-balaguer/#breadcrumb"},"inLanguage":"ca","potentialAction":[{"@type":"ReadAction","target":["https://agendaalcoy.com/ca/event/masterclass-pablo-gonzalez-balaguer/"]}]},{"@type":"ImageObject","inLanguage":"ca","@id":"https://agendaalcoy.com/ca/event/masterclass-pablo-gonzalez-balaguer/#primaryimage","url":"https://agendaalcoy.com/wp-content/uploads/2026/04/CARTEL-insta-pablo-11-scaled.jpg","contentUrl":"https://agendaalcoy.com/wp-content/uploads/2026/04/CARTEL-insta-pablo-11-scaled.jpg","width":2048,"height":2560},{"@type":"BreadcrumbList","@id":"https://agendaalcoy.com/ca/event/masterclass-pablo-gonzalez-balaguer/#breadcrumb","itemListElement":[{"@type":"ListItem","position":1,"name":"Portada","item":"https://agendaalcoy.com/ca/"},{"@type":"ListItem","position":2,"name":"Masterclass: Pablo González Balaguer"}]},{"@type":"WebSite","@id":"https://agendaalcoy.com/ca/#website","url":"https://agendaalcoy.com/ca/","name":"Agenda Alcoy","description":"Agenda Cultural de Alcoy - Conciertos, teatro, exposiciones, actividades infantiles, tradiciones...","potentialAction":[{"@type":"SearchAction","target":{"@type":"EntryPoint","urlTemplate":"https://agendaalcoy.com/ca/?s={search_term_string}"},"query-input":{"@type":"PropertyValueSpecification","valueRequired":true,"valueName":"search_term_string"}}],"inLanguage":"ca"}]}</script>
<!-- / Yoast SEO plugin. -->

Masterclass: Pablo González Balaguer | Agenda Alcoy

El Festival Internacional de Música de Cámara de Alcoy, junto con Orfeo Ensemble de Cámara, organiza un ciclo de masterclass en el que llevará a la ciudad reconocidos especialistas de diferentes instrumentos. Todas las masterclass se celebrarán en la sede de la Fundación Mutua Levante, de 17:00 a 20:00 horas. Las sesiones estarán abiertas al [&hellip;]

Fundación Mutua Levante

Música
