{"id":53909,"date":"2026-05-01T12:41:50","date_gmt":"2026-05-01T12:41:50","guid":{"rendered":"https:\/\/agendaalcoy.com\/event\/ca\/teatre-misery-de-william-goldman-carmen-conesa-marcial-alvarez-alberto-vazquez"},"modified":"2026-05-03T10:41:18","modified_gmt":"2026-05-03T10:41:18","slug":"teatre-misery-de-william-goldman-carmen-conesa-marcial-alvarez-alberto-vazquez","status":"publish","type":"event","link":"https:\/\/agendaalcoy.com\/ca\/event\/teatre-misery-de-william-goldman-carmen-conesa-marcial-alvarez-alberto-vazquez\/","title":{"rendered":"Mostra de Teatre 2026: Teatre \u00abMISERY\u00bb Carmen Conesa, Marcial \u00c1lvarez, Alberto V\u00e1zquez"},"content":{"rendered":"<p>Paul Sheldon, un escriptor d&#8217;\u00e8xit, pateix un accident mentre condueix enmig d&#8217;una tempesta de neu. Dies despr\u00e9s desperta a casa d&#8217;Annie Wilkes, la dona que el va rescatar. Per sort per a Paul, Annie \u00e9s infermera, aix\u00ed que li ofereix ajuda amb la recuperaci\u00f3 de les seves lesions. Ella confessa, a m\u00e9s, ser la major admiradora de la saga de novel\u00b7les de Misery Chastain, escrita per Paul. Despr\u00e9s de diverses jornades sota la cura d&#8217;Annie, Paul comen\u00e7a a preguntar-se si realment es troba en bones mans.<\/p>\n","protected":false},"excerpt":{"rendered":"<p>Paul Sheldon, un escriptor d&#8217;\u00e8xit, pateix un accident mentre condueix enmig d&#8217;una tempesta de neu. Dies despr\u00e9s desperta a casa d&#8217;Annie Wilkes, la dona que el va rescatar. Per sort per a Paul, Annie \u00e9s infermera, aix\u00ed que li ofereix ajuda amb la recuperaci\u00f3 de les seves lesions. Ella confessa, a m\u00e9s, ser la major [&hellip;]<\/p>\n","protected":false},"author":1,"featured_media":54099,"comment_status":"closed","ping_status":"closed","template":"","meta":[],"event_cat":[157],"event_tag":[],"event_loc":[126],"class_list":["post-53909","event","type-event","status-publish","has-post-thumbnail","hentry","event_cat-teatre","event_loc-teatre-calderon"],"yoast_head":"<!-- This site is optimized with the Yoast SEO plugin v26.4 - https:\/\/yoast.com\/wordpress\/plugins\/seo\/ -->\n<title>Mostra de Teatre 2026: Teatre \u00abMISERY\u00bb Carmen Conesa, Marcial \u00c1lvarez, Alberto V\u00e1zquez | Agenda Alcoy<\/title>\n<meta name=\"robots\" content=\"index, follow, max-snippet:-1, max-image-preview:large, max-video-preview:-1\" \/>\n<link rel=\"canonical\" href=\"https:\/\/agendaalcoy.com\/ca\/event\/teatre-misery-de-william-goldman-carmen-conesa-marcial-alvarez-alberto-vazquez\/\" \/>\n<meta property=\"og:locale\" content=\"ca_ES\" \/>\n<meta property=\"og:type\" content=\"article\" \/>\n<meta property=\"og:title\" content=\"Mostra de Teatre 2026: Teatre \u00abMISERY\u00bb Carmen Conesa, Marcial \u00c1lvarez, Alberto V\u00e1zquez | Agenda Alcoy\" \/>\n<meta property=\"og:description\" content=\"Paul Sheldon, un escriptor d&#8217;\u00e8xit, pateix un accident mentre condueix enmig d&#8217;una tempesta de neu. Dies despr\u00e9s desperta a casa d&#8217;Annie Wilkes, la dona que el va rescatar. Per sort per a Paul, Annie \u00e9s infermera, aix\u00ed que li ofereix ajuda amb la recuperaci\u00f3 de les seves lesions. Ella confessa, a m\u00e9s, ser la major [&hellip;]\" \/>\n<meta property=\"og:url\" content=\"https:\/\/agendaalcoy.com\/ca\/event\/teatre-misery-de-william-goldman-carmen-conesa-marcial-alvarez-alberto-vazquez\/\" \/>\n<meta property=\"og:site_name\" content=\"Agenda Alcoy\" \/>\n<meta property=\"article:modified_time\" content=\"2026-05-03T10:41:18+00:00\" \/>\n<meta property=\"og:image\" content=\"https:\/\/agendaalcoy.com\/wp-content\/uploads\/2026\/05\/19-MISERY.jpg\" \/>\n\t<meta property=\"og:image:width\" content=\"700\" \/>\n\t<meta property=\"og:image:height\" content=\"990\" \/>\n\t<meta property=\"og:image:type\" content=\"image\/jpeg\" \/>\n<meta name=\"twitter:card\" content=\"summary_large_image\" \/>\n<script type=\"application\/ld+json\" class=\"yoast-schema-graph\">{\"@context\":\"https:\/\/schema.org\",\"@graph\":[{\"@type\":\"WebPage\",\"@id\":\"https:\/\/agendaalcoy.com\/ca\/event\/teatre-misery-de-william-goldman-carmen-conesa-marcial-alvarez-alberto-vazquez\/\",\"url\":\"https:\/\/agendaalcoy.com\/ca\/event\/teatre-misery-de-william-goldman-carmen-conesa-marcial-alvarez-alberto-vazquez\/\",\"name\":\"Mostra de Teatre 2026: Teatre \u00abMISERY\u00bb Carmen Conesa, Marcial \u00c1lvarez, Alberto V\u00e1zquez | Agenda Alcoy\",\"isPartOf\":{\"@id\":\"https:\/\/agendaalcoy.com\/ca\/#website\"},\"primaryImageOfPage\":{\"@id\":\"https:\/\/agendaalcoy.com\/ca\/event\/teatre-misery-de-william-goldman-carmen-conesa-marcial-alvarez-alberto-vazquez\/#primaryimage\"},\"image\":{\"@id\":\"https:\/\/agendaalcoy.com\/ca\/event\/teatre-misery-de-william-goldman-carmen-conesa-marcial-alvarez-alberto-vazquez\/#primaryimage\"},\"thumbnailUrl\":\"https:\/\/agendaalcoy.com\/wp-content\/uploads\/2026\/05\/19-MISERY.jpg\",\"datePublished\":\"2026-05-01T12:41:50+00:00\",\"dateModified\":\"2026-05-03T10:41:18+00:00\",\"breadcrumb\":{\"@id\":\"https:\/\/agendaalcoy.com\/ca\/event\/teatre-misery-de-william-goldman-carmen-conesa-marcial-alvarez-alberto-vazquez\/#breadcrumb\"},\"inLanguage\":\"ca\",\"potentialAction\":[{\"@type\":\"ReadAction\",\"target\":[\"https:\/\/agendaalcoy.com\/ca\/event\/teatre-misery-de-william-goldman-carmen-conesa-marcial-alvarez-alberto-vazquez\/\"]}]},{\"@type\":\"ImageObject\",\"inLanguage\":\"ca\",\"@id\":\"https:\/\/agendaalcoy.com\/ca\/event\/teatre-misery-de-william-goldman-carmen-conesa-marcial-alvarez-alberto-vazquez\/#primaryimage\",\"url\":\"https:\/\/agendaalcoy.com\/wp-content\/uploads\/2026\/05\/19-MISERY.jpg\",\"contentUrl\":\"https:\/\/agendaalcoy.com\/wp-content\/uploads\/2026\/05\/19-MISERY.jpg\",\"width\":700,\"height\":990},{\"@type\":\"BreadcrumbList\",\"@id\":\"https:\/\/agendaalcoy.com\/ca\/event\/teatre-misery-de-william-goldman-carmen-conesa-marcial-alvarez-alberto-vazquez\/#breadcrumb\",\"itemListElement\":[{\"@type\":\"ListItem\",\"position\":1,\"name\":\"Portada\",\"item\":\"https:\/\/agendaalcoy.com\/ca\/\"},{\"@type\":\"ListItem\",\"position\":2,\"name\":\"Mostra de Teatre 2026: Teatre \u00abMISERY\u00bb Carmen Conesa, Marcial \u00c1lvarez, Alberto V\u00e1zquez\"}]},{\"@type\":\"WebSite\",\"@id\":\"https:\/\/agendaalcoy.com\/ca\/#website\",\"url\":\"https:\/\/agendaalcoy.com\/ca\/\",\"name\":\"Agenda Alcoy\",\"description\":\"Agenda Cultural de Alcoy - Conciertos, teatro, exposiciones, actividades infantiles, tradiciones...\",\"potentialAction\":[{\"@type\":\"SearchAction\",\"target\":{\"@type\":\"EntryPoint\",\"urlTemplate\":\"https:\/\/agendaalcoy.com\/ca\/?s={search_term_string}\"},\"query-input\":{\"@type\":\"PropertyValueSpecification\",\"valueRequired\":true,\"valueName\":\"search_term_string\"}}],\"inLanguage\":\"ca\"}]}<\/script>\n<!-- \/ Yoast SEO plugin. -->","yoast_head_json":{"title":"Mostra de Teatre 2026: Teatre \u00abMISERY\u00bb Carmen Conesa, Marcial \u00c1lvarez, Alberto V\u00e1zquez | Agenda Alcoy","robots":{"index":"index","follow":"follow","max-snippet":"max-snippet:-1","max-image-preview":"max-image-preview:large","max-video-preview":"max-video-preview:-1"},"canonical":"https:\/\/agendaalcoy.com\/ca\/event\/teatre-misery-de-william-goldman-carmen-conesa-marcial-alvarez-alberto-vazquez\/","og_locale":"ca_ES","og_type":"article","og_title":"Mostra de Teatre 2026: Teatre \u00abMISERY\u00bb Carmen Conesa, Marcial \u00c1lvarez, Alberto V\u00e1zquez | Agenda Alcoy","og_description":"Paul Sheldon, un escriptor d&#8217;\u00e8xit, pateix un accident mentre condueix enmig d&#8217;una tempesta de neu. Dies despr\u00e9s desperta a casa d&#8217;Annie Wilkes, la dona que el va rescatar. Per sort per a Paul, Annie \u00e9s infermera, aix\u00ed que li ofereix ajuda amb la recuperaci\u00f3 de les seves lesions. Ella confessa, a m\u00e9s, ser la major [&hellip;]","og_url":"https:\/\/agendaalcoy.com\/ca\/event\/teatre-misery-de-william-goldman-carmen-conesa-marcial-alvarez-alberto-vazquez\/","og_site_name":"Agenda Alcoy","article_modified_time":"2026-05-03T10:41:18+00:00","og_image":[{"width":700,"height":990,"url":"https:\/\/agendaalcoy.com\/wp-content\/uploads\/2026\/05\/19-MISERY.jpg","type":"image\/jpeg"}],"twitter_card":"summary_large_image","schema":{"@context":"https:\/\/schema.org","@graph":[{"@type":"WebPage","@id":"https:\/\/agendaalcoy.com\/ca\/event\/teatre-misery-de-william-goldman-carmen-conesa-marcial-alvarez-alberto-vazquez\/","url":"https:\/\/agendaalcoy.com\/ca\/event\/teatre-misery-de-william-goldman-carmen-conesa-marcial-alvarez-alberto-vazquez\/","name":"Mostra de Teatre 2026: Teatre \u00abMISERY\u00bb Carmen Conesa, Marcial \u00c1lvarez, Alberto V\u00e1zquez | Agenda Alcoy","isPartOf":{"@id":"https:\/\/agendaalcoy.com\/ca\/#website"},"primaryImageOfPage":{"@id":"https:\/\/agendaalcoy.com\/ca\/event\/teatre-misery-de-william-goldman-carmen-conesa-marcial-alvarez-alberto-vazquez\/#primaryimage"},"image":{"@id":"https:\/\/agendaalcoy.com\/ca\/event\/teatre-misery-de-william-goldman-carmen-conesa-marcial-alvarez-alberto-vazquez\/#primaryimage"},"thumbnailUrl":"https:\/\/agendaalcoy.com\/wp-content\/uploads\/2026\/05\/19-MISERY.jpg","datePublished":"2026-05-01T12:41:50+00:00","dateModified":"2026-05-03T10:41:18+00:00","breadcrumb":{"@id":"https:\/\/agendaalcoy.com\/ca\/event\/teatre-misery-de-william-goldman-carmen-conesa-marcial-alvarez-alberto-vazquez\/#breadcrumb"},"inLanguage":"ca","potentialAction":[{"@type":"ReadAction","target":["https:\/\/agendaalcoy.com\/ca\/event\/teatre-misery-de-william-goldman-carmen-conesa-marcial-alvarez-alberto-vazquez\/"]}]},{"@type":"ImageObject","inLanguage":"ca","@id":"https:\/\/agendaalcoy.com\/ca\/event\/teatre-misery-de-william-goldman-carmen-conesa-marcial-alvarez-alberto-vazquez\/#primaryimage","url":"https:\/\/agendaalcoy.com\/wp-content\/uploads\/2026\/05\/19-MISERY.jpg","contentUrl":"https:\/\/agendaalcoy.com\/wp-content\/uploads\/2026\/05\/19-MISERY.jpg","width":700,"height":990},{"@type":"BreadcrumbList","@id":"https:\/\/agendaalcoy.com\/ca\/event\/teatre-misery-de-william-goldman-carmen-conesa-marcial-alvarez-alberto-vazquez\/#breadcrumb","itemListElement":[{"@type":"ListItem","position":1,"name":"Portada","item":"https:\/\/agendaalcoy.com\/ca\/"},{"@type":"ListItem","position":2,"name":"Mostra de Teatre 2026: Teatre \u00abMISERY\u00bb Carmen Conesa, Marcial \u00c1lvarez, Alberto V\u00e1zquez"}]},{"@type":"WebSite","@id":"https:\/\/agendaalcoy.com\/ca\/#website","url":"https:\/\/agendaalcoy.com\/ca\/","name":"Agenda Alcoy","description":"Agenda Cultural de Alcoy - Conciertos, teatro, exposiciones, actividades infantiles, tradiciones...","potentialAction":[{"@type":"SearchAction","target":{"@type":"EntryPoint","urlTemplate":"https:\/\/agendaalcoy.com\/ca\/?s={search_term_string}"},"query-input":{"@type":"PropertyValueSpecification","valueRequired":true,"valueName":"search_term_string"}}],"inLanguage":"ca"}]}},"start_date":"04-06-2026","end_date":"04-06-2026","start_time":"20:00","end_time":"21:30","event_address":"Teatre Calder\u00f3n","categories":["Teatre"],"featured_image":"https:\/\/agendaalcoy.com\/wp-content\/uploads\/2026\/05\/19-MISERY.jpg","_links":{"self":[{"href":"https:\/\/agendaalcoy.com\/ca\/wp-json\/wp\/v2\/event\/53909","targetHints":{"allow":["GET"]}}],"collection":[{"href":"https:\/\/agendaalcoy.com\/ca\/wp-json\/wp\/v2\/event"}],"about":[{"href":"https:\/\/agendaalcoy.com\/ca\/wp-json\/wp\/v2\/types\/event"}],"author":[{"embeddable":true,"href":"https:\/\/agendaalcoy.com\/ca\/wp-json\/wp\/v2\/users\/1"}],"replies":[{"embeddable":true,"href":"https:\/\/agendaalcoy.com\/ca\/wp-json\/wp\/v2\/comments?post=53909"}],"version-history":[{"count":1,"href":"https:\/\/agendaalcoy.com\/ca\/wp-json\/wp\/v2\/event\/53909\/revisions"}],"predecessor-version":[{"id":54103,"href":"https:\/\/agendaalcoy.com\/ca\/wp-json\/wp\/v2\/event\/53909\/revisions\/54103"}],"wp:featuredmedia":[{"embeddable":true,"href":"https:\/\/agendaalcoy.com\/ca\/wp-json\/wp\/v2\/media\/54099"}],"wp:attachment":[{"href":"https:\/\/agendaalcoy.com\/ca\/wp-json\/wp\/v2\/media?parent=53909"}],"wp:term":[{"taxonomy":"event_cat","embeddable":true,"href":"https:\/\/agendaalcoy.com\/ca\/wp-json\/wp\/v2\/event_cat?post=53909"},{"taxonomy":"event_tag","embeddable":true,"href":"https:\/\/agendaalcoy.com\/ca\/wp-json\/wp\/v2\/event_tag?post=53909"},{"taxonomy":"event_loc","embeddable":true,"href":"https:\/\/agendaalcoy.com\/ca\/wp-json\/wp\/v2\/event_loc?post=53909"}],"curies":[{"name":"wp","href":"https:\/\/api.w.org\/{rel}","templated":true}]}}

Mostra de Teatre 2026: Teatre «MISERY» Carmen Conesa, Marcial Álvarez, Alberto Vázquez

<p>Paul Sheldon, un escriptor d&#8217;èxit, pateix un accident mentre condueix enmig d&#8217;una tempesta de neu. Dies després desperta a casa d&#8217;Annie Wilkes, la dona que el va rescatar. Per sort per a Paul, Annie és infermera, així que li ofereix ajuda amb la recuperació de les seves lesions. Ella confessa, a més, ser la major admiradora de la saga de novel·les de Misery Chastain, escrita per Paul. Després de diverses jornades sota la cura d&#8217;Annie, Paul comença a preguntar-se si realment es troba en bones mans.</p>

<p>Paul Sheldon, un escriptor d&#8217;èxit, pateix un accident mentre condueix enmig d&#8217;una tempesta de neu. Dies després desperta a casa d&#8217;Annie Wilkes, la dona que el va rescatar. Per sort per a Paul, Annie és infermera, així que li ofereix ajuda amb la recuperació de les seves lesions. Ella confessa, a més, ser la major [&hellip;]</p>

<!-- This site is optimized with the Yoast SEO plugin v26.4 - https://yoast.com/wordpress/plugins/seo/ -->
<title>Mostra de Teatre 2026: Teatre «MISERY» Carmen Conesa, Marcial Álvarez, Alberto Vázquez | Agenda Alcoy</title>
<meta name="robots" content="index, follow, max-snippet:-1, max-image-preview:large, max-video-preview:-1" />
<link rel="canonical" href="https://agendaalcoy.com/ca/event/teatre-misery-de-william-goldman-carmen-conesa-marcial-alvarez-alberto-vazquez/" />
<meta property="og:locale" content="ca_ES" />
<meta property="og:type" content="article" />
<meta property="og:title" content="Mostra de Teatre 2026: Teatre «MISERY» Carmen Conesa, Marcial Álvarez, Alberto Vázquez | Agenda Alcoy" />
<meta property="og:description" content="Paul Sheldon, un escriptor d&#8217;èxit, pateix un accident mentre condueix enmig d&#8217;una tempesta de neu. Dies després desperta a casa d&#8217;Annie Wilkes, la dona que el va rescatar. Per sort per a Paul, Annie és infermera, així que li ofereix ajuda amb la recuperació de les seves lesions. Ella confessa, a més, ser la major [&hellip;]" />
<meta property="og:url" content="https://agendaalcoy.com/ca/event/teatre-misery-de-william-goldman-carmen-conesa-marcial-alvarez-alberto-vazquez/" />
<meta property="og:site_name" content="Agenda Alcoy" />
<meta property="article:modified_time" content="2026-05-03T10:41:18+00:00" />
<meta property="og:image" content="https://agendaalcoy.com/wp-content/uploads/2026/05/19-MISERY.jpg" />
	<meta property="og:image:width" content="700" />
	<meta property="og:image:height" content="990" />
	<meta property="og:image:type" content="image/jpeg" />
<meta name="twitter:card" content="summary_large_image" />
<script type="application/ld+json" class="yoast-schema-graph">{"@context":"https://schema.org","@graph":[{"@type":"WebPage","@id":"https://agendaalcoy.com/ca/event/teatre-misery-de-william-goldman-carmen-conesa-marcial-alvarez-alberto-vazquez/","url":"https://agendaalcoy.com/ca/event/teatre-misery-de-william-goldman-carmen-conesa-marcial-alvarez-alberto-vazquez/","name":"Mostra de Teatre 2026: Teatre «MISERY» Carmen Conesa, Marcial Álvarez, Alberto Vázquez | Agenda Alcoy","isPartOf":{"@id":"https://agendaalcoy.com/ca/#website"},"primaryImageOfPage":{"@id":"https://agendaalcoy.com/ca/event/teatre-misery-de-william-goldman-carmen-conesa-marcial-alvarez-alberto-vazquez/#primaryimage"},"image":{"@id":"https://agendaalcoy.com/ca/event/teatre-misery-de-william-goldman-carmen-conesa-marcial-alvarez-alberto-vazquez/#primaryimage"},"thumbnailUrl":"https://agendaalcoy.com/wp-content/uploads/2026/05/19-MISERY.jpg","datePublished":"2026-05-01T12:41:50+00:00","dateModified":"2026-05-03T10:41:18+00:00","breadcrumb":{"@id":"https://agendaalcoy.com/ca/event/teatre-misery-de-william-goldman-carmen-conesa-marcial-alvarez-alberto-vazquez/#breadcrumb"},"inLanguage":"ca","potentialAction":[{"@type":"ReadAction","target":["https://agendaalcoy.com/ca/event/teatre-misery-de-william-goldman-carmen-conesa-marcial-alvarez-alberto-vazquez/"]}]},{"@type":"ImageObject","inLanguage":"ca","@id":"https://agendaalcoy.com/ca/event/teatre-misery-de-william-goldman-carmen-conesa-marcial-alvarez-alberto-vazquez/#primaryimage","url":"https://agendaalcoy.com/wp-content/uploads/2026/05/19-MISERY.jpg","contentUrl":"https://agendaalcoy.com/wp-content/uploads/2026/05/19-MISERY.jpg","width":700,"height":990},{"@type":"BreadcrumbList","@id":"https://agendaalcoy.com/ca/event/teatre-misery-de-william-goldman-carmen-conesa-marcial-alvarez-alberto-vazquez/#breadcrumb","itemListElement":[{"@type":"ListItem","position":1,"name":"Portada","item":"https://agendaalcoy.com/ca/"},{"@type":"ListItem","position":2,"name":"Mostra de Teatre 2026: Teatre «MISERY» Carmen Conesa, Marcial Álvarez, Alberto Vázquez"}]},{"@type":"WebSite","@id":"https://agendaalcoy.com/ca/#website","url":"https://agendaalcoy.com/ca/","name":"Agenda Alcoy","description":"Agenda Cultural de Alcoy - Conciertos, teatro, exposiciones, actividades infantiles, tradiciones...","potentialAction":[{"@type":"SearchAction","target":{"@type":"EntryPoint","urlTemplate":"https://agendaalcoy.com/ca/?s={search_term_string}"},"query-input":{"@type":"PropertyValueSpecification","valueRequired":true,"valueName":"search_term_string"}}],"inLanguage":"ca"}]}</script>
<!-- / Yoast SEO plugin. -->

Mostra de Teatre 2026: Teatre «MISERY» Carmen Conesa, Marcial Álvarez, Alberto Vázquez | Agenda Alcoy

Paul Sheldon, un escriptor d&#8217;èxit, pateix un accident mentre condueix enmig d&#8217;una tempesta de neu. Dies després desperta a casa d&#8217;Annie Wilkes, la dona que el va rescatar. Per sort per a Paul, Annie és infermera, així que li ofereix ajuda amb la recuperació de les seves lesions. Ella confessa, a més, ser la major [&hellip;]

Teatre Calderón
