{"id":53829,"date":"2026-05-01T12:12:13","date_gmt":"2026-05-01T12:12:13","guid":{"rendered":"https:\/\/agendaalcoy.com\/event\/ca\/teatre-no-diva-de-marta-estal-marta-estal"},"modified":"2026-05-03T09:50:08","modified_gmt":"2026-05-03T09:50:08","slug":"teatre-no-diva-de-marta-estal-marta-estal","status":"publish","type":"event","link":"https:\/\/agendaalcoy.com\/ca\/event\/teatre-no-diva-de-marta-estal-marta-estal\/","title":{"rendered":"Mostra de Teatre 2026: Teatre \u00abNO DIVA\u00bb Marta Estal"},"content":{"rendered":"<p>NO DIVA \u00e9s una com\u00e8dia musical que parodia la vida d&#8217;una antidiva d&#8217;\u00f2pera, explorant la lluita entre vocaci\u00f3 i superviv\u00e8ncia. <\/p>\n","protected":false},"excerpt":{"rendered":"<p>NO DIVA \u00e9s una com\u00e8dia musical que parodia la vida d&#8217;una antidiva d&#8217;\u00f2pera, explorant la lluita entre vocaci\u00f3 i superviv\u00e8ncia.<\/p>\n","protected":false},"author":1,"featured_media":53983,"comment_status":"closed","ping_status":"closed","template":"","meta":[],"event_cat":[157],"event_tag":[],"event_loc":[173],"class_list":["post-53829","event","type-event","status-publish","has-post-thumbnail","hentry","event_cat-teatre","event_loc-ivam-cada-alcoy"],"yoast_head":"<!-- This site is optimized with the Yoast SEO plugin v26.4 - https:\/\/yoast.com\/wordpress\/plugins\/seo\/ -->\n<title>Mostra de Teatre 2026: Teatre \u00abNO DIVA\u00bb Marta Estal | Agenda Alcoy<\/title>\n<meta name=\"robots\" content=\"index, follow, max-snippet:-1, max-image-preview:large, max-video-preview:-1\" \/>\n<link rel=\"canonical\" href=\"https:\/\/agendaalcoy.com\/ca\/event\/teatre-no-diva-de-marta-estal-marta-estal\/\" \/>\n<meta property=\"og:locale\" content=\"ca_ES\" \/>\n<meta property=\"og:type\" content=\"article\" \/>\n<meta property=\"og:title\" content=\"Mostra de Teatre 2026: Teatre \u00abNO DIVA\u00bb Marta Estal | Agenda Alcoy\" \/>\n<meta property=\"og:description\" content=\"NO DIVA \u00e9s una com\u00e8dia musical que parodia la vida d&#8217;una antidiva d&#8217;\u00f2pera, explorant la lluita entre vocaci\u00f3 i superviv\u00e8ncia.\" \/>\n<meta property=\"og:url\" content=\"https:\/\/agendaalcoy.com\/ca\/event\/teatre-no-diva-de-marta-estal-marta-estal\/\" \/>\n<meta property=\"og:site_name\" content=\"Agenda Alcoy\" \/>\n<meta property=\"article:modified_time\" content=\"2026-05-03T09:50:08+00:00\" \/>\n<meta property=\"og:image\" content=\"https:\/\/agendaalcoy.com\/wp-content\/uploads\/2026\/05\/10-NO-DIVA.jpg\" \/>\n\t<meta property=\"og:image:width\" content=\"700\" \/>\n\t<meta property=\"og:image:height\" content=\"990\" \/>\n\t<meta property=\"og:image:type\" content=\"image\/jpeg\" \/>\n<meta name=\"twitter:card\" content=\"summary_large_image\" \/>\n<script type=\"application\/ld+json\" class=\"yoast-schema-graph\">{\"@context\":\"https:\/\/schema.org\",\"@graph\":[{\"@type\":\"WebPage\",\"@id\":\"https:\/\/agendaalcoy.com\/ca\/event\/teatre-no-diva-de-marta-estal-marta-estal\/\",\"url\":\"https:\/\/agendaalcoy.com\/ca\/event\/teatre-no-diva-de-marta-estal-marta-estal\/\",\"name\":\"Mostra de Teatre 2026: Teatre \u00abNO DIVA\u00bb Marta Estal | Agenda Alcoy\",\"isPartOf\":{\"@id\":\"https:\/\/agendaalcoy.com\/ca\/#website\"},\"primaryImageOfPage\":{\"@id\":\"https:\/\/agendaalcoy.com\/ca\/event\/teatre-no-diva-de-marta-estal-marta-estal\/#primaryimage\"},\"image\":{\"@id\":\"https:\/\/agendaalcoy.com\/ca\/event\/teatre-no-diva-de-marta-estal-marta-estal\/#primaryimage\"},\"thumbnailUrl\":\"https:\/\/agendaalcoy.com\/wp-content\/uploads\/2026\/05\/10-NO-DIVA.jpg\",\"datePublished\":\"2026-05-01T12:12:13+00:00\",\"dateModified\":\"2026-05-03T09:50:08+00:00\",\"breadcrumb\":{\"@id\":\"https:\/\/agendaalcoy.com\/ca\/event\/teatre-no-diva-de-marta-estal-marta-estal\/#breadcrumb\"},\"inLanguage\":\"ca\",\"potentialAction\":[{\"@type\":\"ReadAction\",\"target\":[\"https:\/\/agendaalcoy.com\/ca\/event\/teatre-no-diva-de-marta-estal-marta-estal\/\"]}]},{\"@type\":\"ImageObject\",\"inLanguage\":\"ca\",\"@id\":\"https:\/\/agendaalcoy.com\/ca\/event\/teatre-no-diva-de-marta-estal-marta-estal\/#primaryimage\",\"url\":\"https:\/\/agendaalcoy.com\/wp-content\/uploads\/2026\/05\/10-NO-DIVA.jpg\",\"contentUrl\":\"https:\/\/agendaalcoy.com\/wp-content\/uploads\/2026\/05\/10-NO-DIVA.jpg\",\"width\":700,\"height\":990},{\"@type\":\"BreadcrumbList\",\"@id\":\"https:\/\/agendaalcoy.com\/ca\/event\/teatre-no-diva-de-marta-estal-marta-estal\/#breadcrumb\",\"itemListElement\":[{\"@type\":\"ListItem\",\"position\":1,\"name\":\"Portada\",\"item\":\"https:\/\/agendaalcoy.com\/ca\/\"},{\"@type\":\"ListItem\",\"position\":2,\"name\":\"Mostra de Teatre 2026: Teatre \u00abNO DIVA\u00bb Marta Estal\"}]},{\"@type\":\"WebSite\",\"@id\":\"https:\/\/agendaalcoy.com\/ca\/#website\",\"url\":\"https:\/\/agendaalcoy.com\/ca\/\",\"name\":\"Agenda Alcoy\",\"description\":\"Agenda Cultural de Alcoy - Conciertos, teatro, exposiciones, actividades infantiles, tradiciones...\",\"potentialAction\":[{\"@type\":\"SearchAction\",\"target\":{\"@type\":\"EntryPoint\",\"urlTemplate\":\"https:\/\/agendaalcoy.com\/ca\/?s={search_term_string}\"},\"query-input\":{\"@type\":\"PropertyValueSpecification\",\"valueRequired\":true,\"valueName\":\"search_term_string\"}}],\"inLanguage\":\"ca\"}]}<\/script>\n<!-- \/ Yoast SEO plugin. -->","yoast_head_json":{"title":"Mostra de Teatre 2026: Teatre \u00abNO DIVA\u00bb Marta Estal | Agenda Alcoy","robots":{"index":"index","follow":"follow","max-snippet":"max-snippet:-1","max-image-preview":"max-image-preview:large","max-video-preview":"max-video-preview:-1"},"canonical":"https:\/\/agendaalcoy.com\/ca\/event\/teatre-no-diva-de-marta-estal-marta-estal\/","og_locale":"ca_ES","og_type":"article","og_title":"Mostra de Teatre 2026: Teatre \u00abNO DIVA\u00bb Marta Estal | Agenda Alcoy","og_description":"NO DIVA \u00e9s una com\u00e8dia musical que parodia la vida d&#8217;una antidiva d&#8217;\u00f2pera, explorant la lluita entre vocaci\u00f3 i superviv\u00e8ncia.","og_url":"https:\/\/agendaalcoy.com\/ca\/event\/teatre-no-diva-de-marta-estal-marta-estal\/","og_site_name":"Agenda Alcoy","article_modified_time":"2026-05-03T09:50:08+00:00","og_image":[{"width":700,"height":990,"url":"https:\/\/agendaalcoy.com\/wp-content\/uploads\/2026\/05\/10-NO-DIVA.jpg","type":"image\/jpeg"}],"twitter_card":"summary_large_image","schema":{"@context":"https:\/\/schema.org","@graph":[{"@type":"WebPage","@id":"https:\/\/agendaalcoy.com\/ca\/event\/teatre-no-diva-de-marta-estal-marta-estal\/","url":"https:\/\/agendaalcoy.com\/ca\/event\/teatre-no-diva-de-marta-estal-marta-estal\/","name":"Mostra de Teatre 2026: Teatre \u00abNO DIVA\u00bb Marta Estal | Agenda Alcoy","isPartOf":{"@id":"https:\/\/agendaalcoy.com\/ca\/#website"},"primaryImageOfPage":{"@id":"https:\/\/agendaalcoy.com\/ca\/event\/teatre-no-diva-de-marta-estal-marta-estal\/#primaryimage"},"image":{"@id":"https:\/\/agendaalcoy.com\/ca\/event\/teatre-no-diva-de-marta-estal-marta-estal\/#primaryimage"},"thumbnailUrl":"https:\/\/agendaalcoy.com\/wp-content\/uploads\/2026\/05\/10-NO-DIVA.jpg","datePublished":"2026-05-01T12:12:13+00:00","dateModified":"2026-05-03T09:50:08+00:00","breadcrumb":{"@id":"https:\/\/agendaalcoy.com\/ca\/event\/teatre-no-diva-de-marta-estal-marta-estal\/#breadcrumb"},"inLanguage":"ca","potentialAction":[{"@type":"ReadAction","target":["https:\/\/agendaalcoy.com\/ca\/event\/teatre-no-diva-de-marta-estal-marta-estal\/"]}]},{"@type":"ImageObject","inLanguage":"ca","@id":"https:\/\/agendaalcoy.com\/ca\/event\/teatre-no-diva-de-marta-estal-marta-estal\/#primaryimage","url":"https:\/\/agendaalcoy.com\/wp-content\/uploads\/2026\/05\/10-NO-DIVA.jpg","contentUrl":"https:\/\/agendaalcoy.com\/wp-content\/uploads\/2026\/05\/10-NO-DIVA.jpg","width":700,"height":990},{"@type":"BreadcrumbList","@id":"https:\/\/agendaalcoy.com\/ca\/event\/teatre-no-diva-de-marta-estal-marta-estal\/#breadcrumb","itemListElement":[{"@type":"ListItem","position":1,"name":"Portada","item":"https:\/\/agendaalcoy.com\/ca\/"},{"@type":"ListItem","position":2,"name":"Mostra de Teatre 2026: Teatre \u00abNO DIVA\u00bb Marta Estal"}]},{"@type":"WebSite","@id":"https:\/\/agendaalcoy.com\/ca\/#website","url":"https:\/\/agendaalcoy.com\/ca\/","name":"Agenda Alcoy","description":"Agenda Cultural de Alcoy - Conciertos, teatro, exposiciones, actividades infantiles, tradiciones...","potentialAction":[{"@type":"SearchAction","target":{"@type":"EntryPoint","urlTemplate":"https:\/\/agendaalcoy.com\/ca\/?s={search_term_string}"},"query-input":{"@type":"PropertyValueSpecification","valueRequired":true,"valueName":"search_term_string"}}],"inLanguage":"ca"}]}},"start_date":"03-06-2026","end_date":"03-06-2026","start_time":"11:30","end_time":"12:00","event_address":"Sala d'Actes CADA","categories":["Teatre"],"featured_image":"https:\/\/agendaalcoy.com\/wp-content\/uploads\/2026\/05\/10-NO-DIVA.jpg","_links":{"self":[{"href":"https:\/\/agendaalcoy.com\/ca\/wp-json\/wp\/v2\/event\/53829","targetHints":{"allow":["GET"]}}],"collection":[{"href":"https:\/\/agendaalcoy.com\/ca\/wp-json\/wp\/v2\/event"}],"about":[{"href":"https:\/\/agendaalcoy.com\/ca\/wp-json\/wp\/v2\/types\/event"}],"author":[{"embeddable":true,"href":"https:\/\/agendaalcoy.com\/ca\/wp-json\/wp\/v2\/users\/1"}],"replies":[{"embeddable":true,"href":"https:\/\/agendaalcoy.com\/ca\/wp-json\/wp\/v2\/comments?post=53829"}],"version-history":[{"count":3,"href":"https:\/\/agendaalcoy.com\/ca\/wp-json\/wp\/v2\/event\/53829\/revisions"}],"predecessor-version":[{"id":54008,"href":"https:\/\/agendaalcoy.com\/ca\/wp-json\/wp\/v2\/event\/53829\/revisions\/54008"}],"wp:featuredmedia":[{"embeddable":true,"href":"https:\/\/agendaalcoy.com\/ca\/wp-json\/wp\/v2\/media\/53983"}],"wp:attachment":[{"href":"https:\/\/agendaalcoy.com\/ca\/wp-json\/wp\/v2\/media?parent=53829"}],"wp:term":[{"taxonomy":"event_cat","embeddable":true,"href":"https:\/\/agendaalcoy.com\/ca\/wp-json\/wp\/v2\/event_cat?post=53829"},{"taxonomy":"event_tag","embeddable":true,"href":"https:\/\/agendaalcoy.com\/ca\/wp-json\/wp\/v2\/event_tag?post=53829"},{"taxonomy":"event_loc","embeddable":true,"href":"https:\/\/agendaalcoy.com\/ca\/wp-json\/wp\/v2\/event_loc?post=53829"}],"curies":[{"name":"wp","href":"https:\/\/api.w.org\/{rel}","templated":true}]}}

<p>NO DIVA és una comèdia musical que parodia la vida d&#8217;una antidiva d&#8217;òpera, explorant la lluita entre vocació i supervivència. </p>

<p>NO DIVA és una comèdia musical que parodia la vida d&#8217;una antidiva d&#8217;òpera, explorant la lluita entre vocació i supervivència.</p>

<!-- This site is optimized with the Yoast SEO plugin v26.4 - https://yoast.com/wordpress/plugins/seo/ -->
<title>Mostra de Teatre 2026: Teatre «NO DIVA» Marta Estal | Agenda Alcoy</title>
<meta name="robots" content="index, follow, max-snippet:-1, max-image-preview:large, max-video-preview:-1" />
<link rel="canonical" href="https://agendaalcoy.com/ca/event/teatre-no-diva-de-marta-estal-marta-estal/" />
<meta property="og:locale" content="ca_ES" />
<meta property="og:type" content="article" />
<meta property="og:title" content="Mostra de Teatre 2026: Teatre «NO DIVA» Marta Estal | Agenda Alcoy" />
<meta property="og:description" content="NO DIVA és una comèdia musical que parodia la vida d&#8217;una antidiva d&#8217;òpera, explorant la lluita entre vocació i supervivència." />
<meta property="og:url" content="https://agendaalcoy.com/ca/event/teatre-no-diva-de-marta-estal-marta-estal/" />
<meta property="og:site_name" content="Agenda Alcoy" />
<meta property="article:modified_time" content="2026-05-03T09:50:08+00:00" />
<meta property="og:image" content="https://agendaalcoy.com/wp-content/uploads/2026/05/10-NO-DIVA.jpg" />
	<meta property="og:image:width" content="700" />
	<meta property="og:image:height" content="990" />
	<meta property="og:image:type" content="image/jpeg" />
<meta name="twitter:card" content="summary_large_image" />
<script type="application/ld+json" class="yoast-schema-graph">{"@context":"https://schema.org","@graph":[{"@type":"WebPage","@id":"https://agendaalcoy.com/ca/event/teatre-no-diva-de-marta-estal-marta-estal/","url":"https://agendaalcoy.com/ca/event/teatre-no-diva-de-marta-estal-marta-estal/","name":"Mostra de Teatre 2026: Teatre «NO DIVA» Marta Estal | Agenda Alcoy","isPartOf":{"@id":"https://agendaalcoy.com/ca/#website"},"primaryImageOfPage":{"@id":"https://agendaalcoy.com/ca/event/teatre-no-diva-de-marta-estal-marta-estal/#primaryimage"},"image":{"@id":"https://agendaalcoy.com/ca/event/teatre-no-diva-de-marta-estal-marta-estal/#primaryimage"},"thumbnailUrl":"https://agendaalcoy.com/wp-content/uploads/2026/05/10-NO-DIVA.jpg","datePublished":"2026-05-01T12:12:13+00:00","dateModified":"2026-05-03T09:50:08+00:00","breadcrumb":{"@id":"https://agendaalcoy.com/ca/event/teatre-no-diva-de-marta-estal-marta-estal/#breadcrumb"},"inLanguage":"ca","potentialAction":[{"@type":"ReadAction","target":["https://agendaalcoy.com/ca/event/teatre-no-diva-de-marta-estal-marta-estal/"]}]},{"@type":"ImageObject","inLanguage":"ca","@id":"https://agendaalcoy.com/ca/event/teatre-no-diva-de-marta-estal-marta-estal/#primaryimage","url":"https://agendaalcoy.com/wp-content/uploads/2026/05/10-NO-DIVA.jpg","contentUrl":"https://agendaalcoy.com/wp-content/uploads/2026/05/10-NO-DIVA.jpg","width":700,"height":990},{"@type":"BreadcrumbList","@id":"https://agendaalcoy.com/ca/event/teatre-no-diva-de-marta-estal-marta-estal/#breadcrumb","itemListElement":[{"@type":"ListItem","position":1,"name":"Portada","item":"https://agendaalcoy.com/ca/"},{"@type":"ListItem","position":2,"name":"Mostra de Teatre 2026: Teatre «NO DIVA» Marta Estal"}]},{"@type":"WebSite","@id":"https://agendaalcoy.com/ca/#website","url":"https://agendaalcoy.com/ca/","name":"Agenda Alcoy","description":"Agenda Cultural de Alcoy - Conciertos, teatro, exposiciones, actividades infantiles, tradiciones...","potentialAction":[{"@type":"SearchAction","target":{"@type":"EntryPoint","urlTemplate":"https://agendaalcoy.com/ca/?s={search_term_string}"},"query-input":{"@type":"PropertyValueSpecification","valueRequired":true,"valueName":"search_term_string"}}],"inLanguage":"ca"}]}</script>
<!-- / Yoast SEO plugin. -->

NO DIVA és una comèdia musical que parodia la vida d&#8217;una antidiva d&#8217;òpera, explorant la lluita entre vocació i supervivència.
