{"id":53453,"date":"2026-04-29T11:04:47","date_gmt":"2026-04-29T11:04:47","guid":{"rendered":"https:\/\/agendaalcoy.com\/event\/ca\/masterclass-pablo-gonzalez-balaguer-pablo-gonzalez-balaguer"},"modified":"2026-04-29T09:36:41","modified_gmt":"2026-04-29T09:36:41","slug":"masterclass-pablo-gonzalez-balaguer-pablo-gonzalez-balaguer","status":"publish","type":"event","link":"https:\/\/agendaalcoy.com\/ca\/event\/masterclass-pablo-gonzalez-balaguer-pablo-gonzalez-balaguer\/","title":{"rendered":"Masterclass: Pablo Gonz\u00e1lez Balaguer"},"content":{"rendered":"<p class=\"p1\">El Festival Internacional de M\u00fasica de Cambra d\u2019Alcoi, junt amb Orfeu Ensemble de Cambra, organitza un cicle de masterclass en qu\u00e8 portar\u00e0 a la ciutat reconeguts especialistes de diferents instruments. Totes les masterclass se celebraran a la seu de la Fundaci\u00f3n Mutua Levante, de 17:00 a 20:00 hores. Les sessions estaran obertes al p\u00fablic oient i, per a participar com a alumne actiu, les persones interessades hauran d\u2019inscriure\u2019s. Les dates i especialistes s\u00f3n els seg\u00fcents: 11 de maig \u2013 Mayte Abargues, flauta. Adda Simf\u00f2nica; 25 de maig \u2013 Gustavo Canet Estornell, trompa. Ajuda de Solista de l\u2019Orquestra de C\u00f2rdova; 27 i 29 de maig \u2013 Pablo Gonz\u00e1lez Balaguer, saxo. Conservatori Professional d\u2019Utiel. Inscripcions: <span class=\"s1\"><b>fimcalcoi@gmail.com<\/b><\/span><\/p>\n<p>&nbsp;<\/p>\n<p>&nbsp;<\/p>\n<p>&nbsp;<\/p>\n<p>&nbsp;<\/p>\n<p>&nbsp;<\/p>\n<p>&nbsp;<\/p>\n<p>&nbsp;<\/p>\n<p>&nbsp;<\/p>\n<p>&nbsp;<\/p>\n<p>&nbsp;<\/p>\n<p class=\"p1\">Agenda Alcoy \u00e9s un servei merament informatiu. Publiquem informaci\u00f3 facilitada per fonts disponibles o pels organitzadors, per la qual cosa no assumim cap responsabilitat si, en el moment de la publicaci\u00f3 o posteriorment, l\u2019esdeveniment haguera sigut cancel\u00b7lat, modificat, ajornat, tinguera l\u2019aforament complet, continguera errors en la descripci\u00f3 o experimentara qualsevol altre canvi no comunicat a temps pels organitzadors. Recomanem verificar sempre la informaci\u00f3 a trav\u00e9s de les fonts oficials dels organitzadors.<\/p>\n","protected":false},"excerpt":{"rendered":"<p>El Festival Internacional de M\u00fasica de Cambra d\u2019Alcoi, junt amb Orfeu Ensemble de Cambra, organitza un cicle de masterclass en qu\u00e8 portar\u00e0 a la ciutat reconeguts especialistes de diferents instruments. Totes les masterclass se celebraran a la seu de la Fundaci\u00f3n Mutua Levante, de 17:00 a 20:00 hores. Les sessions estaran obertes al p\u00fablic oient [&hellip;]<\/p>\n","protected":false},"author":1,"featured_media":53571,"comment_status":"closed","ping_status":"closed","template":"","meta":[],"event_cat":[131,169],"event_tag":[],"event_loc":[127],"class_list":["post-53453","event","type-event","status-publish","has-post-thumbnail","hentry","event_cat-concerts-musica","event_cat-tallers-cursos","event_loc-fundacion-mutua-levante"],"yoast_head":"<!-- This site is optimized with the Yoast SEO plugin v26.4 - https:\/\/yoast.com\/wordpress\/plugins\/seo\/ -->\n<title>Masterclass: Pablo Gonz\u00e1lez Balaguer | Agenda Alcoy<\/title>\n<meta name=\"robots\" content=\"index, follow, max-snippet:-1, max-image-preview:large, max-video-preview:-1\" \/>\n<link rel=\"canonical\" href=\"https:\/\/agendaalcoy.com\/ca\/event\/masterclass-pablo-gonzalez-balaguer-pablo-gonzalez-balaguer\/\" \/>\n<meta property=\"og:locale\" content=\"ca_ES\" \/>\n<meta property=\"og:type\" content=\"article\" \/>\n<meta property=\"og:title\" content=\"Masterclass: Pablo Gonz\u00e1lez Balaguer | Agenda Alcoy\" \/>\n<meta property=\"og:description\" content=\"El Festival Internacional de M\u00fasica de Cambra d\u2019Alcoi, junt amb Orfeu Ensemble de Cambra, organitza un cicle de masterclass en qu\u00e8 portar\u00e0 a la ciutat reconeguts especialistes de diferents instruments. Totes les masterclass se celebraran a la seu de la Fundaci\u00f3n Mutua Levante, de 17:00 a 20:00 hores. Les sessions estaran obertes al p\u00fablic oient [&hellip;]\" \/>\n<meta property=\"og:url\" content=\"https:\/\/agendaalcoy.com\/ca\/event\/masterclass-pablo-gonzalez-balaguer-pablo-gonzalez-balaguer\/\" \/>\n<meta property=\"og:site_name\" content=\"Agenda Alcoy\" \/>\n<meta property=\"og:image\" content=\"https:\/\/agendaalcoy.com\/wp-content\/uploads\/2026\/04\/CARTEL-insta-pablo-11-scaled.jpg\" \/>\n\t<meta property=\"og:image:width\" content=\"2048\" \/>\n\t<meta property=\"og:image:height\" content=\"2560\" \/>\n\t<meta property=\"og:image:type\" content=\"image\/jpeg\" \/>\n<meta name=\"twitter:card\" content=\"summary_large_image\" \/>\n<meta name=\"twitter:label1\" content=\"Temps estimat de lectura\" \/>\n\t<meta name=\"twitter:data1\" content=\"1 minut\" \/>\n<script type=\"application\/ld+json\" class=\"yoast-schema-graph\">{\"@context\":\"https:\/\/schema.org\",\"@graph\":[{\"@type\":\"WebPage\",\"@id\":\"https:\/\/agendaalcoy.com\/ca\/event\/masterclass-pablo-gonzalez-balaguer-pablo-gonzalez-balaguer\/\",\"url\":\"https:\/\/agendaalcoy.com\/ca\/event\/masterclass-pablo-gonzalez-balaguer-pablo-gonzalez-balaguer\/\",\"name\":\"Masterclass: Pablo Gonz\u00e1lez Balaguer | Agenda Alcoy\",\"isPartOf\":{\"@id\":\"https:\/\/agendaalcoy.com\/ca\/#website\"},\"primaryImageOfPage\":{\"@id\":\"https:\/\/agendaalcoy.com\/ca\/event\/masterclass-pablo-gonzalez-balaguer-pablo-gonzalez-balaguer\/#primaryimage\"},\"image\":{\"@id\":\"https:\/\/agendaalcoy.com\/ca\/event\/masterclass-pablo-gonzalez-balaguer-pablo-gonzalez-balaguer\/#primaryimage\"},\"thumbnailUrl\":\"https:\/\/agendaalcoy.com\/wp-content\/uploads\/2026\/04\/CARTEL-insta-pablo-11-scaled.jpg\",\"datePublished\":\"2026-04-29T11:04:47+00:00\",\"breadcrumb\":{\"@id\":\"https:\/\/agendaalcoy.com\/ca\/event\/masterclass-pablo-gonzalez-balaguer-pablo-gonzalez-balaguer\/#breadcrumb\"},\"inLanguage\":\"ca\",\"potentialAction\":[{\"@type\":\"ReadAction\",\"target\":[\"https:\/\/agendaalcoy.com\/ca\/event\/masterclass-pablo-gonzalez-balaguer-pablo-gonzalez-balaguer\/\"]}]},{\"@type\":\"ImageObject\",\"inLanguage\":\"ca\",\"@id\":\"https:\/\/agendaalcoy.com\/ca\/event\/masterclass-pablo-gonzalez-balaguer-pablo-gonzalez-balaguer\/#primaryimage\",\"url\":\"https:\/\/agendaalcoy.com\/wp-content\/uploads\/2026\/04\/CARTEL-insta-pablo-11-scaled.jpg\",\"contentUrl\":\"https:\/\/agendaalcoy.com\/wp-content\/uploads\/2026\/04\/CARTEL-insta-pablo-11-scaled.jpg\",\"width\":2048,\"height\":2560},{\"@type\":\"BreadcrumbList\",\"@id\":\"https:\/\/agendaalcoy.com\/ca\/event\/masterclass-pablo-gonzalez-balaguer-pablo-gonzalez-balaguer\/#breadcrumb\",\"itemListElement\":[{\"@type\":\"ListItem\",\"position\":1,\"name\":\"Portada\",\"item\":\"https:\/\/agendaalcoy.com\/ca\/\"},{\"@type\":\"ListItem\",\"position\":2,\"name\":\"Masterclass: Pablo Gonz\u00e1lez Balaguer\"}]},{\"@type\":\"WebSite\",\"@id\":\"https:\/\/agendaalcoy.com\/ca\/#website\",\"url\":\"https:\/\/agendaalcoy.com\/ca\/\",\"name\":\"Agenda Alcoy\",\"description\":\"Agenda Cultural de Alcoy - Conciertos, teatro, exposiciones, actividades infantiles, tradiciones...\",\"potentialAction\":[{\"@type\":\"SearchAction\",\"target\":{\"@type\":\"EntryPoint\",\"urlTemplate\":\"https:\/\/agendaalcoy.com\/ca\/?s={search_term_string}\"},\"query-input\":{\"@type\":\"PropertyValueSpecification\",\"valueRequired\":true,\"valueName\":\"search_term_string\"}}],\"inLanguage\":\"ca\"}]}<\/script>\n<!-- \/ Yoast SEO plugin. -->","yoast_head_json":{"title":"Masterclass: Pablo Gonz\u00e1lez Balaguer | Agenda Alcoy","robots":{"index":"index","follow":"follow","max-snippet":"max-snippet:-1","max-image-preview":"max-image-preview:large","max-video-preview":"max-video-preview:-1"},"canonical":"https:\/\/agendaalcoy.com\/ca\/event\/masterclass-pablo-gonzalez-balaguer-pablo-gonzalez-balaguer\/","og_locale":"ca_ES","og_type":"article","og_title":"Masterclass: Pablo Gonz\u00e1lez Balaguer | Agenda Alcoy","og_description":"El Festival Internacional de M\u00fasica de Cambra d\u2019Alcoi, junt amb Orfeu Ensemble de Cambra, organitza un cicle de masterclass en qu\u00e8 portar\u00e0 a la ciutat reconeguts especialistes de diferents instruments. Totes les masterclass se celebraran a la seu de la Fundaci\u00f3n Mutua Levante, de 17:00 a 20:00 hores. Les sessions estaran obertes al p\u00fablic oient [&hellip;]","og_url":"https:\/\/agendaalcoy.com\/ca\/event\/masterclass-pablo-gonzalez-balaguer-pablo-gonzalez-balaguer\/","og_site_name":"Agenda Alcoy","og_image":[{"width":2048,"height":2560,"url":"https:\/\/agendaalcoy.com\/wp-content\/uploads\/2026\/04\/CARTEL-insta-pablo-11-scaled.jpg","type":"image\/jpeg"}],"twitter_card":"summary_large_image","twitter_misc":{"Temps estimat de lectura":"1 minut"},"schema":{"@context":"https:\/\/schema.org","@graph":[{"@type":"WebPage","@id":"https:\/\/agendaalcoy.com\/ca\/event\/masterclass-pablo-gonzalez-balaguer-pablo-gonzalez-balaguer\/","url":"https:\/\/agendaalcoy.com\/ca\/event\/masterclass-pablo-gonzalez-balaguer-pablo-gonzalez-balaguer\/","name":"Masterclass: Pablo Gonz\u00e1lez Balaguer | Agenda Alcoy","isPartOf":{"@id":"https:\/\/agendaalcoy.com\/ca\/#website"},"primaryImageOfPage":{"@id":"https:\/\/agendaalcoy.com\/ca\/event\/masterclass-pablo-gonzalez-balaguer-pablo-gonzalez-balaguer\/#primaryimage"},"image":{"@id":"https:\/\/agendaalcoy.com\/ca\/event\/masterclass-pablo-gonzalez-balaguer-pablo-gonzalez-balaguer\/#primaryimage"},"thumbnailUrl":"https:\/\/agendaalcoy.com\/wp-content\/uploads\/2026\/04\/CARTEL-insta-pablo-11-scaled.jpg","datePublished":"2026-04-29T11:04:47+00:00","breadcrumb":{"@id":"https:\/\/agendaalcoy.com\/ca\/event\/masterclass-pablo-gonzalez-balaguer-pablo-gonzalez-balaguer\/#breadcrumb"},"inLanguage":"ca","potentialAction":[{"@type":"ReadAction","target":["https:\/\/agendaalcoy.com\/ca\/event\/masterclass-pablo-gonzalez-balaguer-pablo-gonzalez-balaguer\/"]}]},{"@type":"ImageObject","inLanguage":"ca","@id":"https:\/\/agendaalcoy.com\/ca\/event\/masterclass-pablo-gonzalez-balaguer-pablo-gonzalez-balaguer\/#primaryimage","url":"https:\/\/agendaalcoy.com\/wp-content\/uploads\/2026\/04\/CARTEL-insta-pablo-11-scaled.jpg","contentUrl":"https:\/\/agendaalcoy.com\/wp-content\/uploads\/2026\/04\/CARTEL-insta-pablo-11-scaled.jpg","width":2048,"height":2560},{"@type":"BreadcrumbList","@id":"https:\/\/agendaalcoy.com\/ca\/event\/masterclass-pablo-gonzalez-balaguer-pablo-gonzalez-balaguer\/#breadcrumb","itemListElement":[{"@type":"ListItem","position":1,"name":"Portada","item":"https:\/\/agendaalcoy.com\/ca\/"},{"@type":"ListItem","position":2,"name":"Masterclass: Pablo Gonz\u00e1lez Balaguer"}]},{"@type":"WebSite","@id":"https:\/\/agendaalcoy.com\/ca\/#website","url":"https:\/\/agendaalcoy.com\/ca\/","name":"Agenda Alcoy","description":"Agenda Cultural de Alcoy - Conciertos, teatro, exposiciones, actividades infantiles, tradiciones...","potentialAction":[{"@type":"SearchAction","target":{"@type":"EntryPoint","urlTemplate":"https:\/\/agendaalcoy.com\/ca\/?s={search_term_string}"},"query-input":{"@type":"PropertyValueSpecification","valueRequired":true,"valueName":"search_term_string"}}],"inLanguage":"ca"}]}},"start_date":"27-05-2026","end_date":"27-05-2026","start_time":"17:00","end_time":"18:30","event_address":"Fundaci\u00f3n Mutua Levante","categories":["M\u00fasica","Tallers"],"featured_image":"https:\/\/agendaalcoy.com\/wp-content\/uploads\/2026\/04\/CARTEL-insta-pablo-11-scaled.jpg","_links":{"self":[{"href":"https:\/\/agendaalcoy.com\/ca\/wp-json\/wp\/v2\/event\/53453","targetHints":{"allow":["GET"]}}],"collection":[{"href":"https:\/\/agendaalcoy.com\/ca\/wp-json\/wp\/v2\/event"}],"about":[{"href":"https:\/\/agendaalcoy.com\/ca\/wp-json\/wp\/v2\/types\/event"}],"author":[{"embeddable":true,"href":"https:\/\/agendaalcoy.com\/ca\/wp-json\/wp\/v2\/users\/1"}],"replies":[{"embeddable":true,"href":"https:\/\/agendaalcoy.com\/ca\/wp-json\/wp\/v2\/comments?post=53453"}],"version-history":[{"count":3,"href":"https:\/\/agendaalcoy.com\/ca\/wp-json\/wp\/v2\/event\/53453\/revisions"}],"predecessor-version":[{"id":53565,"href":"https:\/\/agendaalcoy.com\/ca\/wp-json\/wp\/v2\/event\/53453\/revisions\/53565"}],"wp:featuredmedia":[{"embeddable":true,"href":"https:\/\/agendaalcoy.com\/ca\/wp-json\/wp\/v2\/media\/53571"}],"wp:attachment":[{"href":"https:\/\/agendaalcoy.com\/ca\/wp-json\/wp\/v2\/media?parent=53453"}],"wp:term":[{"taxonomy":"event_cat","embeddable":true,"href":"https:\/\/agendaalcoy.com\/ca\/wp-json\/wp\/v2\/event_cat?post=53453"},{"taxonomy":"event_tag","embeddable":true,"href":"https:\/\/agendaalcoy.com\/ca\/wp-json\/wp\/v2\/event_tag?post=53453"},{"taxonomy":"event_loc","embeddable":true,"href":"https:\/\/agendaalcoy.com\/ca\/wp-json\/wp\/v2\/event_loc?post=53453"}],"curies":[{"name":"wp","href":"https:\/\/api.w.org\/{rel}","templated":true}]}}

Masterclass: Pablo González Balaguer

<p class="p1">El Festival Internacional de Música de Cambra d’Alcoi, junt amb Orfeu Ensemble de Cambra, organitza un cicle de masterclass en què portarà a la ciutat reconeguts especialistes de diferents instruments. Totes les masterclass se celebraran a la seu de la Fundación Mutua Levante, de 17:00 a 20:00 hores. Les sessions estaran obertes al públic oient i, per a participar com a alumne actiu, les persones interessades hauran d’inscriure’s. Les dates i especialistes són els següents: 11 de maig – Mayte Abargues, flauta. Adda Simfònica; 25 de maig – Gustavo Canet Estornell, trompa. Ajuda de Solista de l’Orquestra de Còrdova; 27 i 29 de maig – Pablo González Balaguer, saxo. Conservatori Professional d’Utiel. Inscripcions: <span class="s1"><b>fimcalcoi@gmail.com</b></span></p>
<p>&nbsp;</p>
<p>&nbsp;</p>
<p>&nbsp;</p>
<p>&nbsp;</p>
<p>&nbsp;</p>
<p>&nbsp;</p>
<p>&nbsp;</p>
<p>&nbsp;</p>
<p>&nbsp;</p>
<p>&nbsp;</p>
<p class="p1">Agenda Alcoy és un servei merament informatiu. Publiquem informació facilitada per fonts disponibles o pels organitzadors, per la qual cosa no assumim cap responsabilitat si, en el moment de la publicació o posteriorment, l’esdeveniment haguera sigut cancel·lat, modificat, ajornat, tinguera l’aforament complet, continguera errors en la descripció o experimentara qualsevol altre canvi no comunicat a temps pels organitzadors. Recomanem verificar sempre la informació a través de les fonts oficials dels organitzadors.</p>

<p>El Festival Internacional de Música de Cambra d’Alcoi, junt amb Orfeu Ensemble de Cambra, organitza un cicle de masterclass en què portarà a la ciutat reconeguts especialistes de diferents instruments. Totes les masterclass se celebraran a la seu de la Fundación Mutua Levante, de 17:00 a 20:00 hores. Les sessions estaran obertes al públic oient [&hellip;]</p>

<!-- This site is optimized with the Yoast SEO plugin v26.4 - https://yoast.com/wordpress/plugins/seo/ -->
<title>Masterclass: Pablo González Balaguer | Agenda Alcoy</title>
<meta name="robots" content="index, follow, max-snippet:-1, max-image-preview:large, max-video-preview:-1" />
<link rel="canonical" href="https://agendaalcoy.com/ca/event/masterclass-pablo-gonzalez-balaguer-pablo-gonzalez-balaguer/" />
<meta property="og:locale" content="ca_ES" />
<meta property="og:type" content="article" />
<meta property="og:title" content="Masterclass: Pablo González Balaguer | Agenda Alcoy" />
<meta property="og:description" content="El Festival Internacional de Música de Cambra d’Alcoi, junt amb Orfeu Ensemble de Cambra, organitza un cicle de masterclass en què portarà a la ciutat reconeguts especialistes de diferents instruments. Totes les masterclass se celebraran a la seu de la Fundación Mutua Levante, de 17:00 a 20:00 hores. Les sessions estaran obertes al públic oient [&hellip;]" />
<meta property="og:url" content="https://agendaalcoy.com/ca/event/masterclass-pablo-gonzalez-balaguer-pablo-gonzalez-balaguer/" />
<meta property="og:site_name" content="Agenda Alcoy" />
<meta property="og:image" content="https://agendaalcoy.com/wp-content/uploads/2026/04/CARTEL-insta-pablo-11-scaled.jpg" />
	<meta property="og:image:width" content="2048" />
	<meta property="og:image:height" content="2560" />
	<meta property="og:image:type" content="image/jpeg" />
<meta name="twitter:card" content="summary_large_image" />
<meta name="twitter:label1" content="Temps estimat de lectura" />
	<meta name="twitter:data1" content="1 minut" />
<script type="application/ld+json" class="yoast-schema-graph">{"@context":"https://schema.org","@graph":[{"@type":"WebPage","@id":"https://agendaalcoy.com/ca/event/masterclass-pablo-gonzalez-balaguer-pablo-gonzalez-balaguer/","url":"https://agendaalcoy.com/ca/event/masterclass-pablo-gonzalez-balaguer-pablo-gonzalez-balaguer/","name":"Masterclass: Pablo González Balaguer | Agenda Alcoy","isPartOf":{"@id":"https://agendaalcoy.com/ca/#website"},"primaryImageOfPage":{"@id":"https://agendaalcoy.com/ca/event/masterclass-pablo-gonzalez-balaguer-pablo-gonzalez-balaguer/#primaryimage"},"image":{"@id":"https://agendaalcoy.com/ca/event/masterclass-pablo-gonzalez-balaguer-pablo-gonzalez-balaguer/#primaryimage"},"thumbnailUrl":"https://agendaalcoy.com/wp-content/uploads/2026/04/CARTEL-insta-pablo-11-scaled.jpg","datePublished":"2026-04-29T11:04:47+00:00","breadcrumb":{"@id":"https://agendaalcoy.com/ca/event/masterclass-pablo-gonzalez-balaguer-pablo-gonzalez-balaguer/#breadcrumb"},"inLanguage":"ca","potentialAction":[{"@type":"ReadAction","target":["https://agendaalcoy.com/ca/event/masterclass-pablo-gonzalez-balaguer-pablo-gonzalez-balaguer/"]}]},{"@type":"ImageObject","inLanguage":"ca","@id":"https://agendaalcoy.com/ca/event/masterclass-pablo-gonzalez-balaguer-pablo-gonzalez-balaguer/#primaryimage","url":"https://agendaalcoy.com/wp-content/uploads/2026/04/CARTEL-insta-pablo-11-scaled.jpg","contentUrl":"https://agendaalcoy.com/wp-content/uploads/2026/04/CARTEL-insta-pablo-11-scaled.jpg","width":2048,"height":2560},{"@type":"BreadcrumbList","@id":"https://agendaalcoy.com/ca/event/masterclass-pablo-gonzalez-balaguer-pablo-gonzalez-balaguer/#breadcrumb","itemListElement":[{"@type":"ListItem","position":1,"name":"Portada","item":"https://agendaalcoy.com/ca/"},{"@type":"ListItem","position":2,"name":"Masterclass: Pablo González Balaguer"}]},{"@type":"WebSite","@id":"https://agendaalcoy.com/ca/#website","url":"https://agendaalcoy.com/ca/","name":"Agenda Alcoy","description":"Agenda Cultural de Alcoy - Conciertos, teatro, exposiciones, actividades infantiles, tradiciones...","potentialAction":[{"@type":"SearchAction","target":{"@type":"EntryPoint","urlTemplate":"https://agendaalcoy.com/ca/?s={search_term_string}"},"query-input":{"@type":"PropertyValueSpecification","valueRequired":true,"valueName":"search_term_string"}}],"inLanguage":"ca"}]}</script>
<!-- / Yoast SEO plugin. -->

Masterclass: Pablo González Balaguer | Agenda Alcoy

El Festival Internacional de Música de Cambra d’Alcoi, junt amb Orfeu Ensemble de Cambra, organitza un cicle de masterclass en què portarà a la ciutat reconeguts especialistes de diferents instruments. Totes les masterclass se celebraran a la seu de la Fundación Mutua Levante, de 17:00 a 20:00 hores. Les sessions estaran obertes al públic oient [&hellip;]

Fundación Mutua Levante

Música
