{"id":53068,"date":"2026-04-24T05:40:04","date_gmt":"2026-04-24T05:40:04","guid":{"rendered":"https:\/\/agendaalcoy.com\/event\/ca\/tapa-i-festa-fira-gastronomica"},"modified":"2026-04-23T22:00:55","modified_gmt":"2026-04-23T22:00:55","slug":"tapa-i-festa-fira-gastronomica-2","status":"publish","type":"event","link":"https:\/\/agendaalcoy.com\/ca\/event\/tapa-i-festa-fira-gastronomica-2\/","title":{"rendered":"\u00abTapa i Festa: Fira Gastron\u00f2mica\u00bb"},"content":{"rendered":"<p>La Fira Gastron\u00f2mica &#8216;Tapa i Festa&#8217; se celebra en el Parc de la Glorieta de Alcoy del 23 al 27 de abril de 2026. Disfruta de la mejor gastronom\u00eda, m\u00fasica en directo y ambiente festivo. Habr\u00e1 21 food trucks con opciones variadas, incluyendo opciones sin gluten y vegetarianas. Los horarios de apertura son el 23 de abril de 18:00 a 02:00 y del 24 al 27 de abril de 10:00 a 02:00. <\/p>\n","protected":false},"excerpt":{"rendered":"<p>La Fira Gastron\u00f2mica &#8216;Tapa i Festa&#8217; se celebra en el Parc de la Glorieta de Alcoy del 23 al 27 de abril de 2026. Disfruta de la mejor gastronom\u00eda, m\u00fasica en directo y ambiente festivo. Habr\u00e1 21 food trucks con opciones variadas, incluyendo opciones sin gluten y vegetarianas. Los horarios de apertura son el 23 [&hellip;]<\/p>\n","protected":false},"author":1,"featured_media":53347,"comment_status":"closed","ping_status":"closed","template":"","meta":[],"event_cat":[131,154],"event_tag":[],"event_loc":[200],"class_list":["post-53068","event","type-event","status-publish","has-post-thumbnail","hentry","event_cat-concerts-musica","event_cat-tradicions-festes","event_loc-parc-de-la-glorieta"],"yoast_head":"<!-- This site is optimized with the Yoast SEO plugin v26.4 - https:\/\/yoast.com\/wordpress\/plugins\/seo\/ -->\n<title>\u00abTapa i Festa: Fira Gastron\u00f2mica\u00bb | Agenda Alcoy<\/title>\n<meta name=\"robots\" content=\"index, follow, max-snippet:-1, max-image-preview:large, max-video-preview:-1\" \/>\n<link rel=\"canonical\" href=\"https:\/\/agendaalcoy.com\/ca\/event\/tapa-i-festa-fira-gastronomica-2\/\" \/>\n<meta property=\"og:locale\" content=\"ca_ES\" \/>\n<meta property=\"og:type\" content=\"article\" \/>\n<meta property=\"og:title\" content=\"\u00abTapa i Festa: Fira Gastron\u00f2mica\u00bb | Agenda Alcoy\" \/>\n<meta property=\"og:description\" content=\"La Fira Gastron\u00f2mica &#8216;Tapa i Festa&#8217; se celebra en el Parc de la Glorieta de Alcoy del 23 al 27 de abril de 2026. Disfruta de la mejor gastronom\u00eda, m\u00fasica en directo y ambiente festivo. Habr\u00e1 21 food trucks con opciones variadas, incluyendo opciones sin gluten y vegetarianas. Los horarios de apertura son el 23 [&hellip;]\" \/>\n<meta property=\"og:url\" content=\"https:\/\/agendaalcoy.com\/ca\/event\/tapa-i-festa-fira-gastronomica-2\/\" \/>\n<meta property=\"og:site_name\" content=\"Agenda Alcoy\" \/>\n<meta property=\"og:image\" content=\"https:\/\/agendaalcoy.com\/wp-content\/uploads\/2026\/04\/tapa-i-festa-web.jpg\" \/>\n\t<meta property=\"og:image:width\" content=\"506\" \/>\n\t<meta property=\"og:image:height\" content=\"900\" \/>\n\t<meta property=\"og:image:type\" content=\"image\/jpeg\" \/>\n<meta name=\"twitter:card\" content=\"summary_large_image\" \/>\n<script type=\"application\/ld+json\" class=\"yoast-schema-graph\">{\"@context\":\"https:\/\/schema.org\",\"@graph\":[{\"@type\":\"WebPage\",\"@id\":\"https:\/\/agendaalcoy.com\/ca\/event\/tapa-i-festa-fira-gastronomica-2\/\",\"url\":\"https:\/\/agendaalcoy.com\/ca\/event\/tapa-i-festa-fira-gastronomica-2\/\",\"name\":\"\u00abTapa i Festa: Fira Gastron\u00f2mica\u00bb | Agenda Alcoy\",\"isPartOf\":{\"@id\":\"https:\/\/agendaalcoy.com\/ca\/#website\"},\"primaryImageOfPage\":{\"@id\":\"https:\/\/agendaalcoy.com\/ca\/event\/tapa-i-festa-fira-gastronomica-2\/#primaryimage\"},\"image\":{\"@id\":\"https:\/\/agendaalcoy.com\/ca\/event\/tapa-i-festa-fira-gastronomica-2\/#primaryimage\"},\"thumbnailUrl\":\"https:\/\/agendaalcoy.com\/wp-content\/uploads\/2026\/04\/tapa-i-festa-web.jpg\",\"datePublished\":\"2026-04-24T05:40:04+00:00\",\"breadcrumb\":{\"@id\":\"https:\/\/agendaalcoy.com\/ca\/event\/tapa-i-festa-fira-gastronomica-2\/#breadcrumb\"},\"inLanguage\":\"ca\",\"potentialAction\":[{\"@type\":\"ReadAction\",\"target\":[\"https:\/\/agendaalcoy.com\/ca\/event\/tapa-i-festa-fira-gastronomica-2\/\"]}]},{\"@type\":\"ImageObject\",\"inLanguage\":\"ca\",\"@id\":\"https:\/\/agendaalcoy.com\/ca\/event\/tapa-i-festa-fira-gastronomica-2\/#primaryimage\",\"url\":\"https:\/\/agendaalcoy.com\/wp-content\/uploads\/2026\/04\/tapa-i-festa-web.jpg\",\"contentUrl\":\"https:\/\/agendaalcoy.com\/wp-content\/uploads\/2026\/04\/tapa-i-festa-web.jpg\",\"width\":506,\"height\":900},{\"@type\":\"BreadcrumbList\",\"@id\":\"https:\/\/agendaalcoy.com\/ca\/event\/tapa-i-festa-fira-gastronomica-2\/#breadcrumb\",\"itemListElement\":[{\"@type\":\"ListItem\",\"position\":1,\"name\":\"Portada\",\"item\":\"https:\/\/agendaalcoy.com\/ca\/\"},{\"@type\":\"ListItem\",\"position\":2,\"name\":\"\u00abTapa i Festa: Fira Gastron\u00f2mica\u00bb\"}]},{\"@type\":\"WebSite\",\"@id\":\"https:\/\/agendaalcoy.com\/ca\/#website\",\"url\":\"https:\/\/agendaalcoy.com\/ca\/\",\"name\":\"Agenda Alcoy\",\"description\":\"Agenda Cultural de Alcoy - Conciertos, teatro, exposiciones, actividades infantiles, tradiciones...\",\"potentialAction\":[{\"@type\":\"SearchAction\",\"target\":{\"@type\":\"EntryPoint\",\"urlTemplate\":\"https:\/\/agendaalcoy.com\/ca\/?s={search_term_string}\"},\"query-input\":{\"@type\":\"PropertyValueSpecification\",\"valueRequired\":true,\"valueName\":\"search_term_string\"}}],\"inLanguage\":\"ca\"}]}<\/script>\n<!-- \/ Yoast SEO plugin. -->","yoast_head_json":{"title":"\u00abTapa i Festa: Fira Gastron\u00f2mica\u00bb | Agenda Alcoy","robots":{"index":"index","follow":"follow","max-snippet":"max-snippet:-1","max-image-preview":"max-image-preview:large","max-video-preview":"max-video-preview:-1"},"canonical":"https:\/\/agendaalcoy.com\/ca\/event\/tapa-i-festa-fira-gastronomica-2\/","og_locale":"ca_ES","og_type":"article","og_title":"\u00abTapa i Festa: Fira Gastron\u00f2mica\u00bb | Agenda Alcoy","og_description":"La Fira Gastron\u00f2mica &#8216;Tapa i Festa&#8217; se celebra en el Parc de la Glorieta de Alcoy del 23 al 27 de abril de 2026. Disfruta de la mejor gastronom\u00eda, m\u00fasica en directo y ambiente festivo. Habr\u00e1 21 food trucks con opciones variadas, incluyendo opciones sin gluten y vegetarianas. Los horarios de apertura son el 23 [&hellip;]","og_url":"https:\/\/agendaalcoy.com\/ca\/event\/tapa-i-festa-fira-gastronomica-2\/","og_site_name":"Agenda Alcoy","og_image":[{"width":506,"height":900,"url":"https:\/\/agendaalcoy.com\/wp-content\/uploads\/2026\/04\/tapa-i-festa-web.jpg","type":"image\/jpeg"}],"twitter_card":"summary_large_image","schema":{"@context":"https:\/\/schema.org","@graph":[{"@type":"WebPage","@id":"https:\/\/agendaalcoy.com\/ca\/event\/tapa-i-festa-fira-gastronomica-2\/","url":"https:\/\/agendaalcoy.com\/ca\/event\/tapa-i-festa-fira-gastronomica-2\/","name":"\u00abTapa i Festa: Fira Gastron\u00f2mica\u00bb | Agenda Alcoy","isPartOf":{"@id":"https:\/\/agendaalcoy.com\/ca\/#website"},"primaryImageOfPage":{"@id":"https:\/\/agendaalcoy.com\/ca\/event\/tapa-i-festa-fira-gastronomica-2\/#primaryimage"},"image":{"@id":"https:\/\/agendaalcoy.com\/ca\/event\/tapa-i-festa-fira-gastronomica-2\/#primaryimage"},"thumbnailUrl":"https:\/\/agendaalcoy.com\/wp-content\/uploads\/2026\/04\/tapa-i-festa-web.jpg","datePublished":"2026-04-24T05:40:04+00:00","breadcrumb":{"@id":"https:\/\/agendaalcoy.com\/ca\/event\/tapa-i-festa-fira-gastronomica-2\/#breadcrumb"},"inLanguage":"ca","potentialAction":[{"@type":"ReadAction","target":["https:\/\/agendaalcoy.com\/ca\/event\/tapa-i-festa-fira-gastronomica-2\/"]}]},{"@type":"ImageObject","inLanguage":"ca","@id":"https:\/\/agendaalcoy.com\/ca\/event\/tapa-i-festa-fira-gastronomica-2\/#primaryimage","url":"https:\/\/agendaalcoy.com\/wp-content\/uploads\/2026\/04\/tapa-i-festa-web.jpg","contentUrl":"https:\/\/agendaalcoy.com\/wp-content\/uploads\/2026\/04\/tapa-i-festa-web.jpg","width":506,"height":900},{"@type":"BreadcrumbList","@id":"https:\/\/agendaalcoy.com\/ca\/event\/tapa-i-festa-fira-gastronomica-2\/#breadcrumb","itemListElement":[{"@type":"ListItem","position":1,"name":"Portada","item":"https:\/\/agendaalcoy.com\/ca\/"},{"@type":"ListItem","position":2,"name":"\u00abTapa i Festa: Fira Gastron\u00f2mica\u00bb"}]},{"@type":"WebSite","@id":"https:\/\/agendaalcoy.com\/ca\/#website","url":"https:\/\/agendaalcoy.com\/ca\/","name":"Agenda Alcoy","description":"Agenda Cultural de Alcoy - Conciertos, teatro, exposiciones, actividades infantiles, tradiciones...","potentialAction":[{"@type":"SearchAction","target":{"@type":"EntryPoint","urlTemplate":"https:\/\/agendaalcoy.com\/ca\/?s={search_term_string}"},"query-input":{"@type":"PropertyValueSpecification","valueRequired":true,"valueName":"search_term_string"}}],"inLanguage":"ca"}]}},"start_date":"23-04-2026","end_date":"28-04-2026","start_time":"10:00","end_time":"02:00","event_address":"Parc de la Glorieta","categories":["M\u00fasica","Tradicions"],"featured_image":"https:\/\/agendaalcoy.com\/wp-content\/uploads\/2026\/04\/tapa-i-festa-web.jpg","_links":{"self":[{"href":"https:\/\/agendaalcoy.com\/ca\/wp-json\/wp\/v2\/event\/53068","targetHints":{"allow":["GET"]}}],"collection":[{"href":"https:\/\/agendaalcoy.com\/ca\/wp-json\/wp\/v2\/event"}],"about":[{"href":"https:\/\/agendaalcoy.com\/ca\/wp-json\/wp\/v2\/types\/event"}],"author":[{"embeddable":true,"href":"https:\/\/agendaalcoy.com\/ca\/wp-json\/wp\/v2\/users\/1"}],"replies":[{"embeddable":true,"href":"https:\/\/agendaalcoy.com\/ca\/wp-json\/wp\/v2\/comments?post=53068"}],"version-history":[{"count":1,"href":"https:\/\/agendaalcoy.com\/ca\/wp-json\/wp\/v2\/event\/53068\/revisions"}],"predecessor-version":[{"id":53351,"href":"https:\/\/agendaalcoy.com\/ca\/wp-json\/wp\/v2\/event\/53068\/revisions\/53351"}],"wp:featuredmedia":[{"embeddable":true,"href":"https:\/\/agendaalcoy.com\/ca\/wp-json\/wp\/v2\/media\/53347"}],"wp:attachment":[{"href":"https:\/\/agendaalcoy.com\/ca\/wp-json\/wp\/v2\/media?parent=53068"}],"wp:term":[{"taxonomy":"event_cat","embeddable":true,"href":"https:\/\/agendaalcoy.com\/ca\/wp-json\/wp\/v2\/event_cat?post=53068"},{"taxonomy":"event_tag","embeddable":true,"href":"https:\/\/agendaalcoy.com\/ca\/wp-json\/wp\/v2\/event_tag?post=53068"},{"taxonomy":"event_loc","embeddable":true,"href":"https:\/\/agendaalcoy.com\/ca\/wp-json\/wp\/v2\/event_loc?post=53068"}],"curies":[{"name":"wp","href":"https:\/\/api.w.org\/{rel}","templated":true}]}}

«Tapa i Festa: Fira Gastronòmica»

<p>La Fira Gastronòmica &#8216;Tapa i Festa&#8217; se celebra en el Parc de la Glorieta de Alcoy del 23 al 27 de abril de 2026. Disfruta de la mejor gastronomía, música en directo y ambiente festivo. Habrá 21 food trucks con opciones variadas, incluyendo opciones sin gluten y vegetarianas. Los horarios de apertura son el 23 de abril de 18:00 a 02:00 y del 24 al 27 de abril de 10:00 a 02:00. </p>

<p>La Fira Gastronòmica &#8216;Tapa i Festa&#8217; se celebra en el Parc de la Glorieta de Alcoy del 23 al 27 de abril de 2026. Disfruta de la mejor gastronomía, música en directo y ambiente festivo. Habrá 21 food trucks con opciones variadas, incluyendo opciones sin gluten y vegetarianas. Los horarios de apertura son el 23 [&hellip;]</p>

<!-- This site is optimized with the Yoast SEO plugin v26.4 - https://yoast.com/wordpress/plugins/seo/ -->
<title>«Tapa i Festa: Fira Gastronòmica» | Agenda Alcoy</title>
<meta name="robots" content="index, follow, max-snippet:-1, max-image-preview:large, max-video-preview:-1" />
<link rel="canonical" href="https://agendaalcoy.com/ca/event/tapa-i-festa-fira-gastronomica-2/" />
<meta property="og:locale" content="ca_ES" />
<meta property="og:type" content="article" />
<meta property="og:title" content="«Tapa i Festa: Fira Gastronòmica» | Agenda Alcoy" />
<meta property="og:description" content="La Fira Gastronòmica &#8216;Tapa i Festa&#8217; se celebra en el Parc de la Glorieta de Alcoy del 23 al 27 de abril de 2026. Disfruta de la mejor gastronomía, música en directo y ambiente festivo. Habrá 21 food trucks con opciones variadas, incluyendo opciones sin gluten y vegetarianas. Los horarios de apertura son el 23 [&hellip;]" />
<meta property="og:url" content="https://agendaalcoy.com/ca/event/tapa-i-festa-fira-gastronomica-2/" />
<meta property="og:site_name" content="Agenda Alcoy" />
<meta property="og:image" content="https://agendaalcoy.com/wp-content/uploads/2026/04/tapa-i-festa-web.jpg" />
	<meta property="og:image:width" content="506" />
	<meta property="og:image:height" content="900" />
	<meta property="og:image:type" content="image/jpeg" />
<meta name="twitter:card" content="summary_large_image" />
<script type="application/ld+json" class="yoast-schema-graph">{"@context":"https://schema.org","@graph":[{"@type":"WebPage","@id":"https://agendaalcoy.com/ca/event/tapa-i-festa-fira-gastronomica-2/","url":"https://agendaalcoy.com/ca/event/tapa-i-festa-fira-gastronomica-2/","name":"«Tapa i Festa: Fira Gastronòmica» | Agenda Alcoy","isPartOf":{"@id":"https://agendaalcoy.com/ca/#website"},"primaryImageOfPage":{"@id":"https://agendaalcoy.com/ca/event/tapa-i-festa-fira-gastronomica-2/#primaryimage"},"image":{"@id":"https://agendaalcoy.com/ca/event/tapa-i-festa-fira-gastronomica-2/#primaryimage"},"thumbnailUrl":"https://agendaalcoy.com/wp-content/uploads/2026/04/tapa-i-festa-web.jpg","datePublished":"2026-04-24T05:40:04+00:00","breadcrumb":{"@id":"https://agendaalcoy.com/ca/event/tapa-i-festa-fira-gastronomica-2/#breadcrumb"},"inLanguage":"ca","potentialAction":[{"@type":"ReadAction","target":["https://agendaalcoy.com/ca/event/tapa-i-festa-fira-gastronomica-2/"]}]},{"@type":"ImageObject","inLanguage":"ca","@id":"https://agendaalcoy.com/ca/event/tapa-i-festa-fira-gastronomica-2/#primaryimage","url":"https://agendaalcoy.com/wp-content/uploads/2026/04/tapa-i-festa-web.jpg","contentUrl":"https://agendaalcoy.com/wp-content/uploads/2026/04/tapa-i-festa-web.jpg","width":506,"height":900},{"@type":"BreadcrumbList","@id":"https://agendaalcoy.com/ca/event/tapa-i-festa-fira-gastronomica-2/#breadcrumb","itemListElement":[{"@type":"ListItem","position":1,"name":"Portada","item":"https://agendaalcoy.com/ca/"},{"@type":"ListItem","position":2,"name":"«Tapa i Festa: Fira Gastronòmica»"}]},{"@type":"WebSite","@id":"https://agendaalcoy.com/ca/#website","url":"https://agendaalcoy.com/ca/","name":"Agenda Alcoy","description":"Agenda Cultural de Alcoy - Conciertos, teatro, exposiciones, actividades infantiles, tradiciones...","potentialAction":[{"@type":"SearchAction","target":{"@type":"EntryPoint","urlTemplate":"https://agendaalcoy.com/ca/?s={search_term_string}"},"query-input":{"@type":"PropertyValueSpecification","valueRequired":true,"valueName":"search_term_string"}}],"inLanguage":"ca"}]}</script>
<!-- / Yoast SEO plugin. -->

«Tapa i Festa: Fira Gastronòmica» | Agenda Alcoy

La Fira Gastronòmica &#8216;Tapa i Festa&#8217; se celebra en el Parc de la Glorieta de Alcoy del 23 al 27 de abril de 2026. Disfruta de la mejor gastronomía, música en directo y ambiente festivo. Habrá 21 food trucks con opciones variadas, incluyendo opciones sin gluten y vegetarianas. Los horarios de apertura son el 23 [&hellip;]

Música
