{"id":52918,"date":"2026-04-17T11:05:27","date_gmt":"2026-04-17T11:05:27","guid":{"rendered":"https:\/\/agendaalcoy.com\/event\/ca\/teatre-canviarem-bolquers-segons-el-boe-de-patricia-pardo-contrahecho-producciones"},"modified":"2026-04-17T11:06:43","modified_gmt":"2026-04-17T11:06:43","slug":"teatre-canviarem-bolquers-segons-el-boe-de-patricia-pardo-contrahecho-producciones","status":"publish","type":"event","link":"https:\/\/agendaalcoy.com\/ca\/event\/teatre-canviarem-bolquers-segons-el-boe-de-patricia-pardo-contrahecho-producciones\/","title":{"rendered":"Mostra de Teatre 2026: \u00abCANVIAREM BOLQUERS SEGONS EL BOE, de Patricia Pardo\u00bb Contrahecho Producciones"},"content":{"rendered":"<p>Una com\u00e8dia contempor\u00e0nia sobre les cures que navega, per instants, entre el teatre de l&#8217;absurd amb reaccions inesperades i di\u00e0legs sense aparent l\u00f2gica i un humor que funciona per reconeixement, on el p\u00fablic es veu reflectit en situacions quotidianes que posen al l\u00edmit la nostra paci\u00e8ncia com a individus en els espais on cuidem dels nostres, com s\u00f3n l&#8217;hospital i la casa. Tot en una posada en escena trepidant que fa de la proposta una obra emocionant, original i amb molt d&#8217;enginy. Una com\u00e8dia tendra i de l&#8217;absurd sobre les cures al voltant del repte i del desig que, com a familiars, ve\u00efnes i societat, tenim des de l&#8217;inici de la humanitat: cuidar, ser cuidats i no explotar en l&#8217;intent.<\/p>\n","protected":false},"excerpt":{"rendered":"<p>Una com\u00e8dia contempor\u00e0nia sobre les cures que navega, per instants, entre el teatre de l&#8217;absurd amb reaccions inesperades i di\u00e0legs sense aparent l\u00f2gica i un humor que funciona per reconeixement, on el p\u00fablic es veu reflectit en situacions quotidianes que posen al l\u00edmit la nostra paci\u00e8ncia com a individus en els espais on cuidem dels [&hellip;]<\/p>\n","protected":false},"author":1,"featured_media":52966,"comment_status":"closed","ping_status":"closed","template":"","meta":[],"event_cat":[157],"event_tag":[],"event_loc":[501],"class_list":["post-52918","event","type-event","status-publish","has-post-thumbnail","hentry","event_cat-teatre","event_loc-teatre-calderon-dalcoi"],"yoast_head":"<!-- This site is optimized with the Yoast SEO plugin v26.4 - https:\/\/yoast.com\/wordpress\/plugins\/seo\/ -->\n<title>Mostra de Teatre 2026: \u00abCANVIAREM BOLQUERS SEGONS EL BOE, de Patricia Pardo\u00bb Contrahecho Producciones | Agenda Alcoy<\/title>\n<meta name=\"robots\" content=\"index, follow, max-snippet:-1, max-image-preview:large, max-video-preview:-1\" \/>\n<link rel=\"canonical\" href=\"https:\/\/agendaalcoy.com\/ca\/event\/teatre-canviarem-bolquers-segons-el-boe-de-patricia-pardo-contrahecho-producciones\/\" \/>\n<meta property=\"og:locale\" content=\"ca_ES\" \/>\n<meta property=\"og:type\" content=\"article\" \/>\n<meta property=\"og:title\" content=\"Mostra de Teatre 2026: \u00abCANVIAREM BOLQUERS SEGONS EL BOE, de Patricia Pardo\u00bb Contrahecho Producciones | Agenda Alcoy\" \/>\n<meta property=\"og:description\" content=\"Una com\u00e8dia contempor\u00e0nia sobre les cures que navega, per instants, entre el teatre de l&#8217;absurd amb reaccions inesperades i di\u00e0legs sense aparent l\u00f2gica i un humor que funciona per reconeixement, on el p\u00fablic es veu reflectit en situacions quotidianes que posen al l\u00edmit la nostra paci\u00e8ncia com a individus en els espais on cuidem dels [&hellip;]\" \/>\n<meta property=\"og:url\" content=\"https:\/\/agendaalcoy.com\/ca\/event\/teatre-canviarem-bolquers-segons-el-boe-de-patricia-pardo-contrahecho-producciones\/\" \/>\n<meta property=\"og:site_name\" content=\"Agenda Alcoy\" \/>\n<meta property=\"article:modified_time\" content=\"2026-04-17T11:06:43+00:00\" \/>\n<meta property=\"og:image\" content=\"https:\/\/agendaalcoy.com\/wp-content\/uploads\/2026\/04\/01-CONTRAHECHO.jpg\" \/>\n\t<meta property=\"og:image:width\" content=\"700\" \/>\n\t<meta property=\"og:image:height\" content=\"990\" \/>\n\t<meta property=\"og:image:type\" content=\"image\/jpeg\" \/>\n<meta name=\"twitter:card\" content=\"summary_large_image\" \/>\n<meta name=\"twitter:label1\" content=\"Temps estimat de lectura\" \/>\n\t<meta name=\"twitter:data1\" content=\"1 minut\" \/>\n<script type=\"application\/ld+json\" class=\"yoast-schema-graph\">{\"@context\":\"https:\/\/schema.org\",\"@graph\":[{\"@type\":\"WebPage\",\"@id\":\"https:\/\/agendaalcoy.com\/ca\/event\/teatre-canviarem-bolquers-segons-el-boe-de-patricia-pardo-contrahecho-producciones\/\",\"url\":\"https:\/\/agendaalcoy.com\/ca\/event\/teatre-canviarem-bolquers-segons-el-boe-de-patricia-pardo-contrahecho-producciones\/\",\"name\":\"Mostra de Teatre 2026: \u00abCANVIAREM BOLQUERS SEGONS EL BOE, de Patricia Pardo\u00bb Contrahecho Producciones | Agenda Alcoy\",\"isPartOf\":{\"@id\":\"https:\/\/agendaalcoy.com\/ca\/#website\"},\"primaryImageOfPage\":{\"@id\":\"https:\/\/agendaalcoy.com\/ca\/event\/teatre-canviarem-bolquers-segons-el-boe-de-patricia-pardo-contrahecho-producciones\/#primaryimage\"},\"image\":{\"@id\":\"https:\/\/agendaalcoy.com\/ca\/event\/teatre-canviarem-bolquers-segons-el-boe-de-patricia-pardo-contrahecho-producciones\/#primaryimage\"},\"thumbnailUrl\":\"https:\/\/agendaalcoy.com\/wp-content\/uploads\/2026\/04\/01-CONTRAHECHO.jpg\",\"datePublished\":\"2026-04-17T11:05:27+00:00\",\"dateModified\":\"2026-04-17T11:06:43+00:00\",\"breadcrumb\":{\"@id\":\"https:\/\/agendaalcoy.com\/ca\/event\/teatre-canviarem-bolquers-segons-el-boe-de-patricia-pardo-contrahecho-producciones\/#breadcrumb\"},\"inLanguage\":\"ca\",\"potentialAction\":[{\"@type\":\"ReadAction\",\"target\":[\"https:\/\/agendaalcoy.com\/ca\/event\/teatre-canviarem-bolquers-segons-el-boe-de-patricia-pardo-contrahecho-producciones\/\"]}]},{\"@type\":\"ImageObject\",\"inLanguage\":\"ca\",\"@id\":\"https:\/\/agendaalcoy.com\/ca\/event\/teatre-canviarem-bolquers-segons-el-boe-de-patricia-pardo-contrahecho-producciones\/#primaryimage\",\"url\":\"https:\/\/agendaalcoy.com\/wp-content\/uploads\/2026\/04\/01-CONTRAHECHO.jpg\",\"contentUrl\":\"https:\/\/agendaalcoy.com\/wp-content\/uploads\/2026\/04\/01-CONTRAHECHO.jpg\",\"width\":700,\"height\":990},{\"@type\":\"BreadcrumbList\",\"@id\":\"https:\/\/agendaalcoy.com\/ca\/event\/teatre-canviarem-bolquers-segons-el-boe-de-patricia-pardo-contrahecho-producciones\/#breadcrumb\",\"itemListElement\":[{\"@type\":\"ListItem\",\"position\":1,\"name\":\"Portada\",\"item\":\"https:\/\/agendaalcoy.com\/ca\/\"},{\"@type\":\"ListItem\",\"position\":2,\"name\":\"Mostra de Teatre 2026: \u00abCANVIAREM BOLQUERS SEGONS EL BOE, de Patricia Pardo\u00bb Contrahecho Producciones\"}]},{\"@type\":\"WebSite\",\"@id\":\"https:\/\/agendaalcoy.com\/ca\/#website\",\"url\":\"https:\/\/agendaalcoy.com\/ca\/\",\"name\":\"Agenda Alcoy\",\"description\":\"Agenda Cultural de Alcoy - Conciertos, teatro, exposiciones, actividades infantiles, tradiciones...\",\"potentialAction\":[{\"@type\":\"SearchAction\",\"target\":{\"@type\":\"EntryPoint\",\"urlTemplate\":\"https:\/\/agendaalcoy.com\/ca\/?s={search_term_string}\"},\"query-input\":{\"@type\":\"PropertyValueSpecification\",\"valueRequired\":true,\"valueName\":\"search_term_string\"}}],\"inLanguage\":\"ca\"}]}<\/script>\n<!-- \/ Yoast SEO plugin. -->","yoast_head_json":{"title":"Mostra de Teatre 2026: \u00abCANVIAREM BOLQUERS SEGONS EL BOE, de Patricia Pardo\u00bb Contrahecho Producciones | Agenda Alcoy","robots":{"index":"index","follow":"follow","max-snippet":"max-snippet:-1","max-image-preview":"max-image-preview:large","max-video-preview":"max-video-preview:-1"},"canonical":"https:\/\/agendaalcoy.com\/ca\/event\/teatre-canviarem-bolquers-segons-el-boe-de-patricia-pardo-contrahecho-producciones\/","og_locale":"ca_ES","og_type":"article","og_title":"Mostra de Teatre 2026: \u00abCANVIAREM BOLQUERS SEGONS EL BOE, de Patricia Pardo\u00bb Contrahecho Producciones | Agenda Alcoy","og_description":"Una com\u00e8dia contempor\u00e0nia sobre les cures que navega, per instants, entre el teatre de l&#8217;absurd amb reaccions inesperades i di\u00e0legs sense aparent l\u00f2gica i un humor que funciona per reconeixement, on el p\u00fablic es veu reflectit en situacions quotidianes que posen al l\u00edmit la nostra paci\u00e8ncia com a individus en els espais on cuidem dels [&hellip;]","og_url":"https:\/\/agendaalcoy.com\/ca\/event\/teatre-canviarem-bolquers-segons-el-boe-de-patricia-pardo-contrahecho-producciones\/","og_site_name":"Agenda Alcoy","article_modified_time":"2026-04-17T11:06:43+00:00","og_image":[{"width":700,"height":990,"url":"https:\/\/agendaalcoy.com\/wp-content\/uploads\/2026\/04\/01-CONTRAHECHO.jpg","type":"image\/jpeg"}],"twitter_card":"summary_large_image","twitter_misc":{"Temps estimat de lectura":"1 minut"},"schema":{"@context":"https:\/\/schema.org","@graph":[{"@type":"WebPage","@id":"https:\/\/agendaalcoy.com\/ca\/event\/teatre-canviarem-bolquers-segons-el-boe-de-patricia-pardo-contrahecho-producciones\/","url":"https:\/\/agendaalcoy.com\/ca\/event\/teatre-canviarem-bolquers-segons-el-boe-de-patricia-pardo-contrahecho-producciones\/","name":"Mostra de Teatre 2026: \u00abCANVIAREM BOLQUERS SEGONS EL BOE, de Patricia Pardo\u00bb Contrahecho Producciones | Agenda Alcoy","isPartOf":{"@id":"https:\/\/agendaalcoy.com\/ca\/#website"},"primaryImageOfPage":{"@id":"https:\/\/agendaalcoy.com\/ca\/event\/teatre-canviarem-bolquers-segons-el-boe-de-patricia-pardo-contrahecho-producciones\/#primaryimage"},"image":{"@id":"https:\/\/agendaalcoy.com\/ca\/event\/teatre-canviarem-bolquers-segons-el-boe-de-patricia-pardo-contrahecho-producciones\/#primaryimage"},"thumbnailUrl":"https:\/\/agendaalcoy.com\/wp-content\/uploads\/2026\/04\/01-CONTRAHECHO.jpg","datePublished":"2026-04-17T11:05:27+00:00","dateModified":"2026-04-17T11:06:43+00:00","breadcrumb":{"@id":"https:\/\/agendaalcoy.com\/ca\/event\/teatre-canviarem-bolquers-segons-el-boe-de-patricia-pardo-contrahecho-producciones\/#breadcrumb"},"inLanguage":"ca","potentialAction":[{"@type":"ReadAction","target":["https:\/\/agendaalcoy.com\/ca\/event\/teatre-canviarem-bolquers-segons-el-boe-de-patricia-pardo-contrahecho-producciones\/"]}]},{"@type":"ImageObject","inLanguage":"ca","@id":"https:\/\/agendaalcoy.com\/ca\/event\/teatre-canviarem-bolquers-segons-el-boe-de-patricia-pardo-contrahecho-producciones\/#primaryimage","url":"https:\/\/agendaalcoy.com\/wp-content\/uploads\/2026\/04\/01-CONTRAHECHO.jpg","contentUrl":"https:\/\/agendaalcoy.com\/wp-content\/uploads\/2026\/04\/01-CONTRAHECHO.jpg","width":700,"height":990},{"@type":"BreadcrumbList","@id":"https:\/\/agendaalcoy.com\/ca\/event\/teatre-canviarem-bolquers-segons-el-boe-de-patricia-pardo-contrahecho-producciones\/#breadcrumb","itemListElement":[{"@type":"ListItem","position":1,"name":"Portada","item":"https:\/\/agendaalcoy.com\/ca\/"},{"@type":"ListItem","position":2,"name":"Mostra de Teatre 2026: \u00abCANVIAREM BOLQUERS SEGONS EL BOE, de Patricia Pardo\u00bb Contrahecho Producciones"}]},{"@type":"WebSite","@id":"https:\/\/agendaalcoy.com\/ca\/#website","url":"https:\/\/agendaalcoy.com\/ca\/","name":"Agenda Alcoy","description":"Agenda Cultural de Alcoy - Conciertos, teatro, exposiciones, actividades infantiles, tradiciones...","potentialAction":[{"@type":"SearchAction","target":{"@type":"EntryPoint","urlTemplate":"https:\/\/agendaalcoy.com\/ca\/?s={search_term_string}"},"query-input":{"@type":"PropertyValueSpecification","valueRequired":true,"valueName":"search_term_string"}}],"inLanguage":"ca"}]}},"start_date":"01-06-2026","end_date":"01-06-2026","start_time":"20:30","end_time":"22:00","event_address":"Teatre Calder\u00f3n","categories":["Teatre"],"featured_image":"https:\/\/agendaalcoy.com\/wp-content\/uploads\/2026\/04\/01-CONTRAHECHO.jpg","_links":{"self":[{"href":"https:\/\/agendaalcoy.com\/ca\/wp-json\/wp\/v2\/event\/52918","targetHints":{"allow":["GET"]}}],"collection":[{"href":"https:\/\/agendaalcoy.com\/ca\/wp-json\/wp\/v2\/event"}],"about":[{"href":"https:\/\/agendaalcoy.com\/ca\/wp-json\/wp\/v2\/types\/event"}],"author":[{"embeddable":true,"href":"https:\/\/agendaalcoy.com\/ca\/wp-json\/wp\/v2\/users\/1"}],"replies":[{"embeddable":true,"href":"https:\/\/agendaalcoy.com\/ca\/wp-json\/wp\/v2\/comments?post=52918"}],"version-history":[{"count":1,"href":"https:\/\/agendaalcoy.com\/ca\/wp-json\/wp\/v2\/event\/52918\/revisions"}],"predecessor-version":[{"id":52970,"href":"https:\/\/agendaalcoy.com\/ca\/wp-json\/wp\/v2\/event\/52918\/revisions\/52970"}],"wp:featuredmedia":[{"embeddable":true,"href":"https:\/\/agendaalcoy.com\/ca\/wp-json\/wp\/v2\/media\/52966"}],"wp:attachment":[{"href":"https:\/\/agendaalcoy.com\/ca\/wp-json\/wp\/v2\/media?parent=52918"}],"wp:term":[{"taxonomy":"event_cat","embeddable":true,"href":"https:\/\/agendaalcoy.com\/ca\/wp-json\/wp\/v2\/event_cat?post=52918"},{"taxonomy":"event_tag","embeddable":true,"href":"https:\/\/agendaalcoy.com\/ca\/wp-json\/wp\/v2\/event_tag?post=52918"},{"taxonomy":"event_loc","embeddable":true,"href":"https:\/\/agendaalcoy.com\/ca\/wp-json\/wp\/v2\/event_loc?post=52918"}],"curies":[{"name":"wp","href":"https:\/\/api.w.org\/{rel}","templated":true}]}}

<p>Una comèdia contemporània sobre les cures que navega, per instants, entre el teatre de l&#8217;absurd amb reaccions inesperades i diàlegs sense aparent lògica i un humor que funciona per reconeixement, on el públic es veu reflectit en situacions quotidianes que posen al límit la nostra paciència com a individus en els espais on cuidem dels nostres, com són l&#8217;hospital i la casa. Tot en una posada en escena trepidant que fa de la proposta una obra emocionant, original i amb molt d&#8217;enginy. Una comèdia tendra i de l&#8217;absurd sobre les cures al voltant del repte i del desig que, com a familiars, veïnes i societat, tenim des de l&#8217;inici de la humanitat: cuidar, ser cuidats i no explotar en l&#8217;intent.</p>

<p>Una comèdia contemporània sobre les cures que navega, per instants, entre el teatre de l&#8217;absurd amb reaccions inesperades i diàlegs sense aparent lògica i un humor que funciona per reconeixement, on el públic es veu reflectit en situacions quotidianes que posen al límit la nostra paciència com a individus en els espais on cuidem dels [&hellip;]</p>

<!-- This site is optimized with the Yoast SEO plugin v26.4 - https://yoast.com/wordpress/plugins/seo/ -->
<title>Mostra de Teatre 2026: «CANVIAREM BOLQUERS SEGONS EL BOE, de Patricia Pardo» Contrahecho Producciones | Agenda Alcoy</title>
<meta name="robots" content="index, follow, max-snippet:-1, max-image-preview:large, max-video-preview:-1" />
<link rel="canonical" href="https://agendaalcoy.com/ca/event/teatre-canviarem-bolquers-segons-el-boe-de-patricia-pardo-contrahecho-producciones/" />
<meta property="og:locale" content="ca_ES" />
<meta property="og:type" content="article" />
<meta property="og:title" content="Mostra de Teatre 2026: «CANVIAREM BOLQUERS SEGONS EL BOE, de Patricia Pardo» Contrahecho Producciones | Agenda Alcoy" />
<meta property="og:description" content="Una comèdia contemporània sobre les cures que navega, per instants, entre el teatre de l&#8217;absurd amb reaccions inesperades i diàlegs sense aparent lògica i un humor que funciona per reconeixement, on el públic es veu reflectit en situacions quotidianes que posen al límit la nostra paciència com a individus en els espais on cuidem dels [&hellip;]" />
<meta property="og:url" content="https://agendaalcoy.com/ca/event/teatre-canviarem-bolquers-segons-el-boe-de-patricia-pardo-contrahecho-producciones/" />
<meta property="og:site_name" content="Agenda Alcoy" />
<meta property="article:modified_time" content="2026-04-17T11:06:43+00:00" />
<meta property="og:image" content="https://agendaalcoy.com/wp-content/uploads/2026/04/01-CONTRAHECHO.jpg" />
	<meta property="og:image:width" content="700" />
	<meta property="og:image:height" content="990" />
	<meta property="og:image:type" content="image/jpeg" />
<meta name="twitter:card" content="summary_large_image" />
<meta name="twitter:label1" content="Temps estimat de lectura" />
	<meta name="twitter:data1" content="1 minut" />
<script type="application/ld+json" class="yoast-schema-graph">{"@context":"https://schema.org","@graph":[{"@type":"WebPage","@id":"https://agendaalcoy.com/ca/event/teatre-canviarem-bolquers-segons-el-boe-de-patricia-pardo-contrahecho-producciones/","url":"https://agendaalcoy.com/ca/event/teatre-canviarem-bolquers-segons-el-boe-de-patricia-pardo-contrahecho-producciones/","name":"Mostra de Teatre 2026: «CANVIAREM BOLQUERS SEGONS EL BOE, de Patricia Pardo» Contrahecho Producciones | Agenda Alcoy","isPartOf":{"@id":"https://agendaalcoy.com/ca/#website"},"primaryImageOfPage":{"@id":"https://agendaalcoy.com/ca/event/teatre-canviarem-bolquers-segons-el-boe-de-patricia-pardo-contrahecho-producciones/#primaryimage"},"image":{"@id":"https://agendaalcoy.com/ca/event/teatre-canviarem-bolquers-segons-el-boe-de-patricia-pardo-contrahecho-producciones/#primaryimage"},"thumbnailUrl":"https://agendaalcoy.com/wp-content/uploads/2026/04/01-CONTRAHECHO.jpg","datePublished":"2026-04-17T11:05:27+00:00","dateModified":"2026-04-17T11:06:43+00:00","breadcrumb":{"@id":"https://agendaalcoy.com/ca/event/teatre-canviarem-bolquers-segons-el-boe-de-patricia-pardo-contrahecho-producciones/#breadcrumb"},"inLanguage":"ca","potentialAction":[{"@type":"ReadAction","target":["https://agendaalcoy.com/ca/event/teatre-canviarem-bolquers-segons-el-boe-de-patricia-pardo-contrahecho-producciones/"]}]},{"@type":"ImageObject","inLanguage":"ca","@id":"https://agendaalcoy.com/ca/event/teatre-canviarem-bolquers-segons-el-boe-de-patricia-pardo-contrahecho-producciones/#primaryimage","url":"https://agendaalcoy.com/wp-content/uploads/2026/04/01-CONTRAHECHO.jpg","contentUrl":"https://agendaalcoy.com/wp-content/uploads/2026/04/01-CONTRAHECHO.jpg","width":700,"height":990},{"@type":"BreadcrumbList","@id":"https://agendaalcoy.com/ca/event/teatre-canviarem-bolquers-segons-el-boe-de-patricia-pardo-contrahecho-producciones/#breadcrumb","itemListElement":[{"@type":"ListItem","position":1,"name":"Portada","item":"https://agendaalcoy.com/ca/"},{"@type":"ListItem","position":2,"name":"Mostra de Teatre 2026: «CANVIAREM BOLQUERS SEGONS EL BOE, de Patricia Pardo» Contrahecho Producciones"}]},{"@type":"WebSite","@id":"https://agendaalcoy.com/ca/#website","url":"https://agendaalcoy.com/ca/","name":"Agenda Alcoy","description":"Agenda Cultural de Alcoy - Conciertos, teatro, exposiciones, actividades infantiles, tradiciones...","potentialAction":[{"@type":"SearchAction","target":{"@type":"EntryPoint","urlTemplate":"https://agendaalcoy.com/ca/?s={search_term_string}"},"query-input":{"@type":"PropertyValueSpecification","valueRequired":true,"valueName":"search_term_string"}}],"inLanguage":"ca"}]}</script>
<!-- / Yoast SEO plugin. -->

Una comèdia contemporània sobre les cures que navega, per instants, entre el teatre de l&#8217;absurd amb reaccions inesperades i diàlegs sense aparent lògica i un humor que funciona per reconeixement, on el públic es veu reflectit en situacions quotidianes que posen al límit la nostra paciència com a individus en els espais on cuidem dels [&hellip;]

Teatre Calderón
