{"id":52831,"date":"2026-04-15T23:05:37","date_gmt":"2026-04-15T23:05:37","guid":{"rendered":"https:\/\/agendaalcoy.com\/event\/ca\/concert-didactic-musical-infantil-la-llegenda-de-aku"},"modified":"2026-04-17T08:28:39","modified_gmt":"2026-04-17T08:28:39","slug":"concert-didactic-musical-infantil-la-llegenda-de-aku","status":"publish","type":"event","link":"https:\/\/agendaalcoy.com\/ca\/event\/concert-didactic-musical-infantil-la-llegenda-de-aku\/","title":{"rendered":"\u00abConcert Did\u00e0ctic Musical Infantil LA LLEGENDA DE AKU\u00bb"},"content":{"rendered":"<p>Un concert did\u00e0ctic musical infantil titulat &#8216;La Llegenda de Aku&#8217;, dirigit a nens de 3 a 8 anys.<\/p>\n<p><em>Agenda Alcoy \u00e9s un servei merament informatiu. Publiquem informaci\u00f3 facilitada per fonts disponibles o pels organitzadors, per la qual cosa no assumim cap responsabilitat si, en el moment de la publicaci\u00f3 o posteriorment, l\u2019esdeveniment haguera sigut cancel\u00b7lat, modificat, ajornat, tinguera l\u2019aforament complet, continguera errors en la descripci\u00f3 o experimentara qualsevol altre canvi no comunicat a temps pels organitzadors. Recomanem verificar sempre la informaci\u00f3 a trav\u00e9s de les fonts oficials dels organitzadors.<\/em><\/p>\n","protected":false},"excerpt":{"rendered":"<p>Un concert did\u00e0ctic musical infantil titulat &#8216;La Llegenda de Aku&#8217;, dirigit a nens de 3 a 8 anys. Agenda Alcoy \u00e9s un servei merament informatiu. Publiquem informaci\u00f3 facilitada per fonts disponibles o pels organitzadors, per la qual cosa no assumim cap responsabilitat si, en el moment de la publicaci\u00f3 o posteriorment, l\u2019esdeveniment haguera sigut cancel\u00b7lat, [&hellip;]<\/p>\n","protected":false},"author":1,"featured_media":52879,"comment_status":"closed","ping_status":"closed","template":"","meta":[],"event_cat":[133],"event_tag":[],"event_loc":[123],"class_list":["post-52831","event","type-event","status-publish","has-post-thumbnail","hentry","event_cat-activitats-per-a-xiquets","event_loc-centre-cultural-mario-silvestre"],"yoast_head":"<!-- This site is optimized with the Yoast SEO plugin v26.4 - https:\/\/yoast.com\/wordpress\/plugins\/seo\/ -->\n<title>\u00abConcert Did\u00e0ctic Musical Infantil LA LLEGENDA DE AKU\u00bb | Agenda Alcoy<\/title>\n<meta name=\"robots\" content=\"index, follow, max-snippet:-1, max-image-preview:large, max-video-preview:-1\" \/>\n<link rel=\"canonical\" href=\"https:\/\/agendaalcoy.com\/ca\/event\/concert-didactic-musical-infantil-la-llegenda-de-aku\/\" \/>\n<meta property=\"og:locale\" content=\"ca_ES\" \/>\n<meta property=\"og:type\" content=\"article\" \/>\n<meta property=\"og:title\" content=\"\u00abConcert Did\u00e0ctic Musical Infantil LA LLEGENDA DE AKU\u00bb | Agenda Alcoy\" \/>\n<meta property=\"og:description\" content=\"Un concert did\u00e0ctic musical infantil titulat &#8216;La Llegenda de Aku&#8217;, dirigit a nens de 3 a 8 anys. Agenda Alcoy \u00e9s un servei merament informatiu. Publiquem informaci\u00f3 facilitada per fonts disponibles o pels organitzadors, per la qual cosa no assumim cap responsabilitat si, en el moment de la publicaci\u00f3 o posteriorment, l\u2019esdeveniment haguera sigut cancel\u00b7lat, [&hellip;]\" \/>\n<meta property=\"og:url\" content=\"https:\/\/agendaalcoy.com\/ca\/event\/concert-didactic-musical-infantil-la-llegenda-de-aku\/\" \/>\n<meta property=\"og:site_name\" content=\"Agenda Alcoy\" \/>\n<meta property=\"article:modified_time\" content=\"2026-04-17T08:28:39+00:00\" \/>\n<meta property=\"og:image\" content=\"https:\/\/agendaalcoy.com\/wp-content\/uploads\/2026\/04\/photo_2026-04-16_18-10-15.jpg\" \/>\n\t<meta property=\"og:image:width\" content=\"1027\" \/>\n\t<meta property=\"og:image:height\" content=\"1280\" \/>\n\t<meta property=\"og:image:type\" content=\"image\/jpeg\" \/>\n<meta name=\"twitter:card\" content=\"summary_large_image\" \/>\n<script type=\"application\/ld+json\" class=\"yoast-schema-graph\">{\"@context\":\"https:\/\/schema.org\",\"@graph\":[{\"@type\":\"WebPage\",\"@id\":\"https:\/\/agendaalcoy.com\/ca\/event\/concert-didactic-musical-infantil-la-llegenda-de-aku\/\",\"url\":\"https:\/\/agendaalcoy.com\/ca\/event\/concert-didactic-musical-infantil-la-llegenda-de-aku\/\",\"name\":\"\u00abConcert Did\u00e0ctic Musical Infantil LA LLEGENDA DE AKU\u00bb | Agenda Alcoy\",\"isPartOf\":{\"@id\":\"https:\/\/agendaalcoy.com\/ca\/#website\"},\"primaryImageOfPage\":{\"@id\":\"https:\/\/agendaalcoy.com\/ca\/event\/concert-didactic-musical-infantil-la-llegenda-de-aku\/#primaryimage\"},\"image\":{\"@id\":\"https:\/\/agendaalcoy.com\/ca\/event\/concert-didactic-musical-infantil-la-llegenda-de-aku\/#primaryimage\"},\"thumbnailUrl\":\"https:\/\/agendaalcoy.com\/wp-content\/uploads\/2026\/04\/photo_2026-04-16_18-10-15.jpg\",\"datePublished\":\"2026-04-15T23:05:37+00:00\",\"dateModified\":\"2026-04-17T08:28:39+00:00\",\"breadcrumb\":{\"@id\":\"https:\/\/agendaalcoy.com\/ca\/event\/concert-didactic-musical-infantil-la-llegenda-de-aku\/#breadcrumb\"},\"inLanguage\":\"ca\",\"potentialAction\":[{\"@type\":\"ReadAction\",\"target\":[\"https:\/\/agendaalcoy.com\/ca\/event\/concert-didactic-musical-infantil-la-llegenda-de-aku\/\"]}]},{\"@type\":\"ImageObject\",\"inLanguage\":\"ca\",\"@id\":\"https:\/\/agendaalcoy.com\/ca\/event\/concert-didactic-musical-infantil-la-llegenda-de-aku\/#primaryimage\",\"url\":\"https:\/\/agendaalcoy.com\/wp-content\/uploads\/2026\/04\/photo_2026-04-16_18-10-15.jpg\",\"contentUrl\":\"https:\/\/agendaalcoy.com\/wp-content\/uploads\/2026\/04\/photo_2026-04-16_18-10-15.jpg\",\"width\":1027,\"height\":1280},{\"@type\":\"BreadcrumbList\",\"@id\":\"https:\/\/agendaalcoy.com\/ca\/event\/concert-didactic-musical-infantil-la-llegenda-de-aku\/#breadcrumb\",\"itemListElement\":[{\"@type\":\"ListItem\",\"position\":1,\"name\":\"Portada\",\"item\":\"https:\/\/agendaalcoy.com\/ca\/\"},{\"@type\":\"ListItem\",\"position\":2,\"name\":\"\u00abConcert Did\u00e0ctic Musical Infantil LA LLEGENDA DE AKU\u00bb\"}]},{\"@type\":\"WebSite\",\"@id\":\"https:\/\/agendaalcoy.com\/ca\/#website\",\"url\":\"https:\/\/agendaalcoy.com\/ca\/\",\"name\":\"Agenda Alcoy\",\"description\":\"Agenda Cultural de Alcoy - Conciertos, teatro, exposiciones, actividades infantiles, tradiciones...\",\"potentialAction\":[{\"@type\":\"SearchAction\",\"target\":{\"@type\":\"EntryPoint\",\"urlTemplate\":\"https:\/\/agendaalcoy.com\/ca\/?s={search_term_string}\"},\"query-input\":{\"@type\":\"PropertyValueSpecification\",\"valueRequired\":true,\"valueName\":\"search_term_string\"}}],\"inLanguage\":\"ca\"}]}<\/script>\n<!-- \/ Yoast SEO plugin. -->","yoast_head_json":{"title":"\u00abConcert Did\u00e0ctic Musical Infantil LA LLEGENDA DE AKU\u00bb | Agenda Alcoy","robots":{"index":"index","follow":"follow","max-snippet":"max-snippet:-1","max-image-preview":"max-image-preview:large","max-video-preview":"max-video-preview:-1"},"canonical":"https:\/\/agendaalcoy.com\/ca\/event\/concert-didactic-musical-infantil-la-llegenda-de-aku\/","og_locale":"ca_ES","og_type":"article","og_title":"\u00abConcert Did\u00e0ctic Musical Infantil LA LLEGENDA DE AKU\u00bb | Agenda Alcoy","og_description":"Un concert did\u00e0ctic musical infantil titulat &#8216;La Llegenda de Aku&#8217;, dirigit a nens de 3 a 8 anys. Agenda Alcoy \u00e9s un servei merament informatiu. Publiquem informaci\u00f3 facilitada per fonts disponibles o pels organitzadors, per la qual cosa no assumim cap responsabilitat si, en el moment de la publicaci\u00f3 o posteriorment, l\u2019esdeveniment haguera sigut cancel\u00b7lat, [&hellip;]","og_url":"https:\/\/agendaalcoy.com\/ca\/event\/concert-didactic-musical-infantil-la-llegenda-de-aku\/","og_site_name":"Agenda Alcoy","article_modified_time":"2026-04-17T08:28:39+00:00","og_image":[{"width":1027,"height":1280,"url":"https:\/\/agendaalcoy.com\/wp-content\/uploads\/2026\/04\/photo_2026-04-16_18-10-15.jpg","type":"image\/jpeg"}],"twitter_card":"summary_large_image","schema":{"@context":"https:\/\/schema.org","@graph":[{"@type":"WebPage","@id":"https:\/\/agendaalcoy.com\/ca\/event\/concert-didactic-musical-infantil-la-llegenda-de-aku\/","url":"https:\/\/agendaalcoy.com\/ca\/event\/concert-didactic-musical-infantil-la-llegenda-de-aku\/","name":"\u00abConcert Did\u00e0ctic Musical Infantil LA LLEGENDA DE AKU\u00bb | Agenda Alcoy","isPartOf":{"@id":"https:\/\/agendaalcoy.com\/ca\/#website"},"primaryImageOfPage":{"@id":"https:\/\/agendaalcoy.com\/ca\/event\/concert-didactic-musical-infantil-la-llegenda-de-aku\/#primaryimage"},"image":{"@id":"https:\/\/agendaalcoy.com\/ca\/event\/concert-didactic-musical-infantil-la-llegenda-de-aku\/#primaryimage"},"thumbnailUrl":"https:\/\/agendaalcoy.com\/wp-content\/uploads\/2026\/04\/photo_2026-04-16_18-10-15.jpg","datePublished":"2026-04-15T23:05:37+00:00","dateModified":"2026-04-17T08:28:39+00:00","breadcrumb":{"@id":"https:\/\/agendaalcoy.com\/ca\/event\/concert-didactic-musical-infantil-la-llegenda-de-aku\/#breadcrumb"},"inLanguage":"ca","potentialAction":[{"@type":"ReadAction","target":["https:\/\/agendaalcoy.com\/ca\/event\/concert-didactic-musical-infantil-la-llegenda-de-aku\/"]}]},{"@type":"ImageObject","inLanguage":"ca","@id":"https:\/\/agendaalcoy.com\/ca\/event\/concert-didactic-musical-infantil-la-llegenda-de-aku\/#primaryimage","url":"https:\/\/agendaalcoy.com\/wp-content\/uploads\/2026\/04\/photo_2026-04-16_18-10-15.jpg","contentUrl":"https:\/\/agendaalcoy.com\/wp-content\/uploads\/2026\/04\/photo_2026-04-16_18-10-15.jpg","width":1027,"height":1280},{"@type":"BreadcrumbList","@id":"https:\/\/agendaalcoy.com\/ca\/event\/concert-didactic-musical-infantil-la-llegenda-de-aku\/#breadcrumb","itemListElement":[{"@type":"ListItem","position":1,"name":"Portada","item":"https:\/\/agendaalcoy.com\/ca\/"},{"@type":"ListItem","position":2,"name":"\u00abConcert Did\u00e0ctic Musical Infantil LA LLEGENDA DE AKU\u00bb"}]},{"@type":"WebSite","@id":"https:\/\/agendaalcoy.com\/ca\/#website","url":"https:\/\/agendaalcoy.com\/ca\/","name":"Agenda Alcoy","description":"Agenda Cultural de Alcoy - Conciertos, teatro, exposiciones, actividades infantiles, tradiciones...","potentialAction":[{"@type":"SearchAction","target":{"@type":"EntryPoint","urlTemplate":"https:\/\/agendaalcoy.com\/ca\/?s={search_term_string}"},"query-input":{"@type":"PropertyValueSpecification","valueRequired":true,"valueName":"search_term_string"}}],"inLanguage":"ca"}]}},"start_date":"15-05-2026","end_date":"15-05-2026","start_time":"19:00","end_time":"20:30","event_address":"Casa de la cultura","categories":["Infantil"],"featured_image":"https:\/\/agendaalcoy.com\/wp-content\/uploads\/2026\/04\/photo_2026-04-16_18-10-15.jpg","_links":{"self":[{"href":"https:\/\/agendaalcoy.com\/ca\/wp-json\/wp\/v2\/event\/52831","targetHints":{"allow":["GET"]}}],"collection":[{"href":"https:\/\/agendaalcoy.com\/ca\/wp-json\/wp\/v2\/event"}],"about":[{"href":"https:\/\/agendaalcoy.com\/ca\/wp-json\/wp\/v2\/types\/event"}],"author":[{"embeddable":true,"href":"https:\/\/agendaalcoy.com\/ca\/wp-json\/wp\/v2\/users\/1"}],"replies":[{"embeddable":true,"href":"https:\/\/agendaalcoy.com\/ca\/wp-json\/wp\/v2\/comments?post=52831"}],"version-history":[{"count":2,"href":"https:\/\/agendaalcoy.com\/ca\/wp-json\/wp\/v2\/event\/52831\/revisions"}],"predecessor-version":[{"id":52895,"href":"https:\/\/agendaalcoy.com\/ca\/wp-json\/wp\/v2\/event\/52831\/revisions\/52895"}],"wp:featuredmedia":[{"embeddable":true,"href":"https:\/\/agendaalcoy.com\/ca\/wp-json\/wp\/v2\/media\/52879"}],"wp:attachment":[{"href":"https:\/\/agendaalcoy.com\/ca\/wp-json\/wp\/v2\/media?parent=52831"}],"wp:term":[{"taxonomy":"event_cat","embeddable":true,"href":"https:\/\/agendaalcoy.com\/ca\/wp-json\/wp\/v2\/event_cat?post=52831"},{"taxonomy":"event_tag","embeddable":true,"href":"https:\/\/agendaalcoy.com\/ca\/wp-json\/wp\/v2\/event_tag?post=52831"},{"taxonomy":"event_loc","embeddable":true,"href":"https:\/\/agendaalcoy.com\/ca\/wp-json\/wp\/v2\/event_loc?post=52831"}],"curies":[{"name":"wp","href":"https:\/\/api.w.org\/{rel}","templated":true}]}}

«Concert Didàctic Musical Infantil LA LLEGENDA DE AKU»

<p>Un concert didàctic musical infantil titulat &#8216;La Llegenda de Aku&#8217;, dirigit a nens de 3 a 8 anys.</p>
<p><em>Agenda Alcoy és un servei merament informatiu. Publiquem informació facilitada per fonts disponibles o pels organitzadors, per la qual cosa no assumim cap responsabilitat si, en el moment de la publicació o posteriorment, l’esdeveniment haguera sigut cancel·lat, modificat, ajornat, tinguera l’aforament complet, continguera errors en la descripció o experimentara qualsevol altre canvi no comunicat a temps pels organitzadors. Recomanem verificar sempre la informació a través de les fonts oficials dels organitzadors.</em></p>

<p>Un concert didàctic musical infantil titulat &#8216;La Llegenda de Aku&#8217;, dirigit a nens de 3 a 8 anys. Agenda Alcoy és un servei merament informatiu. Publiquem informació facilitada per fonts disponibles o pels organitzadors, per la qual cosa no assumim cap responsabilitat si, en el moment de la publicació o posteriorment, l’esdeveniment haguera sigut cancel·lat, [&hellip;]</p>

<!-- This site is optimized with the Yoast SEO plugin v26.4 - https://yoast.com/wordpress/plugins/seo/ -->
<title>«Concert Didàctic Musical Infantil LA LLEGENDA DE AKU» | Agenda Alcoy</title>
<meta name="robots" content="index, follow, max-snippet:-1, max-image-preview:large, max-video-preview:-1" />
<link rel="canonical" href="https://agendaalcoy.com/ca/event/concert-didactic-musical-infantil-la-llegenda-de-aku/" />
<meta property="og:locale" content="ca_ES" />
<meta property="og:type" content="article" />
<meta property="og:title" content="«Concert Didàctic Musical Infantil LA LLEGENDA DE AKU» | Agenda Alcoy" />
<meta property="og:description" content="Un concert didàctic musical infantil titulat &#8216;La Llegenda de Aku&#8217;, dirigit a nens de 3 a 8 anys. Agenda Alcoy és un servei merament informatiu. Publiquem informació facilitada per fonts disponibles o pels organitzadors, per la qual cosa no assumim cap responsabilitat si, en el moment de la publicació o posteriorment, l’esdeveniment haguera sigut cancel·lat, [&hellip;]" />
<meta property="og:url" content="https://agendaalcoy.com/ca/event/concert-didactic-musical-infantil-la-llegenda-de-aku/" />
<meta property="og:site_name" content="Agenda Alcoy" />
<meta property="article:modified_time" content="2026-04-17T08:28:39+00:00" />
<meta property="og:image" content="https://agendaalcoy.com/wp-content/uploads/2026/04/photo_2026-04-16_18-10-15.jpg" />
	<meta property="og:image:width" content="1027" />
	<meta property="og:image:height" content="1280" />
	<meta property="og:image:type" content="image/jpeg" />
<meta name="twitter:card" content="summary_large_image" />
<script type="application/ld+json" class="yoast-schema-graph">{"@context":"https://schema.org","@graph":[{"@type":"WebPage","@id":"https://agendaalcoy.com/ca/event/concert-didactic-musical-infantil-la-llegenda-de-aku/","url":"https://agendaalcoy.com/ca/event/concert-didactic-musical-infantil-la-llegenda-de-aku/","name":"«Concert Didàctic Musical Infantil LA LLEGENDA DE AKU» | Agenda Alcoy","isPartOf":{"@id":"https://agendaalcoy.com/ca/#website"},"primaryImageOfPage":{"@id":"https://agendaalcoy.com/ca/event/concert-didactic-musical-infantil-la-llegenda-de-aku/#primaryimage"},"image":{"@id":"https://agendaalcoy.com/ca/event/concert-didactic-musical-infantil-la-llegenda-de-aku/#primaryimage"},"thumbnailUrl":"https://agendaalcoy.com/wp-content/uploads/2026/04/photo_2026-04-16_18-10-15.jpg","datePublished":"2026-04-15T23:05:37+00:00","dateModified":"2026-04-17T08:28:39+00:00","breadcrumb":{"@id":"https://agendaalcoy.com/ca/event/concert-didactic-musical-infantil-la-llegenda-de-aku/#breadcrumb"},"inLanguage":"ca","potentialAction":[{"@type":"ReadAction","target":["https://agendaalcoy.com/ca/event/concert-didactic-musical-infantil-la-llegenda-de-aku/"]}]},{"@type":"ImageObject","inLanguage":"ca","@id":"https://agendaalcoy.com/ca/event/concert-didactic-musical-infantil-la-llegenda-de-aku/#primaryimage","url":"https://agendaalcoy.com/wp-content/uploads/2026/04/photo_2026-04-16_18-10-15.jpg","contentUrl":"https://agendaalcoy.com/wp-content/uploads/2026/04/photo_2026-04-16_18-10-15.jpg","width":1027,"height":1280},{"@type":"BreadcrumbList","@id":"https://agendaalcoy.com/ca/event/concert-didactic-musical-infantil-la-llegenda-de-aku/#breadcrumb","itemListElement":[{"@type":"ListItem","position":1,"name":"Portada","item":"https://agendaalcoy.com/ca/"},{"@type":"ListItem","position":2,"name":"«Concert Didàctic Musical Infantil LA LLEGENDA DE AKU»"}]},{"@type":"WebSite","@id":"https://agendaalcoy.com/ca/#website","url":"https://agendaalcoy.com/ca/","name":"Agenda Alcoy","description":"Agenda Cultural de Alcoy - Conciertos, teatro, exposiciones, actividades infantiles, tradiciones...","potentialAction":[{"@type":"SearchAction","target":{"@type":"EntryPoint","urlTemplate":"https://agendaalcoy.com/ca/?s={search_term_string}"},"query-input":{"@type":"PropertyValueSpecification","valueRequired":true,"valueName":"search_term_string"}}],"inLanguage":"ca"}]}</script>
<!-- / Yoast SEO plugin. -->

«Concert Didàctic Musical Infantil LA LLEGENDA DE AKU» | Agenda Alcoy

Un concert didàctic musical infantil titulat &#8216;La Llegenda de Aku&#8217;, dirigit a nens de 3 a 8 anys. Agenda Alcoy és un servei merament informatiu. Publiquem informació facilitada per fonts disponibles o pels organitzadors, per la qual cosa no assumim cap responsabilitat si, en el moment de la publicació o posteriorment, l’esdeveniment haguera sigut cancel·lat, [&hellip;]
