{"id":52821,"date":"2026-04-15T23:04:21","date_gmt":"2026-04-15T23:04:21","guid":{"rendered":"https:\/\/agendaalcoy.com\/event\/ca\/taller-de-batucada"},"modified":"2026-04-17T08:28:36","modified_gmt":"2026-04-17T08:28:36","slug":"taller-de-batucada","status":"publish","type":"event","link":"https:\/\/agendaalcoy.com\/ca\/event\/taller-de-batucada\/","title":{"rendered":"\u00abTaller de Batucada\u00bb"},"content":{"rendered":"<p>Taller de batucada per a xiquets de 7 a 12 anys al Parc Poeta Pastor d&#8217;Alcoi. Cal reservar pla\u00e7a. Consulteu el contacte al cartell oa la font oficial de l&#8217;organitzador.<\/p>\n<p><em>Agenda Alcoy \u00e9s un servei merament informatiu. Publiquem informaci\u00f3 facilitada per fonts disponibles o pels organitzadors, per la qual cosa no assumim cap responsabilitat si, en el moment de la publicaci\u00f3 o posteriorment, l\u2019esdeveniment haguera sigut cancel\u00b7lat, modificat, ajornat, tinguera l\u2019aforament complet, continguera errors en la descripci\u00f3 o experimentara qualsevol altre canvi no comunicat a temps pels organitzadors. Recomanem verificar sempre la informaci\u00f3 a trav\u00e9s de les fonts oficials dels organitzadors.<\/em><\/p>\n","protected":false},"excerpt":{"rendered":"<p>Taller de batucada per a xiquets de 7 a 12 anys al Parc Poeta Pastor d&#8217;Alcoi. Cal reservar pla\u00e7a. Consulteu el contacte al cartell oa la font oficial de l&#8217;organitzador. Agenda Alcoy \u00e9s un servei merament informatiu. Publiquem informaci\u00f3 facilitada per fonts disponibles o pels organitzadors, per la qual cosa no assumim cap responsabilitat si, [&hellip;]<\/p>\n","protected":false},"author":1,"featured_media":52872,"comment_status":"closed","ping_status":"closed","template":"","meta":[],"event_cat":[133,169],"event_tag":[],"event_loc":[534],"class_list":["post-52821","event","type-event","status-publish","has-post-thumbnail","hentry","event_cat-activitats-per-a-xiquets","event_cat-tallers-cursos","event_loc-parc-poeta-pastor"],"yoast_head":"<!-- This site is optimized with the Yoast SEO plugin v26.4 - https:\/\/yoast.com\/wordpress\/plugins\/seo\/ -->\n<title>\u00abTaller de Batucada\u00bb | Agenda Alcoy<\/title>\n<meta name=\"robots\" content=\"index, follow, max-snippet:-1, max-image-preview:large, max-video-preview:-1\" \/>\n<link rel=\"canonical\" href=\"https:\/\/agendaalcoy.com\/ca\/event\/taller-de-batucada\/\" \/>\n<meta property=\"og:locale\" content=\"ca_ES\" \/>\n<meta property=\"og:type\" content=\"article\" \/>\n<meta property=\"og:title\" content=\"\u00abTaller de Batucada\u00bb | Agenda Alcoy\" \/>\n<meta property=\"og:description\" content=\"Taller de batucada per a xiquets de 7 a 12 anys al Parc Poeta Pastor d&#8217;Alcoi. Cal reservar pla\u00e7a. Consulteu el contacte al cartell oa la font oficial de l&#8217;organitzador. Agenda Alcoy \u00e9s un servei merament informatiu. Publiquem informaci\u00f3 facilitada per fonts disponibles o pels organitzadors, per la qual cosa no assumim cap responsabilitat si, [&hellip;]\" \/>\n<meta property=\"og:url\" content=\"https:\/\/agendaalcoy.com\/ca\/event\/taller-de-batucada\/\" \/>\n<meta property=\"og:site_name\" content=\"Agenda Alcoy\" \/>\n<meta property=\"article:modified_time\" content=\"2026-04-17T08:28:36+00:00\" \/>\n<meta property=\"og:image\" content=\"https:\/\/agendaalcoy.com\/wp-content\/uploads\/2026\/04\/photo_2026-04-16_17-32-14.jpg\" \/>\n\t<meta property=\"og:image:width\" content=\"1027\" \/>\n\t<meta property=\"og:image:height\" content=\"1280\" \/>\n\t<meta property=\"og:image:type\" content=\"image\/jpeg\" \/>\n<meta name=\"twitter:card\" content=\"summary_large_image\" \/>\n<meta name=\"twitter:label1\" content=\"Temps estimat de lectura\" \/>\n\t<meta name=\"twitter:data1\" content=\"1 minut\" \/>\n<script type=\"application\/ld+json\" class=\"yoast-schema-graph\">{\"@context\":\"https:\/\/schema.org\",\"@graph\":[{\"@type\":\"WebPage\",\"@id\":\"https:\/\/agendaalcoy.com\/ca\/event\/taller-de-batucada\/\",\"url\":\"https:\/\/agendaalcoy.com\/ca\/event\/taller-de-batucada\/\",\"name\":\"\u00abTaller de Batucada\u00bb | Agenda Alcoy\",\"isPartOf\":{\"@id\":\"https:\/\/agendaalcoy.com\/ca\/#website\"},\"primaryImageOfPage\":{\"@id\":\"https:\/\/agendaalcoy.com\/ca\/event\/taller-de-batucada\/#primaryimage\"},\"image\":{\"@id\":\"https:\/\/agendaalcoy.com\/ca\/event\/taller-de-batucada\/#primaryimage\"},\"thumbnailUrl\":\"https:\/\/agendaalcoy.com\/wp-content\/uploads\/2026\/04\/photo_2026-04-16_17-32-14.jpg\",\"datePublished\":\"2026-04-15T23:04:21+00:00\",\"dateModified\":\"2026-04-17T08:28:36+00:00\",\"breadcrumb\":{\"@id\":\"https:\/\/agendaalcoy.com\/ca\/event\/taller-de-batucada\/#breadcrumb\"},\"inLanguage\":\"ca\",\"potentialAction\":[{\"@type\":\"ReadAction\",\"target\":[\"https:\/\/agendaalcoy.com\/ca\/event\/taller-de-batucada\/\"]}]},{\"@type\":\"ImageObject\",\"inLanguage\":\"ca\",\"@id\":\"https:\/\/agendaalcoy.com\/ca\/event\/taller-de-batucada\/#primaryimage\",\"url\":\"https:\/\/agendaalcoy.com\/wp-content\/uploads\/2026\/04\/photo_2026-04-16_17-32-14.jpg\",\"contentUrl\":\"https:\/\/agendaalcoy.com\/wp-content\/uploads\/2026\/04\/photo_2026-04-16_17-32-14.jpg\",\"width\":1027,\"height\":1280},{\"@type\":\"BreadcrumbList\",\"@id\":\"https:\/\/agendaalcoy.com\/ca\/event\/taller-de-batucada\/#breadcrumb\",\"itemListElement\":[{\"@type\":\"ListItem\",\"position\":1,\"name\":\"Portada\",\"item\":\"https:\/\/agendaalcoy.com\/ca\/\"},{\"@type\":\"ListItem\",\"position\":2,\"name\":\"\u00abTaller de Batucada\u00bb\"}]},{\"@type\":\"WebSite\",\"@id\":\"https:\/\/agendaalcoy.com\/ca\/#website\",\"url\":\"https:\/\/agendaalcoy.com\/ca\/\",\"name\":\"Agenda Alcoy\",\"description\":\"Agenda Cultural de Alcoy - Conciertos, teatro, exposiciones, actividades infantiles, tradiciones...\",\"potentialAction\":[{\"@type\":\"SearchAction\",\"target\":{\"@type\":\"EntryPoint\",\"urlTemplate\":\"https:\/\/agendaalcoy.com\/ca\/?s={search_term_string}\"},\"query-input\":{\"@type\":\"PropertyValueSpecification\",\"valueRequired\":true,\"valueName\":\"search_term_string\"}}],\"inLanguage\":\"ca\"}]}<\/script>\n<!-- \/ Yoast SEO plugin. -->","yoast_head_json":{"title":"\u00abTaller de Batucada\u00bb | Agenda Alcoy","robots":{"index":"index","follow":"follow","max-snippet":"max-snippet:-1","max-image-preview":"max-image-preview:large","max-video-preview":"max-video-preview:-1"},"canonical":"https:\/\/agendaalcoy.com\/ca\/event\/taller-de-batucada\/","og_locale":"ca_ES","og_type":"article","og_title":"\u00abTaller de Batucada\u00bb | Agenda Alcoy","og_description":"Taller de batucada per a xiquets de 7 a 12 anys al Parc Poeta Pastor d&#8217;Alcoi. Cal reservar pla\u00e7a. Consulteu el contacte al cartell oa la font oficial de l&#8217;organitzador. Agenda Alcoy \u00e9s un servei merament informatiu. Publiquem informaci\u00f3 facilitada per fonts disponibles o pels organitzadors, per la qual cosa no assumim cap responsabilitat si, [&hellip;]","og_url":"https:\/\/agendaalcoy.com\/ca\/event\/taller-de-batucada\/","og_site_name":"Agenda Alcoy","article_modified_time":"2026-04-17T08:28:36+00:00","og_image":[{"width":1027,"height":1280,"url":"https:\/\/agendaalcoy.com\/wp-content\/uploads\/2026\/04\/photo_2026-04-16_17-32-14.jpg","type":"image\/jpeg"}],"twitter_card":"summary_large_image","twitter_misc":{"Temps estimat de lectura":"1 minut"},"schema":{"@context":"https:\/\/schema.org","@graph":[{"@type":"WebPage","@id":"https:\/\/agendaalcoy.com\/ca\/event\/taller-de-batucada\/","url":"https:\/\/agendaalcoy.com\/ca\/event\/taller-de-batucada\/","name":"\u00abTaller de Batucada\u00bb | Agenda Alcoy","isPartOf":{"@id":"https:\/\/agendaalcoy.com\/ca\/#website"},"primaryImageOfPage":{"@id":"https:\/\/agendaalcoy.com\/ca\/event\/taller-de-batucada\/#primaryimage"},"image":{"@id":"https:\/\/agendaalcoy.com\/ca\/event\/taller-de-batucada\/#primaryimage"},"thumbnailUrl":"https:\/\/agendaalcoy.com\/wp-content\/uploads\/2026\/04\/photo_2026-04-16_17-32-14.jpg","datePublished":"2026-04-15T23:04:21+00:00","dateModified":"2026-04-17T08:28:36+00:00","breadcrumb":{"@id":"https:\/\/agendaalcoy.com\/ca\/event\/taller-de-batucada\/#breadcrumb"},"inLanguage":"ca","potentialAction":[{"@type":"ReadAction","target":["https:\/\/agendaalcoy.com\/ca\/event\/taller-de-batucada\/"]}]},{"@type":"ImageObject","inLanguage":"ca","@id":"https:\/\/agendaalcoy.com\/ca\/event\/taller-de-batucada\/#primaryimage","url":"https:\/\/agendaalcoy.com\/wp-content\/uploads\/2026\/04\/photo_2026-04-16_17-32-14.jpg","contentUrl":"https:\/\/agendaalcoy.com\/wp-content\/uploads\/2026\/04\/photo_2026-04-16_17-32-14.jpg","width":1027,"height":1280},{"@type":"BreadcrumbList","@id":"https:\/\/agendaalcoy.com\/ca\/event\/taller-de-batucada\/#breadcrumb","itemListElement":[{"@type":"ListItem","position":1,"name":"Portada","item":"https:\/\/agendaalcoy.com\/ca\/"},{"@type":"ListItem","position":2,"name":"\u00abTaller de Batucada\u00bb"}]},{"@type":"WebSite","@id":"https:\/\/agendaalcoy.com\/ca\/#website","url":"https:\/\/agendaalcoy.com\/ca\/","name":"Agenda Alcoy","description":"Agenda Cultural de Alcoy - Conciertos, teatro, exposiciones, actividades infantiles, tradiciones...","potentialAction":[{"@type":"SearchAction","target":{"@type":"EntryPoint","urlTemplate":"https:\/\/agendaalcoy.com\/ca\/?s={search_term_string}"},"query-input":{"@type":"PropertyValueSpecification","valueRequired":true,"valueName":"search_term_string"}}],"inLanguage":"ca"}]}},"start_date":"12-06-2026","end_date":"12-06-2026","start_time":"19:00","end_time":"20:30","event_address":"Parc Poeta Pastor","categories":["Infantil","Tallers"],"featured_image":"https:\/\/agendaalcoy.com\/wp-content\/uploads\/2026\/04\/photo_2026-04-16_17-32-14.jpg","_links":{"self":[{"href":"https:\/\/agendaalcoy.com\/ca\/wp-json\/wp\/v2\/event\/52821","targetHints":{"allow":["GET"]}}],"collection":[{"href":"https:\/\/agendaalcoy.com\/ca\/wp-json\/wp\/v2\/event"}],"about":[{"href":"https:\/\/agendaalcoy.com\/ca\/wp-json\/wp\/v2\/types\/event"}],"author":[{"embeddable":true,"href":"https:\/\/agendaalcoy.com\/ca\/wp-json\/wp\/v2\/users\/1"}],"replies":[{"embeddable":true,"href":"https:\/\/agendaalcoy.com\/ca\/wp-json\/wp\/v2\/comments?post=52821"}],"version-history":[{"count":2,"href":"https:\/\/agendaalcoy.com\/ca\/wp-json\/wp\/v2\/event\/52821\/revisions"}],"predecessor-version":[{"id":52898,"href":"https:\/\/agendaalcoy.com\/ca\/wp-json\/wp\/v2\/event\/52821\/revisions\/52898"}],"wp:featuredmedia":[{"embeddable":true,"href":"https:\/\/agendaalcoy.com\/ca\/wp-json\/wp\/v2\/media\/52872"}],"wp:attachment":[{"href":"https:\/\/agendaalcoy.com\/ca\/wp-json\/wp\/v2\/media?parent=52821"}],"wp:term":[{"taxonomy":"event_cat","embeddable":true,"href":"https:\/\/agendaalcoy.com\/ca\/wp-json\/wp\/v2\/event_cat?post=52821"},{"taxonomy":"event_tag","embeddable":true,"href":"https:\/\/agendaalcoy.com\/ca\/wp-json\/wp\/v2\/event_tag?post=52821"},{"taxonomy":"event_loc","embeddable":true,"href":"https:\/\/agendaalcoy.com\/ca\/wp-json\/wp\/v2\/event_loc?post=52821"}],"curies":[{"name":"wp","href":"https:\/\/api.w.org\/{rel}","templated":true}]}}

<p>Taller de batucada per a xiquets de 7 a 12 anys al Parc Poeta Pastor d&#8217;Alcoi. Cal reservar plaça. Consulteu el contacte al cartell oa la font oficial de l&#8217;organitzador.</p>
<p><em>Agenda Alcoy és un servei merament informatiu. Publiquem informació facilitada per fonts disponibles o pels organitzadors, per la qual cosa no assumim cap responsabilitat si, en el moment de la publicació o posteriorment, l’esdeveniment haguera sigut cancel·lat, modificat, ajornat, tinguera l’aforament complet, continguera errors en la descripció o experimentara qualsevol altre canvi no comunicat a temps pels organitzadors. Recomanem verificar sempre la informació a través de les fonts oficials dels organitzadors.</em></p>

<p>Taller de batucada per a xiquets de 7 a 12 anys al Parc Poeta Pastor d&#8217;Alcoi. Cal reservar plaça. Consulteu el contacte al cartell oa la font oficial de l&#8217;organitzador. Agenda Alcoy és un servei merament informatiu. Publiquem informació facilitada per fonts disponibles o pels organitzadors, per la qual cosa no assumim cap responsabilitat si, [&hellip;]</p>

<!-- This site is optimized with the Yoast SEO plugin v26.4 - https://yoast.com/wordpress/plugins/seo/ -->
<title>«Taller de Batucada» | Agenda Alcoy</title>
<meta name="robots" content="index, follow, max-snippet:-1, max-image-preview:large, max-video-preview:-1" />
<link rel="canonical" href="https://agendaalcoy.com/ca/event/taller-de-batucada/" />
<meta property="og:locale" content="ca_ES" />
<meta property="og:type" content="article" />
<meta property="og:title" content="«Taller de Batucada» | Agenda Alcoy" />
<meta property="og:description" content="Taller de batucada per a xiquets de 7 a 12 anys al Parc Poeta Pastor d&#8217;Alcoi. Cal reservar plaça. Consulteu el contacte al cartell oa la font oficial de l&#8217;organitzador. Agenda Alcoy és un servei merament informatiu. Publiquem informació facilitada per fonts disponibles o pels organitzadors, per la qual cosa no assumim cap responsabilitat si, [&hellip;]" />
<meta property="og:url" content="https://agendaalcoy.com/ca/event/taller-de-batucada/" />
<meta property="og:site_name" content="Agenda Alcoy" />
<meta property="article:modified_time" content="2026-04-17T08:28:36+00:00" />
<meta property="og:image" content="https://agendaalcoy.com/wp-content/uploads/2026/04/photo_2026-04-16_17-32-14.jpg" />
	<meta property="og:image:width" content="1027" />
	<meta property="og:image:height" content="1280" />
	<meta property="og:image:type" content="image/jpeg" />
<meta name="twitter:card" content="summary_large_image" />
<meta name="twitter:label1" content="Temps estimat de lectura" />
	<meta name="twitter:data1" content="1 minut" />
<script type="application/ld+json" class="yoast-schema-graph">{"@context":"https://schema.org","@graph":[{"@type":"WebPage","@id":"https://agendaalcoy.com/ca/event/taller-de-batucada/","url":"https://agendaalcoy.com/ca/event/taller-de-batucada/","name":"«Taller de Batucada» | Agenda Alcoy","isPartOf":{"@id":"https://agendaalcoy.com/ca/#website"},"primaryImageOfPage":{"@id":"https://agendaalcoy.com/ca/event/taller-de-batucada/#primaryimage"},"image":{"@id":"https://agendaalcoy.com/ca/event/taller-de-batucada/#primaryimage"},"thumbnailUrl":"https://agendaalcoy.com/wp-content/uploads/2026/04/photo_2026-04-16_17-32-14.jpg","datePublished":"2026-04-15T23:04:21+00:00","dateModified":"2026-04-17T08:28:36+00:00","breadcrumb":{"@id":"https://agendaalcoy.com/ca/event/taller-de-batucada/#breadcrumb"},"inLanguage":"ca","potentialAction":[{"@type":"ReadAction","target":["https://agendaalcoy.com/ca/event/taller-de-batucada/"]}]},{"@type":"ImageObject","inLanguage":"ca","@id":"https://agendaalcoy.com/ca/event/taller-de-batucada/#primaryimage","url":"https://agendaalcoy.com/wp-content/uploads/2026/04/photo_2026-04-16_17-32-14.jpg","contentUrl":"https://agendaalcoy.com/wp-content/uploads/2026/04/photo_2026-04-16_17-32-14.jpg","width":1027,"height":1280},{"@type":"BreadcrumbList","@id":"https://agendaalcoy.com/ca/event/taller-de-batucada/#breadcrumb","itemListElement":[{"@type":"ListItem","position":1,"name":"Portada","item":"https://agendaalcoy.com/ca/"},{"@type":"ListItem","position":2,"name":"«Taller de Batucada»"}]},{"@type":"WebSite","@id":"https://agendaalcoy.com/ca/#website","url":"https://agendaalcoy.com/ca/","name":"Agenda Alcoy","description":"Agenda Cultural de Alcoy - Conciertos, teatro, exposiciones, actividades infantiles, tradiciones...","potentialAction":[{"@type":"SearchAction","target":{"@type":"EntryPoint","urlTemplate":"https://agendaalcoy.com/ca/?s={search_term_string}"},"query-input":{"@type":"PropertyValueSpecification","valueRequired":true,"valueName":"search_term_string"}}],"inLanguage":"ca"}]}</script>
<!-- / Yoast SEO plugin. -->

Taller de batucada per a xiquets de 7 a 12 anys al Parc Poeta Pastor d&#8217;Alcoi. Cal reservar plaça. Consulteu el contacte al cartell oa la font oficial de l&#8217;organitzador. Agenda Alcoy és un servei merament informatiu. Publiquem informació facilitada per fonts disponibles o pels organitzadors, per la qual cosa no assumim cap responsabilitat si, [&hellip;]
