{"id":52757,"date":"2026-04-14T14:01:20","date_gmt":"2026-04-14T14:01:20","guid":{"rendered":"https:\/\/agendaalcoy.com\/event\/ca\/sound-jordi-2026-la-fumiga-zahara-rave-naina-cactus"},"modified":"2026-04-14T16:04:34","modified_gmt":"2026-04-14T16:04:34","slug":"sound-jordi-2026-la-fumiga-zahara-rave-naina-cactus","status":"publish","type":"event","link":"https:\/\/agendaalcoy.com\/ca\/event\/sound-jordi-2026-la-fumiga-zahara-rave-naina-cactus\/","title":{"rendered":"\u00abSound Jordi 2026\u00bb La F\u00famiga, Zahara Rave, Naina, Cactus"},"content":{"rendered":"<p>Sound Jordi 2026 \u00e9s un esdeveniment musical que tindr\u00e0 lloc el 9 de maig de 2026 al Recinte Cotes Baixes d&#8217;Alcoi. Actuaran els grups La F\u00famiga, Zahara Rave, Naina i Cactus. L&#8217;obertura de portes ser\u00e0 a les 19h i l&#8217;inici del concert a les 21h.<\/p>\n","protected":false},"excerpt":{"rendered":"<p>Sound Jordi 2026 \u00e9s un esdeveniment musical que tindr\u00e0 lloc el 9 de maig de 2026 al Recinte Cotes Baixes d&#8217;Alcoi. Actuaran els grups La F\u00famiga, Zahara Rave, Naina i Cactus. L&#8217;obertura de portes ser\u00e0 a les 19h i l&#8217;inici del concert a les 21h.<\/p>\n","protected":false},"author":1,"featured_media":52754,"comment_status":"closed","ping_status":"closed","template":"","meta":[],"event_cat":[131],"event_tag":[],"event_loc":[178],"class_list":["post-52757","event","type-event","status-publish","has-post-thumbnail","hentry","event_cat-concerts-musica","event_loc-recinte-cotes-baixes"],"yoast_head":"<!-- This site is optimized with the Yoast SEO plugin v26.4 - https:\/\/yoast.com\/wordpress\/plugins\/seo\/ -->\n<title>\u00abSound Jordi 2026\u00bb La F\u00famiga, Zahara Rave, Naina, Cactus | Agenda Alcoy<\/title>\n<meta name=\"robots\" content=\"index, follow, max-snippet:-1, max-image-preview:large, max-video-preview:-1\" \/>\n<link rel=\"canonical\" href=\"https:\/\/agendaalcoy.com\/ca\/event\/sound-jordi-2026-la-fumiga-zahara-rave-naina-cactus\/\" \/>\n<meta property=\"og:locale\" content=\"ca_ES\" \/>\n<meta property=\"og:type\" content=\"article\" \/>\n<meta property=\"og:title\" content=\"\u00abSound Jordi 2026\u00bb La F\u00famiga, Zahara Rave, Naina, Cactus | Agenda Alcoy\" \/>\n<meta property=\"og:description\" content=\"Sound Jordi 2026 \u00e9s un esdeveniment musical que tindr\u00e0 lloc el 9 de maig de 2026 al Recinte Cotes Baixes d&#8217;Alcoi. Actuaran els grups La F\u00famiga, Zahara Rave, Naina i Cactus. L&#8217;obertura de portes ser\u00e0 a les 19h i l&#8217;inici del concert a les 21h.\" \/>\n<meta property=\"og:url\" content=\"https:\/\/agendaalcoy.com\/ca\/event\/sound-jordi-2026-la-fumiga-zahara-rave-naina-cactus\/\" \/>\n<meta property=\"og:site_name\" content=\"Agenda Alcoy\" \/>\n<meta property=\"article:modified_time\" content=\"2026-04-14T16:04:34+00:00\" \/>\n<meta property=\"og:image\" content=\"https:\/\/agendaalcoy.com\/wp-content\/uploads\/2026\/04\/sound-jordi-2026.jpeg\" \/>\n\t<meta property=\"og:image:width\" content=\"520\" \/>\n\t<meta property=\"og:image:height\" content=\"650\" \/>\n\t<meta property=\"og:image:type\" content=\"image\/jpeg\" \/>\n<meta name=\"twitter:card\" content=\"summary_large_image\" \/>\n<script type=\"application\/ld+json\" class=\"yoast-schema-graph\">{\"@context\":\"https:\/\/schema.org\",\"@graph\":[{\"@type\":\"WebPage\",\"@id\":\"https:\/\/agendaalcoy.com\/ca\/event\/sound-jordi-2026-la-fumiga-zahara-rave-naina-cactus\/\",\"url\":\"https:\/\/agendaalcoy.com\/ca\/event\/sound-jordi-2026-la-fumiga-zahara-rave-naina-cactus\/\",\"name\":\"\u00abSound Jordi 2026\u00bb La F\u00famiga, Zahara Rave, Naina, Cactus | Agenda Alcoy\",\"isPartOf\":{\"@id\":\"https:\/\/agendaalcoy.com\/ca\/#website\"},\"primaryImageOfPage\":{\"@id\":\"https:\/\/agendaalcoy.com\/ca\/event\/sound-jordi-2026-la-fumiga-zahara-rave-naina-cactus\/#primaryimage\"},\"image\":{\"@id\":\"https:\/\/agendaalcoy.com\/ca\/event\/sound-jordi-2026-la-fumiga-zahara-rave-naina-cactus\/#primaryimage\"},\"thumbnailUrl\":\"https:\/\/agendaalcoy.com\/wp-content\/uploads\/2026\/04\/sound-jordi-2026.jpeg\",\"datePublished\":\"2026-04-14T14:01:20+00:00\",\"dateModified\":\"2026-04-14T16:04:34+00:00\",\"breadcrumb\":{\"@id\":\"https:\/\/agendaalcoy.com\/ca\/event\/sound-jordi-2026-la-fumiga-zahara-rave-naina-cactus\/#breadcrumb\"},\"inLanguage\":\"ca\",\"potentialAction\":[{\"@type\":\"ReadAction\",\"target\":[\"https:\/\/agendaalcoy.com\/ca\/event\/sound-jordi-2026-la-fumiga-zahara-rave-naina-cactus\/\"]}]},{\"@type\":\"ImageObject\",\"inLanguage\":\"ca\",\"@id\":\"https:\/\/agendaalcoy.com\/ca\/event\/sound-jordi-2026-la-fumiga-zahara-rave-naina-cactus\/#primaryimage\",\"url\":\"https:\/\/agendaalcoy.com\/wp-content\/uploads\/2026\/04\/sound-jordi-2026.jpeg\",\"contentUrl\":\"https:\/\/agendaalcoy.com\/wp-content\/uploads\/2026\/04\/sound-jordi-2026.jpeg\",\"width\":520,\"height\":650},{\"@type\":\"BreadcrumbList\",\"@id\":\"https:\/\/agendaalcoy.com\/ca\/event\/sound-jordi-2026-la-fumiga-zahara-rave-naina-cactus\/#breadcrumb\",\"itemListElement\":[{\"@type\":\"ListItem\",\"position\":1,\"name\":\"Portada\",\"item\":\"https:\/\/agendaalcoy.com\/ca\/\"},{\"@type\":\"ListItem\",\"position\":2,\"name\":\"\u00abSound Jordi 2026\u00bb La F\u00famiga, Zahara Rave, Naina, Cactus\"}]},{\"@type\":\"WebSite\",\"@id\":\"https:\/\/agendaalcoy.com\/ca\/#website\",\"url\":\"https:\/\/agendaalcoy.com\/ca\/\",\"name\":\"Agenda Alcoy\",\"description\":\"Agenda Cultural de Alcoy - Conciertos, teatro, exposiciones, actividades infantiles, tradiciones...\",\"potentialAction\":[{\"@type\":\"SearchAction\",\"target\":{\"@type\":\"EntryPoint\",\"urlTemplate\":\"https:\/\/agendaalcoy.com\/ca\/?s={search_term_string}\"},\"query-input\":{\"@type\":\"PropertyValueSpecification\",\"valueRequired\":true,\"valueName\":\"search_term_string\"}}],\"inLanguage\":\"ca\"}]}<\/script>\n<!-- \/ Yoast SEO plugin. -->","yoast_head_json":{"title":"\u00abSound Jordi 2026\u00bb La F\u00famiga, Zahara Rave, Naina, Cactus | Agenda Alcoy","robots":{"index":"index","follow":"follow","max-snippet":"max-snippet:-1","max-image-preview":"max-image-preview:large","max-video-preview":"max-video-preview:-1"},"canonical":"https:\/\/agendaalcoy.com\/ca\/event\/sound-jordi-2026-la-fumiga-zahara-rave-naina-cactus\/","og_locale":"ca_ES","og_type":"article","og_title":"\u00abSound Jordi 2026\u00bb La F\u00famiga, Zahara Rave, Naina, Cactus | Agenda Alcoy","og_description":"Sound Jordi 2026 \u00e9s un esdeveniment musical que tindr\u00e0 lloc el 9 de maig de 2026 al Recinte Cotes Baixes d&#8217;Alcoi. Actuaran els grups La F\u00famiga, Zahara Rave, Naina i Cactus. L&#8217;obertura de portes ser\u00e0 a les 19h i l&#8217;inici del concert a les 21h.","og_url":"https:\/\/agendaalcoy.com\/ca\/event\/sound-jordi-2026-la-fumiga-zahara-rave-naina-cactus\/","og_site_name":"Agenda Alcoy","article_modified_time":"2026-04-14T16:04:34+00:00","og_image":[{"width":520,"height":650,"url":"https:\/\/agendaalcoy.com\/wp-content\/uploads\/2026\/04\/sound-jordi-2026.jpeg","type":"image\/jpeg"}],"twitter_card":"summary_large_image","schema":{"@context":"https:\/\/schema.org","@graph":[{"@type":"WebPage","@id":"https:\/\/agendaalcoy.com\/ca\/event\/sound-jordi-2026-la-fumiga-zahara-rave-naina-cactus\/","url":"https:\/\/agendaalcoy.com\/ca\/event\/sound-jordi-2026-la-fumiga-zahara-rave-naina-cactus\/","name":"\u00abSound Jordi 2026\u00bb La F\u00famiga, Zahara Rave, Naina, Cactus | Agenda Alcoy","isPartOf":{"@id":"https:\/\/agendaalcoy.com\/ca\/#website"},"primaryImageOfPage":{"@id":"https:\/\/agendaalcoy.com\/ca\/event\/sound-jordi-2026-la-fumiga-zahara-rave-naina-cactus\/#primaryimage"},"image":{"@id":"https:\/\/agendaalcoy.com\/ca\/event\/sound-jordi-2026-la-fumiga-zahara-rave-naina-cactus\/#primaryimage"},"thumbnailUrl":"https:\/\/agendaalcoy.com\/wp-content\/uploads\/2026\/04\/sound-jordi-2026.jpeg","datePublished":"2026-04-14T14:01:20+00:00","dateModified":"2026-04-14T16:04:34+00:00","breadcrumb":{"@id":"https:\/\/agendaalcoy.com\/ca\/event\/sound-jordi-2026-la-fumiga-zahara-rave-naina-cactus\/#breadcrumb"},"inLanguage":"ca","potentialAction":[{"@type":"ReadAction","target":["https:\/\/agendaalcoy.com\/ca\/event\/sound-jordi-2026-la-fumiga-zahara-rave-naina-cactus\/"]}]},{"@type":"ImageObject","inLanguage":"ca","@id":"https:\/\/agendaalcoy.com\/ca\/event\/sound-jordi-2026-la-fumiga-zahara-rave-naina-cactus\/#primaryimage","url":"https:\/\/agendaalcoy.com\/wp-content\/uploads\/2026\/04\/sound-jordi-2026.jpeg","contentUrl":"https:\/\/agendaalcoy.com\/wp-content\/uploads\/2026\/04\/sound-jordi-2026.jpeg","width":520,"height":650},{"@type":"BreadcrumbList","@id":"https:\/\/agendaalcoy.com\/ca\/event\/sound-jordi-2026-la-fumiga-zahara-rave-naina-cactus\/#breadcrumb","itemListElement":[{"@type":"ListItem","position":1,"name":"Portada","item":"https:\/\/agendaalcoy.com\/ca\/"},{"@type":"ListItem","position":2,"name":"\u00abSound Jordi 2026\u00bb La F\u00famiga, Zahara Rave, Naina, Cactus"}]},{"@type":"WebSite","@id":"https:\/\/agendaalcoy.com\/ca\/#website","url":"https:\/\/agendaalcoy.com\/ca\/","name":"Agenda Alcoy","description":"Agenda Cultural de Alcoy - Conciertos, teatro, exposiciones, actividades infantiles, tradiciones...","potentialAction":[{"@type":"SearchAction","target":{"@type":"EntryPoint","urlTemplate":"https:\/\/agendaalcoy.com\/ca\/?s={search_term_string}"},"query-input":{"@type":"PropertyValueSpecification","valueRequired":true,"valueName":"search_term_string"}}],"inLanguage":"ca"}]}},"start_date":"09-05-2026","end_date":"09-05-2026","start_time":"21:00","end_time":"23:59","event_address":"Recinte Cotes Baixes","categories":["M\u00fasica"],"featured_image":"https:\/\/agendaalcoy.com\/wp-content\/uploads\/2026\/04\/sound-jordi-2026.jpeg","_links":{"self":[{"href":"https:\/\/agendaalcoy.com\/ca\/wp-json\/wp\/v2\/event\/52757","targetHints":{"allow":["GET"]}}],"collection":[{"href":"https:\/\/agendaalcoy.com\/ca\/wp-json\/wp\/v2\/event"}],"about":[{"href":"https:\/\/agendaalcoy.com\/ca\/wp-json\/wp\/v2\/types\/event"}],"author":[{"embeddable":true,"href":"https:\/\/agendaalcoy.com\/ca\/wp-json\/wp\/v2\/users\/1"}],"replies":[{"embeddable":true,"href":"https:\/\/agendaalcoy.com\/ca\/wp-json\/wp\/v2\/comments?post=52757"}],"version-history":[{"count":1,"href":"https:\/\/agendaalcoy.com\/ca\/wp-json\/wp\/v2\/event\/52757\/revisions"}],"predecessor-version":[{"id":52763,"href":"https:\/\/agendaalcoy.com\/ca\/wp-json\/wp\/v2\/event\/52757\/revisions\/52763"}],"wp:featuredmedia":[{"embeddable":true,"href":"https:\/\/agendaalcoy.com\/ca\/wp-json\/wp\/v2\/media\/52754"}],"wp:attachment":[{"href":"https:\/\/agendaalcoy.com\/ca\/wp-json\/wp\/v2\/media?parent=52757"}],"wp:term":[{"taxonomy":"event_cat","embeddable":true,"href":"https:\/\/agendaalcoy.com\/ca\/wp-json\/wp\/v2\/event_cat?post=52757"},{"taxonomy":"event_tag","embeddable":true,"href":"https:\/\/agendaalcoy.com\/ca\/wp-json\/wp\/v2\/event_tag?post=52757"},{"taxonomy":"event_loc","embeddable":true,"href":"https:\/\/agendaalcoy.com\/ca\/wp-json\/wp\/v2\/event_loc?post=52757"}],"curies":[{"name":"wp","href":"https:\/\/api.w.org\/{rel}","templated":true}]}}

«Sound Jordi 2026» La Fúmiga, Zahara Rave, Naina, Cactus

<p>Sound Jordi 2026 és un esdeveniment musical que tindrà lloc el 9 de maig de 2026 al Recinte Cotes Baixes d&#8217;Alcoi. Actuaran els grups La Fúmiga, Zahara Rave, Naina i Cactus. L&#8217;obertura de portes serà a les 19h i l&#8217;inici del concert a les 21h.</p>

<!-- This site is optimized with the Yoast SEO plugin v26.4 - https://yoast.com/wordpress/plugins/seo/ -->
<title>«Sound Jordi 2026» La Fúmiga, Zahara Rave, Naina, Cactus | Agenda Alcoy</title>
<meta name="robots" content="index, follow, max-snippet:-1, max-image-preview:large, max-video-preview:-1" />
<link rel="canonical" href="https://agendaalcoy.com/ca/event/sound-jordi-2026-la-fumiga-zahara-rave-naina-cactus/" />
<meta property="og:locale" content="ca_ES" />
<meta property="og:type" content="article" />
<meta property="og:title" content="«Sound Jordi 2026» La Fúmiga, Zahara Rave, Naina, Cactus | Agenda Alcoy" />
<meta property="og:description" content="Sound Jordi 2026 és un esdeveniment musical que tindrà lloc el 9 de maig de 2026 al Recinte Cotes Baixes d&#8217;Alcoi. Actuaran els grups La Fúmiga, Zahara Rave, Naina i Cactus. L&#8217;obertura de portes serà a les 19h i l&#8217;inici del concert a les 21h." />
<meta property="og:url" content="https://agendaalcoy.com/ca/event/sound-jordi-2026-la-fumiga-zahara-rave-naina-cactus/" />
<meta property="og:site_name" content="Agenda Alcoy" />
<meta property="article:modified_time" content="2026-04-14T16:04:34+00:00" />
<meta property="og:image" content="https://agendaalcoy.com/wp-content/uploads/2026/04/sound-jordi-2026.jpeg" />
	<meta property="og:image:width" content="520" />
	<meta property="og:image:height" content="650" />
	<meta property="og:image:type" content="image/jpeg" />
<meta name="twitter:card" content="summary_large_image" />
<script type="application/ld+json" class="yoast-schema-graph">{"@context":"https://schema.org","@graph":[{"@type":"WebPage","@id":"https://agendaalcoy.com/ca/event/sound-jordi-2026-la-fumiga-zahara-rave-naina-cactus/","url":"https://agendaalcoy.com/ca/event/sound-jordi-2026-la-fumiga-zahara-rave-naina-cactus/","name":"«Sound Jordi 2026» La Fúmiga, Zahara Rave, Naina, Cactus | Agenda Alcoy","isPartOf":{"@id":"https://agendaalcoy.com/ca/#website"},"primaryImageOfPage":{"@id":"https://agendaalcoy.com/ca/event/sound-jordi-2026-la-fumiga-zahara-rave-naina-cactus/#primaryimage"},"image":{"@id":"https://agendaalcoy.com/ca/event/sound-jordi-2026-la-fumiga-zahara-rave-naina-cactus/#primaryimage"},"thumbnailUrl":"https://agendaalcoy.com/wp-content/uploads/2026/04/sound-jordi-2026.jpeg","datePublished":"2026-04-14T14:01:20+00:00","dateModified":"2026-04-14T16:04:34+00:00","breadcrumb":{"@id":"https://agendaalcoy.com/ca/event/sound-jordi-2026-la-fumiga-zahara-rave-naina-cactus/#breadcrumb"},"inLanguage":"ca","potentialAction":[{"@type":"ReadAction","target":["https://agendaalcoy.com/ca/event/sound-jordi-2026-la-fumiga-zahara-rave-naina-cactus/"]}]},{"@type":"ImageObject","inLanguage":"ca","@id":"https://agendaalcoy.com/ca/event/sound-jordi-2026-la-fumiga-zahara-rave-naina-cactus/#primaryimage","url":"https://agendaalcoy.com/wp-content/uploads/2026/04/sound-jordi-2026.jpeg","contentUrl":"https://agendaalcoy.com/wp-content/uploads/2026/04/sound-jordi-2026.jpeg","width":520,"height":650},{"@type":"BreadcrumbList","@id":"https://agendaalcoy.com/ca/event/sound-jordi-2026-la-fumiga-zahara-rave-naina-cactus/#breadcrumb","itemListElement":[{"@type":"ListItem","position":1,"name":"Portada","item":"https://agendaalcoy.com/ca/"},{"@type":"ListItem","position":2,"name":"«Sound Jordi 2026» La Fúmiga, Zahara Rave, Naina, Cactus"}]},{"@type":"WebSite","@id":"https://agendaalcoy.com/ca/#website","url":"https://agendaalcoy.com/ca/","name":"Agenda Alcoy","description":"Agenda Cultural de Alcoy - Conciertos, teatro, exposiciones, actividades infantiles, tradiciones...","potentialAction":[{"@type":"SearchAction","target":{"@type":"EntryPoint","urlTemplate":"https://agendaalcoy.com/ca/?s={search_term_string}"},"query-input":{"@type":"PropertyValueSpecification","valueRequired":true,"valueName":"search_term_string"}}],"inLanguage":"ca"}]}</script>
<!-- / Yoast SEO plugin. -->

«Sound Jordi 2026» La Fúmiga, Zahara Rave, Naina, Cactus | Agenda Alcoy

Sound Jordi 2026 és un esdeveniment musical que tindrà lloc el 9 de maig de 2026 al Recinte Cotes Baixes d&#8217;Alcoi. Actuaran els grups La Fúmiga, Zahara Rave, Naina i Cactus. L&#8217;obertura de portes serà a les 19h i l&#8217;inici del concert a les 21h.

Música
