{"id":52743,"date":"2026-04-14T12:45:05","date_gmt":"2026-04-14T12:45:05","guid":{"rendered":"https:\/\/agendaalcoy.com\/event\/ca\/presentacio-parlem-de-llengua-som-i-serem-cesk-freixas"},"modified":"2026-04-14T16:02:13","modified_gmt":"2026-04-14T16:02:13","slug":"presentacio-parlem-de-llengua-som-i-serem-cesk-freixas","status":"publish","type":"event","link":"https:\/\/agendaalcoy.com\/ca\/event\/presentacio-parlem-de-llengua-som-i-serem-cesk-freixas\/","title":{"rendered":"\u00abPresentaci\u00f3: Parlem de Llengua: Som i Serem\u00bb Cesk Freixas"},"content":{"rendered":"<p>Presentaci\u00f3 de la col\u00b7lecci\u00f3 &#8216;Els Petits Tigres&#8217; i del llibre &#8216;Ovidi Montllor&#8217; amb la participaci\u00f3 de Cesk Freixas, qui interpretar\u00e0 can\u00e7ons i parlar\u00e0 sobre el llibre infantil dedicat a Ovidi Montllor.<\/p>\n","protected":false},"excerpt":{"rendered":"<p>Presentaci\u00f3 de la col\u00b7lecci\u00f3 &#8216;Els Petits Tigres&#8217; i del llibre &#8216;Ovidi Montllor&#8217; amb la participaci\u00f3 de Cesk Freixas, qui interpretar\u00e0 can\u00e7ons i parlar\u00e0 sobre el llibre infantil dedicat a Ovidi Montllor.<\/p>\n","protected":false},"author":1,"featured_media":52740,"comment_status":"closed","ping_status":"closed","template":"","meta":[],"event_cat":[146],"event_tag":[],"event_loc":[125],"class_list":["post-52743","event","type-event","status-publish","has-post-thumbnail","hentry","event_cat-literatura-llibres","event_loc-centre-ovidi-montllor"],"yoast_head":"<!-- This site is optimized with the Yoast SEO plugin v26.4 - https:\/\/yoast.com\/wordpress\/plugins\/seo\/ -->\n<title>\u00abPresentaci\u00f3: Parlem de Llengua: Som i Serem\u00bb Cesk Freixas | Agenda Alcoy<\/title>\n<meta name=\"robots\" content=\"index, follow, max-snippet:-1, max-image-preview:large, max-video-preview:-1\" \/>\n<link rel=\"canonical\" href=\"https:\/\/agendaalcoy.com\/ca\/event\/presentacio-parlem-de-llengua-som-i-serem-cesk-freixas\/\" \/>\n<meta property=\"og:locale\" content=\"ca_ES\" \/>\n<meta property=\"og:type\" content=\"article\" \/>\n<meta property=\"og:title\" content=\"\u00abPresentaci\u00f3: Parlem de Llengua: Som i Serem\u00bb Cesk Freixas | Agenda Alcoy\" \/>\n<meta property=\"og:description\" content=\"Presentaci\u00f3 de la col\u00b7lecci\u00f3 &#8216;Els Petits Tigres&#8217; i del llibre &#8216;Ovidi Montllor&#8217; amb la participaci\u00f3 de Cesk Freixas, qui interpretar\u00e0 can\u00e7ons i parlar\u00e0 sobre el llibre infantil dedicat a Ovidi Montllor.\" \/>\n<meta property=\"og:url\" content=\"https:\/\/agendaalcoy.com\/ca\/event\/presentacio-parlem-de-llengua-som-i-serem-cesk-freixas\/\" \/>\n<meta property=\"og:site_name\" content=\"Agenda Alcoy\" \/>\n<meta property=\"article:modified_time\" content=\"2026-04-14T16:02:13+00:00\" \/>\n<meta property=\"og:image\" content=\"https:\/\/agendaalcoy.com\/wp-content\/uploads\/2026\/04\/Llibre-Ovidi.jpg-1.jpeg\" \/>\n\t<meta property=\"og:image:width\" content=\"2342\" \/>\n\t<meta property=\"og:image:height\" content=\"2337\" \/>\n\t<meta property=\"og:image:type\" content=\"image\/jpeg\" \/>\n<meta name=\"twitter:card\" content=\"summary_large_image\" \/>\n<script type=\"application\/ld+json\" class=\"yoast-schema-graph\">{\"@context\":\"https:\/\/schema.org\",\"@graph\":[{\"@type\":\"WebPage\",\"@id\":\"https:\/\/agendaalcoy.com\/ca\/event\/presentacio-parlem-de-llengua-som-i-serem-cesk-freixas\/\",\"url\":\"https:\/\/agendaalcoy.com\/ca\/event\/presentacio-parlem-de-llengua-som-i-serem-cesk-freixas\/\",\"name\":\"\u00abPresentaci\u00f3: Parlem de Llengua: Som i Serem\u00bb Cesk Freixas | Agenda Alcoy\",\"isPartOf\":{\"@id\":\"https:\/\/agendaalcoy.com\/ca\/#website\"},\"primaryImageOfPage\":{\"@id\":\"https:\/\/agendaalcoy.com\/ca\/event\/presentacio-parlem-de-llengua-som-i-serem-cesk-freixas\/#primaryimage\"},\"image\":{\"@id\":\"https:\/\/agendaalcoy.com\/ca\/event\/presentacio-parlem-de-llengua-som-i-serem-cesk-freixas\/#primaryimage\"},\"thumbnailUrl\":\"https:\/\/agendaalcoy.com\/wp-content\/uploads\/2026\/04\/Llibre-Ovidi.jpg-1.jpeg\",\"datePublished\":\"2026-04-14T12:45:05+00:00\",\"dateModified\":\"2026-04-14T16:02:13+00:00\",\"breadcrumb\":{\"@id\":\"https:\/\/agendaalcoy.com\/ca\/event\/presentacio-parlem-de-llengua-som-i-serem-cesk-freixas\/#breadcrumb\"},\"inLanguage\":\"ca\",\"potentialAction\":[{\"@type\":\"ReadAction\",\"target\":[\"https:\/\/agendaalcoy.com\/ca\/event\/presentacio-parlem-de-llengua-som-i-serem-cesk-freixas\/\"]}]},{\"@type\":\"ImageObject\",\"inLanguage\":\"ca\",\"@id\":\"https:\/\/agendaalcoy.com\/ca\/event\/presentacio-parlem-de-llengua-som-i-serem-cesk-freixas\/#primaryimage\",\"url\":\"https:\/\/agendaalcoy.com\/wp-content\/uploads\/2026\/04\/Llibre-Ovidi.jpg-1.jpeg\",\"contentUrl\":\"https:\/\/agendaalcoy.com\/wp-content\/uploads\/2026\/04\/Llibre-Ovidi.jpg-1.jpeg\",\"width\":2342,\"height\":2337},{\"@type\":\"BreadcrumbList\",\"@id\":\"https:\/\/agendaalcoy.com\/ca\/event\/presentacio-parlem-de-llengua-som-i-serem-cesk-freixas\/#breadcrumb\",\"itemListElement\":[{\"@type\":\"ListItem\",\"position\":1,\"name\":\"Portada\",\"item\":\"https:\/\/agendaalcoy.com\/ca\/\"},{\"@type\":\"ListItem\",\"position\":2,\"name\":\"\u00abPresentaci\u00f3: Parlem de Llengua: Som i Serem\u00bb Cesk Freixas\"}]},{\"@type\":\"WebSite\",\"@id\":\"https:\/\/agendaalcoy.com\/ca\/#website\",\"url\":\"https:\/\/agendaalcoy.com\/ca\/\",\"name\":\"Agenda Alcoy\",\"description\":\"Agenda Cultural de Alcoy - Conciertos, teatro, exposiciones, actividades infantiles, tradiciones...\",\"potentialAction\":[{\"@type\":\"SearchAction\",\"target\":{\"@type\":\"EntryPoint\",\"urlTemplate\":\"https:\/\/agendaalcoy.com\/ca\/?s={search_term_string}\"},\"query-input\":{\"@type\":\"PropertyValueSpecification\",\"valueRequired\":true,\"valueName\":\"search_term_string\"}}],\"inLanguage\":\"ca\"}]}<\/script>\n<!-- \/ Yoast SEO plugin. -->","yoast_head_json":{"title":"\u00abPresentaci\u00f3: Parlem de Llengua: Som i Serem\u00bb Cesk Freixas | Agenda Alcoy","robots":{"index":"index","follow":"follow","max-snippet":"max-snippet:-1","max-image-preview":"max-image-preview:large","max-video-preview":"max-video-preview:-1"},"canonical":"https:\/\/agendaalcoy.com\/ca\/event\/presentacio-parlem-de-llengua-som-i-serem-cesk-freixas\/","og_locale":"ca_ES","og_type":"article","og_title":"\u00abPresentaci\u00f3: Parlem de Llengua: Som i Serem\u00bb Cesk Freixas | Agenda Alcoy","og_description":"Presentaci\u00f3 de la col\u00b7lecci\u00f3 &#8216;Els Petits Tigres&#8217; i del llibre &#8216;Ovidi Montllor&#8217; amb la participaci\u00f3 de Cesk Freixas, qui interpretar\u00e0 can\u00e7ons i parlar\u00e0 sobre el llibre infantil dedicat a Ovidi Montllor.","og_url":"https:\/\/agendaalcoy.com\/ca\/event\/presentacio-parlem-de-llengua-som-i-serem-cesk-freixas\/","og_site_name":"Agenda Alcoy","article_modified_time":"2026-04-14T16:02:13+00:00","og_image":[{"width":2342,"height":2337,"url":"https:\/\/agendaalcoy.com\/wp-content\/uploads\/2026\/04\/Llibre-Ovidi.jpg-1.jpeg","type":"image\/jpeg"}],"twitter_card":"summary_large_image","schema":{"@context":"https:\/\/schema.org","@graph":[{"@type":"WebPage","@id":"https:\/\/agendaalcoy.com\/ca\/event\/presentacio-parlem-de-llengua-som-i-serem-cesk-freixas\/","url":"https:\/\/agendaalcoy.com\/ca\/event\/presentacio-parlem-de-llengua-som-i-serem-cesk-freixas\/","name":"\u00abPresentaci\u00f3: Parlem de Llengua: Som i Serem\u00bb Cesk Freixas | Agenda Alcoy","isPartOf":{"@id":"https:\/\/agendaalcoy.com\/ca\/#website"},"primaryImageOfPage":{"@id":"https:\/\/agendaalcoy.com\/ca\/event\/presentacio-parlem-de-llengua-som-i-serem-cesk-freixas\/#primaryimage"},"image":{"@id":"https:\/\/agendaalcoy.com\/ca\/event\/presentacio-parlem-de-llengua-som-i-serem-cesk-freixas\/#primaryimage"},"thumbnailUrl":"https:\/\/agendaalcoy.com\/wp-content\/uploads\/2026\/04\/Llibre-Ovidi.jpg-1.jpeg","datePublished":"2026-04-14T12:45:05+00:00","dateModified":"2026-04-14T16:02:13+00:00","breadcrumb":{"@id":"https:\/\/agendaalcoy.com\/ca\/event\/presentacio-parlem-de-llengua-som-i-serem-cesk-freixas\/#breadcrumb"},"inLanguage":"ca","potentialAction":[{"@type":"ReadAction","target":["https:\/\/agendaalcoy.com\/ca\/event\/presentacio-parlem-de-llengua-som-i-serem-cesk-freixas\/"]}]},{"@type":"ImageObject","inLanguage":"ca","@id":"https:\/\/agendaalcoy.com\/ca\/event\/presentacio-parlem-de-llengua-som-i-serem-cesk-freixas\/#primaryimage","url":"https:\/\/agendaalcoy.com\/wp-content\/uploads\/2026\/04\/Llibre-Ovidi.jpg-1.jpeg","contentUrl":"https:\/\/agendaalcoy.com\/wp-content\/uploads\/2026\/04\/Llibre-Ovidi.jpg-1.jpeg","width":2342,"height":2337},{"@type":"BreadcrumbList","@id":"https:\/\/agendaalcoy.com\/ca\/event\/presentacio-parlem-de-llengua-som-i-serem-cesk-freixas\/#breadcrumb","itemListElement":[{"@type":"ListItem","position":1,"name":"Portada","item":"https:\/\/agendaalcoy.com\/ca\/"},{"@type":"ListItem","position":2,"name":"\u00abPresentaci\u00f3: Parlem de Llengua: Som i Serem\u00bb Cesk Freixas"}]},{"@type":"WebSite","@id":"https:\/\/agendaalcoy.com\/ca\/#website","url":"https:\/\/agendaalcoy.com\/ca\/","name":"Agenda Alcoy","description":"Agenda Cultural de Alcoy - Conciertos, teatro, exposiciones, actividades infantiles, tradiciones...","potentialAction":[{"@type":"SearchAction","target":{"@type":"EntryPoint","urlTemplate":"https:\/\/agendaalcoy.com\/ca\/?s={search_term_string}"},"query-input":{"@type":"PropertyValueSpecification","valueRequired":true,"valueName":"search_term_string"}}],"inLanguage":"ca"}]}},"start_date":"29-04-2026","end_date":"29-04-2026","start_time":"18:00","end_time":"19:30","event_address":"Centre Ovidi Montllor","categories":["Literatura"],"featured_image":"https:\/\/agendaalcoy.com\/wp-content\/uploads\/2026\/04\/Llibre-Ovidi.jpg-1.jpeg","_links":{"self":[{"href":"https:\/\/agendaalcoy.com\/ca\/wp-json\/wp\/v2\/event\/52743","targetHints":{"allow":["GET"]}}],"collection":[{"href":"https:\/\/agendaalcoy.com\/ca\/wp-json\/wp\/v2\/event"}],"about":[{"href":"https:\/\/agendaalcoy.com\/ca\/wp-json\/wp\/v2\/types\/event"}],"author":[{"embeddable":true,"href":"https:\/\/agendaalcoy.com\/ca\/wp-json\/wp\/v2\/users\/1"}],"replies":[{"embeddable":true,"href":"https:\/\/agendaalcoy.com\/ca\/wp-json\/wp\/v2\/comments?post=52743"}],"version-history":[{"count":1,"href":"https:\/\/agendaalcoy.com\/ca\/wp-json\/wp\/v2\/event\/52743\/revisions"}],"predecessor-version":[{"id":52760,"href":"https:\/\/agendaalcoy.com\/ca\/wp-json\/wp\/v2\/event\/52743\/revisions\/52760"}],"wp:featuredmedia":[{"embeddable":true,"href":"https:\/\/agendaalcoy.com\/ca\/wp-json\/wp\/v2\/media\/52740"}],"wp:attachment":[{"href":"https:\/\/agendaalcoy.com\/ca\/wp-json\/wp\/v2\/media?parent=52743"}],"wp:term":[{"taxonomy":"event_cat","embeddable":true,"href":"https:\/\/agendaalcoy.com\/ca\/wp-json\/wp\/v2\/event_cat?post=52743"},{"taxonomy":"event_tag","embeddable":true,"href":"https:\/\/agendaalcoy.com\/ca\/wp-json\/wp\/v2\/event_tag?post=52743"},{"taxonomy":"event_loc","embeddable":true,"href":"https:\/\/agendaalcoy.com\/ca\/wp-json\/wp\/v2\/event_loc?post=52743"}],"curies":[{"name":"wp","href":"https:\/\/api.w.org\/{rel}","templated":true}]}}

«Presentació: Parlem de Llengua: Som i Serem» Cesk Freixas

<p>Presentació de la col·lecció &#8216;Els Petits Tigres&#8217; i del llibre &#8216;Ovidi Montllor&#8217; amb la participació de Cesk Freixas, qui interpretarà cançons i parlarà sobre el llibre infantil dedicat a Ovidi Montllor.</p>

<!-- This site is optimized with the Yoast SEO plugin v26.4 - https://yoast.com/wordpress/plugins/seo/ -->
<title>«Presentació: Parlem de Llengua: Som i Serem» Cesk Freixas | Agenda Alcoy</title>
<meta name="robots" content="index, follow, max-snippet:-1, max-image-preview:large, max-video-preview:-1" />
<link rel="canonical" href="https://agendaalcoy.com/ca/event/presentacio-parlem-de-llengua-som-i-serem-cesk-freixas/" />
<meta property="og:locale" content="ca_ES" />
<meta property="og:type" content="article" />
<meta property="og:title" content="«Presentació: Parlem de Llengua: Som i Serem» Cesk Freixas | Agenda Alcoy" />
<meta property="og:description" content="Presentació de la col·lecció &#8216;Els Petits Tigres&#8217; i del llibre &#8216;Ovidi Montllor&#8217; amb la participació de Cesk Freixas, qui interpretarà cançons i parlarà sobre el llibre infantil dedicat a Ovidi Montllor." />
<meta property="og:url" content="https://agendaalcoy.com/ca/event/presentacio-parlem-de-llengua-som-i-serem-cesk-freixas/" />
<meta property="og:site_name" content="Agenda Alcoy" />
<meta property="article:modified_time" content="2026-04-14T16:02:13+00:00" />
<meta property="og:image" content="https://agendaalcoy.com/wp-content/uploads/2026/04/Llibre-Ovidi.jpg-1.jpeg" />
	<meta property="og:image:width" content="2342" />
	<meta property="og:image:height" content="2337" />
	<meta property="og:image:type" content="image/jpeg" />
<meta name="twitter:card" content="summary_large_image" />
<script type="application/ld+json" class="yoast-schema-graph">{"@context":"https://schema.org","@graph":[{"@type":"WebPage","@id":"https://agendaalcoy.com/ca/event/presentacio-parlem-de-llengua-som-i-serem-cesk-freixas/","url":"https://agendaalcoy.com/ca/event/presentacio-parlem-de-llengua-som-i-serem-cesk-freixas/","name":"«Presentació: Parlem de Llengua: Som i Serem» Cesk Freixas | Agenda Alcoy","isPartOf":{"@id":"https://agendaalcoy.com/ca/#website"},"primaryImageOfPage":{"@id":"https://agendaalcoy.com/ca/event/presentacio-parlem-de-llengua-som-i-serem-cesk-freixas/#primaryimage"},"image":{"@id":"https://agendaalcoy.com/ca/event/presentacio-parlem-de-llengua-som-i-serem-cesk-freixas/#primaryimage"},"thumbnailUrl":"https://agendaalcoy.com/wp-content/uploads/2026/04/Llibre-Ovidi.jpg-1.jpeg","datePublished":"2026-04-14T12:45:05+00:00","dateModified":"2026-04-14T16:02:13+00:00","breadcrumb":{"@id":"https://agendaalcoy.com/ca/event/presentacio-parlem-de-llengua-som-i-serem-cesk-freixas/#breadcrumb"},"inLanguage":"ca","potentialAction":[{"@type":"ReadAction","target":["https://agendaalcoy.com/ca/event/presentacio-parlem-de-llengua-som-i-serem-cesk-freixas/"]}]},{"@type":"ImageObject","inLanguage":"ca","@id":"https://agendaalcoy.com/ca/event/presentacio-parlem-de-llengua-som-i-serem-cesk-freixas/#primaryimage","url":"https://agendaalcoy.com/wp-content/uploads/2026/04/Llibre-Ovidi.jpg-1.jpeg","contentUrl":"https://agendaalcoy.com/wp-content/uploads/2026/04/Llibre-Ovidi.jpg-1.jpeg","width":2342,"height":2337},{"@type":"BreadcrumbList","@id":"https://agendaalcoy.com/ca/event/presentacio-parlem-de-llengua-som-i-serem-cesk-freixas/#breadcrumb","itemListElement":[{"@type":"ListItem","position":1,"name":"Portada","item":"https://agendaalcoy.com/ca/"},{"@type":"ListItem","position":2,"name":"«Presentació: Parlem de Llengua: Som i Serem» Cesk Freixas"}]},{"@type":"WebSite","@id":"https://agendaalcoy.com/ca/#website","url":"https://agendaalcoy.com/ca/","name":"Agenda Alcoy","description":"Agenda Cultural de Alcoy - Conciertos, teatro, exposiciones, actividades infantiles, tradiciones...","potentialAction":[{"@type":"SearchAction","target":{"@type":"EntryPoint","urlTemplate":"https://agendaalcoy.com/ca/?s={search_term_string}"},"query-input":{"@type":"PropertyValueSpecification","valueRequired":true,"valueName":"search_term_string"}}],"inLanguage":"ca"}]}</script>
<!-- / Yoast SEO plugin. -->

«Presentació: Parlem de Llengua: Som i Serem» Cesk Freixas | Agenda Alcoy

Presentació de la col·lecció &#8216;Els Petits Tigres&#8217; i del llibre &#8216;Ovidi Montllor&#8217; amb la participació de Cesk Freixas, qui interpretarà cançons i parlarà sobre el llibre infantil dedicat a Ovidi Montllor.
