{"id":52612,"date":"2026-04-10T09:48:15","date_gmt":"2026-04-10T09:48:15","guid":{"rendered":"https:\/\/agendaalcoy.com\/event\/ca\/red-familiar-connectats-pero-acompanyats"},"modified":"2026-04-11T06:33:37","modified_gmt":"2026-04-11T06:33:37","slug":"red-familiar-connectats-pero-acompanyats","status":"publish","type":"event","link":"https:\/\/agendaalcoy.com\/ca\/event\/red-familiar-connectats-pero-acompanyats\/","title":{"rendered":"\u00abRed Familiar: Connectats\u2026, per\u00f2 acompanyats?\u00bb"},"content":{"rendered":"<p>Sessi\u00f3 per a familiars de secund\u00e0ria sobre la connexi\u00f3 i l&#8217;acompanyament.<\/p>\n","protected":false},"excerpt":{"rendered":"<p>Sessi\u00f3 per a familiars de secund\u00e0ria sobre la connexi\u00f3 i l&#8217;acompanyament.<\/p>\n","protected":false},"author":1,"featured_media":52609,"comment_status":"closed","ping_status":"closed","template":"","meta":[],"event_cat":[136],"event_tag":[],"event_loc":[173],"class_list":["post-52612","event","type-event","status-publish","has-post-thumbnail","hentry","event_cat-conferencies","event_loc-ivam-cada-alcoy"],"yoast_head":"<!-- This site is optimized with the Yoast SEO plugin v26.4 - https:\/\/yoast.com\/wordpress\/plugins\/seo\/ -->\n<title>\u00abRed Familiar: Connectats\u2026, per\u00f2 acompanyats?\u00bb | Agenda Alcoy<\/title>\n<meta name=\"robots\" content=\"index, follow, max-snippet:-1, max-image-preview:large, max-video-preview:-1\" \/>\n<link rel=\"canonical\" href=\"https:\/\/agendaalcoy.com\/ca\/event\/red-familiar-connectats-pero-acompanyats\/\" \/>\n<meta property=\"og:locale\" content=\"ca_ES\" \/>\n<meta property=\"og:type\" content=\"article\" \/>\n<meta property=\"og:title\" content=\"\u00abRed Familiar: Connectats\u2026, per\u00f2 acompanyats?\u00bb | Agenda Alcoy\" \/>\n<meta property=\"og:description\" content=\"Sessi\u00f3 per a familiars de secund\u00e0ria sobre la connexi\u00f3 i l&#8217;acompanyament.\" \/>\n<meta property=\"og:url\" content=\"https:\/\/agendaalcoy.com\/ca\/event\/red-familiar-connectats-pero-acompanyats\/\" \/>\n<meta property=\"og:site_name\" content=\"Agenda Alcoy\" \/>\n<meta property=\"article:modified_time\" content=\"2026-04-11T06:33:37+00:00\" \/>\n<meta property=\"og:image\" content=\"https:\/\/agendaalcoy.com\/wp-content\/uploads\/2026\/04\/669372761_1361433022680771_4344767940463946354_n-5.jpg\" \/>\n\t<meta property=\"og:image:width\" content=\"1322\" \/>\n\t<meta property=\"og:image:height\" content=\"1815\" \/>\n\t<meta property=\"og:image:type\" content=\"image\/jpeg\" \/>\n<meta name=\"twitter:card\" content=\"summary_large_image\" \/>\n<script type=\"application\/ld+json\" class=\"yoast-schema-graph\">{\"@context\":\"https:\/\/schema.org\",\"@graph\":[{\"@type\":\"WebPage\",\"@id\":\"https:\/\/agendaalcoy.com\/ca\/event\/red-familiar-connectats-pero-acompanyats\/\",\"url\":\"https:\/\/agendaalcoy.com\/ca\/event\/red-familiar-connectats-pero-acompanyats\/\",\"name\":\"\u00abRed Familiar: Connectats\u2026, per\u00f2 acompanyats?\u00bb | Agenda Alcoy\",\"isPartOf\":{\"@id\":\"https:\/\/agendaalcoy.com\/ca\/#website\"},\"primaryImageOfPage\":{\"@id\":\"https:\/\/agendaalcoy.com\/ca\/event\/red-familiar-connectats-pero-acompanyats\/#primaryimage\"},\"image\":{\"@id\":\"https:\/\/agendaalcoy.com\/ca\/event\/red-familiar-connectats-pero-acompanyats\/#primaryimage\"},\"thumbnailUrl\":\"https:\/\/agendaalcoy.com\/wp-content\/uploads\/2026\/04\/669372761_1361433022680771_4344767940463946354_n-5.jpg\",\"datePublished\":\"2026-04-10T09:48:15+00:00\",\"dateModified\":\"2026-04-11T06:33:37+00:00\",\"breadcrumb\":{\"@id\":\"https:\/\/agendaalcoy.com\/ca\/event\/red-familiar-connectats-pero-acompanyats\/#breadcrumb\"},\"inLanguage\":\"ca\",\"potentialAction\":[{\"@type\":\"ReadAction\",\"target\":[\"https:\/\/agendaalcoy.com\/ca\/event\/red-familiar-connectats-pero-acompanyats\/\"]}]},{\"@type\":\"ImageObject\",\"inLanguage\":\"ca\",\"@id\":\"https:\/\/agendaalcoy.com\/ca\/event\/red-familiar-connectats-pero-acompanyats\/#primaryimage\",\"url\":\"https:\/\/agendaalcoy.com\/wp-content\/uploads\/2026\/04\/669372761_1361433022680771_4344767940463946354_n-5.jpg\",\"contentUrl\":\"https:\/\/agendaalcoy.com\/wp-content\/uploads\/2026\/04\/669372761_1361433022680771_4344767940463946354_n-5.jpg\",\"width\":1322,\"height\":1815},{\"@type\":\"BreadcrumbList\",\"@id\":\"https:\/\/agendaalcoy.com\/ca\/event\/red-familiar-connectats-pero-acompanyats\/#breadcrumb\",\"itemListElement\":[{\"@type\":\"ListItem\",\"position\":1,\"name\":\"Portada\",\"item\":\"https:\/\/agendaalcoy.com\/ca\/\"},{\"@type\":\"ListItem\",\"position\":2,\"name\":\"\u00abRed Familiar: Connectats\u2026, per\u00f2 acompanyats?\u00bb\"}]},{\"@type\":\"WebSite\",\"@id\":\"https:\/\/agendaalcoy.com\/ca\/#website\",\"url\":\"https:\/\/agendaalcoy.com\/ca\/\",\"name\":\"Agenda Alcoy\",\"description\":\"Agenda Cultural de Alcoy - Conciertos, teatro, exposiciones, actividades infantiles, tradiciones...\",\"potentialAction\":[{\"@type\":\"SearchAction\",\"target\":{\"@type\":\"EntryPoint\",\"urlTemplate\":\"https:\/\/agendaalcoy.com\/ca\/?s={search_term_string}\"},\"query-input\":{\"@type\":\"PropertyValueSpecification\",\"valueRequired\":true,\"valueName\":\"search_term_string\"}}],\"inLanguage\":\"ca\"}]}<\/script>\n<!-- \/ Yoast SEO plugin. -->","yoast_head_json":{"title":"\u00abRed Familiar: Connectats\u2026, per\u00f2 acompanyats?\u00bb | Agenda Alcoy","robots":{"index":"index","follow":"follow","max-snippet":"max-snippet:-1","max-image-preview":"max-image-preview:large","max-video-preview":"max-video-preview:-1"},"canonical":"https:\/\/agendaalcoy.com\/ca\/event\/red-familiar-connectats-pero-acompanyats\/","og_locale":"ca_ES","og_type":"article","og_title":"\u00abRed Familiar: Connectats\u2026, per\u00f2 acompanyats?\u00bb | Agenda Alcoy","og_description":"Sessi\u00f3 per a familiars de secund\u00e0ria sobre la connexi\u00f3 i l&#8217;acompanyament.","og_url":"https:\/\/agendaalcoy.com\/ca\/event\/red-familiar-connectats-pero-acompanyats\/","og_site_name":"Agenda Alcoy","article_modified_time":"2026-04-11T06:33:37+00:00","og_image":[{"width":1322,"height":1815,"url":"https:\/\/agendaalcoy.com\/wp-content\/uploads\/2026\/04\/669372761_1361433022680771_4344767940463946354_n-5.jpg","type":"image\/jpeg"}],"twitter_card":"summary_large_image","schema":{"@context":"https:\/\/schema.org","@graph":[{"@type":"WebPage","@id":"https:\/\/agendaalcoy.com\/ca\/event\/red-familiar-connectats-pero-acompanyats\/","url":"https:\/\/agendaalcoy.com\/ca\/event\/red-familiar-connectats-pero-acompanyats\/","name":"\u00abRed Familiar: Connectats\u2026, per\u00f2 acompanyats?\u00bb | Agenda Alcoy","isPartOf":{"@id":"https:\/\/agendaalcoy.com\/ca\/#website"},"primaryImageOfPage":{"@id":"https:\/\/agendaalcoy.com\/ca\/event\/red-familiar-connectats-pero-acompanyats\/#primaryimage"},"image":{"@id":"https:\/\/agendaalcoy.com\/ca\/event\/red-familiar-connectats-pero-acompanyats\/#primaryimage"},"thumbnailUrl":"https:\/\/agendaalcoy.com\/wp-content\/uploads\/2026\/04\/669372761_1361433022680771_4344767940463946354_n-5.jpg","datePublished":"2026-04-10T09:48:15+00:00","dateModified":"2026-04-11T06:33:37+00:00","breadcrumb":{"@id":"https:\/\/agendaalcoy.com\/ca\/event\/red-familiar-connectats-pero-acompanyats\/#breadcrumb"},"inLanguage":"ca","potentialAction":[{"@type":"ReadAction","target":["https:\/\/agendaalcoy.com\/ca\/event\/red-familiar-connectats-pero-acompanyats\/"]}]},{"@type":"ImageObject","inLanguage":"ca","@id":"https:\/\/agendaalcoy.com\/ca\/event\/red-familiar-connectats-pero-acompanyats\/#primaryimage","url":"https:\/\/agendaalcoy.com\/wp-content\/uploads\/2026\/04\/669372761_1361433022680771_4344767940463946354_n-5.jpg","contentUrl":"https:\/\/agendaalcoy.com\/wp-content\/uploads\/2026\/04\/669372761_1361433022680771_4344767940463946354_n-5.jpg","width":1322,"height":1815},{"@type":"BreadcrumbList","@id":"https:\/\/agendaalcoy.com\/ca\/event\/red-familiar-connectats-pero-acompanyats\/#breadcrumb","itemListElement":[{"@type":"ListItem","position":1,"name":"Portada","item":"https:\/\/agendaalcoy.com\/ca\/"},{"@type":"ListItem","position":2,"name":"\u00abRed Familiar: Connectats\u2026, per\u00f2 acompanyats?\u00bb"}]},{"@type":"WebSite","@id":"https:\/\/agendaalcoy.com\/ca\/#website","url":"https:\/\/agendaalcoy.com\/ca\/","name":"Agenda Alcoy","description":"Agenda Cultural de Alcoy - Conciertos, teatro, exposiciones, actividades infantiles, tradiciones...","potentialAction":[{"@type":"SearchAction","target":{"@type":"EntryPoint","urlTemplate":"https:\/\/agendaalcoy.com\/ca\/?s={search_term_string}"},"query-input":{"@type":"PropertyValueSpecification","valueRequired":true,"valueName":"search_term_string"}}],"inLanguage":"ca"}]}},"start_date":"21-05-2026","end_date":"21-05-2026","start_time":"17:30","end_time":"19:30","event_address":"IVAM CADA","categories":["Confer\u00e8ncies"],"featured_image":"https:\/\/agendaalcoy.com\/wp-content\/uploads\/2026\/04\/669372761_1361433022680771_4344767940463946354_n-5.jpg","_links":{"self":[{"href":"https:\/\/agendaalcoy.com\/ca\/wp-json\/wp\/v2\/event\/52612","targetHints":{"allow":["GET"]}}],"collection":[{"href":"https:\/\/agendaalcoy.com\/ca\/wp-json\/wp\/v2\/event"}],"about":[{"href":"https:\/\/agendaalcoy.com\/ca\/wp-json\/wp\/v2\/types\/event"}],"author":[{"embeddable":true,"href":"https:\/\/agendaalcoy.com\/ca\/wp-json\/wp\/v2\/users\/1"}],"replies":[{"embeddable":true,"href":"https:\/\/agendaalcoy.com\/ca\/wp-json\/wp\/v2\/comments?post=52612"}],"version-history":[{"count":1,"href":"https:\/\/agendaalcoy.com\/ca\/wp-json\/wp\/v2\/event\/52612\/revisions"}],"predecessor-version":[{"id":52646,"href":"https:\/\/agendaalcoy.com\/ca\/wp-json\/wp\/v2\/event\/52612\/revisions\/52646"}],"wp:featuredmedia":[{"embeddable":true,"href":"https:\/\/agendaalcoy.com\/ca\/wp-json\/wp\/v2\/media\/52609"}],"wp:attachment":[{"href":"https:\/\/agendaalcoy.com\/ca\/wp-json\/wp\/v2\/media?parent=52612"}],"wp:term":[{"taxonomy":"event_cat","embeddable":true,"href":"https:\/\/agendaalcoy.com\/ca\/wp-json\/wp\/v2\/event_cat?post=52612"},{"taxonomy":"event_tag","embeddable":true,"href":"https:\/\/agendaalcoy.com\/ca\/wp-json\/wp\/v2\/event_tag?post=52612"},{"taxonomy":"event_loc","embeddable":true,"href":"https:\/\/agendaalcoy.com\/ca\/wp-json\/wp\/v2\/event_loc?post=52612"}],"curies":[{"name":"wp","href":"https:\/\/api.w.org\/{rel}","templated":true}]}}

«Red Familiar: Connectats…, però acompanyats?»

<p>Sessió per a familiars de secundària sobre la connexió i l&#8217;acompanyament.</p>

<!-- This site is optimized with the Yoast SEO plugin v26.4 - https://yoast.com/wordpress/plugins/seo/ -->
<title>«Red Familiar: Connectats…, però acompanyats?» | Agenda Alcoy</title>
<meta name="robots" content="index, follow, max-snippet:-1, max-image-preview:large, max-video-preview:-1" />
<link rel="canonical" href="https://agendaalcoy.com/ca/event/red-familiar-connectats-pero-acompanyats/" />
<meta property="og:locale" content="ca_ES" />
<meta property="og:type" content="article" />
<meta property="og:title" content="«Red Familiar: Connectats…, però acompanyats?» | Agenda Alcoy" />
<meta property="og:description" content="Sessió per a familiars de secundària sobre la connexió i l&#8217;acompanyament." />
<meta property="og:url" content="https://agendaalcoy.com/ca/event/red-familiar-connectats-pero-acompanyats/" />
<meta property="og:site_name" content="Agenda Alcoy" />
<meta property="article:modified_time" content="2026-04-11T06:33:37+00:00" />
<meta property="og:image" content="https://agendaalcoy.com/wp-content/uploads/2026/04/669372761_1361433022680771_4344767940463946354_n-5.jpg" />
	<meta property="og:image:width" content="1322" />
	<meta property="og:image:height" content="1815" />
	<meta property="og:image:type" content="image/jpeg" />
<meta name="twitter:card" content="summary_large_image" />
<script type="application/ld+json" class="yoast-schema-graph">{"@context":"https://schema.org","@graph":[{"@type":"WebPage","@id":"https://agendaalcoy.com/ca/event/red-familiar-connectats-pero-acompanyats/","url":"https://agendaalcoy.com/ca/event/red-familiar-connectats-pero-acompanyats/","name":"«Red Familiar: Connectats…, però acompanyats?» | Agenda Alcoy","isPartOf":{"@id":"https://agendaalcoy.com/ca/#website"},"primaryImageOfPage":{"@id":"https://agendaalcoy.com/ca/event/red-familiar-connectats-pero-acompanyats/#primaryimage"},"image":{"@id":"https://agendaalcoy.com/ca/event/red-familiar-connectats-pero-acompanyats/#primaryimage"},"thumbnailUrl":"https://agendaalcoy.com/wp-content/uploads/2026/04/669372761_1361433022680771_4344767940463946354_n-5.jpg","datePublished":"2026-04-10T09:48:15+00:00","dateModified":"2026-04-11T06:33:37+00:00","breadcrumb":{"@id":"https://agendaalcoy.com/ca/event/red-familiar-connectats-pero-acompanyats/#breadcrumb"},"inLanguage":"ca","potentialAction":[{"@type":"ReadAction","target":["https://agendaalcoy.com/ca/event/red-familiar-connectats-pero-acompanyats/"]}]},{"@type":"ImageObject","inLanguage":"ca","@id":"https://agendaalcoy.com/ca/event/red-familiar-connectats-pero-acompanyats/#primaryimage","url":"https://agendaalcoy.com/wp-content/uploads/2026/04/669372761_1361433022680771_4344767940463946354_n-5.jpg","contentUrl":"https://agendaalcoy.com/wp-content/uploads/2026/04/669372761_1361433022680771_4344767940463946354_n-5.jpg","width":1322,"height":1815},{"@type":"BreadcrumbList","@id":"https://agendaalcoy.com/ca/event/red-familiar-connectats-pero-acompanyats/#breadcrumb","itemListElement":[{"@type":"ListItem","position":1,"name":"Portada","item":"https://agendaalcoy.com/ca/"},{"@type":"ListItem","position":2,"name":"«Red Familiar: Connectats…, però acompanyats?»"}]},{"@type":"WebSite","@id":"https://agendaalcoy.com/ca/#website","url":"https://agendaalcoy.com/ca/","name":"Agenda Alcoy","description":"Agenda Cultural de Alcoy - Conciertos, teatro, exposiciones, actividades infantiles, tradiciones...","potentialAction":[{"@type":"SearchAction","target":{"@type":"EntryPoint","urlTemplate":"https://agendaalcoy.com/ca/?s={search_term_string}"},"query-input":{"@type":"PropertyValueSpecification","valueRequired":true,"valueName":"search_term_string"}}],"inLanguage":"ca"}]}</script>
<!-- / Yoast SEO plugin. -->

«Red Familiar: Connectats…, però acompanyats?» | Agenda Alcoy

Sessió per a familiars de secundària sobre la connexió i l&#8217;acompanyament.

Conferències
