{"id":52496,"date":"2026-04-08T15:57:15","date_gmt":"2026-04-08T15:57:15","guid":{"rendered":"https:\/\/agendaalcoy.com\/event\/ca\/el-nou-viatge-a-itaca-carmina-domenech-ximo-canet"},"modified":"2026-04-10T07:41:02","modified_gmt":"2026-04-10T07:41:02","slug":"el-nou-viatge-a-itaca-carmina-domenech-ximo-canet","status":"publish","type":"event","link":"https:\/\/agendaalcoy.com\/ca\/event\/el-nou-viatge-a-itaca-carmina-domenech-ximo-canet\/","title":{"rendered":"\u00abEl Nou Viatge a \u00cdtaca\u00bb Carmina Dom\u00e9nech, Ximo Canet"},"content":{"rendered":"<p>El Nou Viatge a \u00cdtaca \u00e9s un espectacle de dansa contempor\u00e0nia presentat per la Banda Premium IES Andreu Sempere i el Conservatori Elemental de Dansa, dirigit per Carmina Dom\u00e9nech i amb la participaci\u00f3 de l&#8217;artista pl\u00e0stic Ximo Canet. Es dur\u00e0 a terme al Teatre Calder\u00f3n d&#8217;Alcoi.<\/p>\n","protected":false},"excerpt":{"rendered":"<p>El Nou Viatge a \u00cdtaca \u00e9s un espectacle de dansa contempor\u00e0nia presentat per la Banda Premium IES Andreu Sempere i el Conservatori Elemental de Dansa, dirigit per Carmina Dom\u00e9nech i amb la participaci\u00f3 de l&#8217;artista pl\u00e0stic Ximo Canet. Es dur\u00e0 a terme al Teatre Calder\u00f3n d&#8217;Alcoi.<\/p>\n","protected":false},"author":1,"featured_media":52493,"comment_status":"closed","ping_status":"closed","template":"","meta":[],"event_cat":[166],"event_tag":[],"event_loc":[501],"class_list":["post-52496","event","type-event","status-publish","has-post-thumbnail","hentry","event_cat-danca-ballet","event_loc-teatre-calderon-dalcoi"],"yoast_head":"<!-- This site is optimized with the Yoast SEO plugin v26.4 - https:\/\/yoast.com\/wordpress\/plugins\/seo\/ -->\n<title>\u00abEl Nou Viatge a \u00cdtaca\u00bb Carmina Dom\u00e9nech, Ximo Canet | Agenda Alcoy<\/title>\n<meta name=\"robots\" content=\"index, follow, max-snippet:-1, max-image-preview:large, max-video-preview:-1\" \/>\n<link rel=\"canonical\" href=\"https:\/\/agendaalcoy.com\/ca\/event\/el-nou-viatge-a-itaca-carmina-domenech-ximo-canet\/\" \/>\n<meta property=\"og:locale\" content=\"ca_ES\" \/>\n<meta property=\"og:type\" content=\"article\" \/>\n<meta property=\"og:title\" content=\"\u00abEl Nou Viatge a \u00cdtaca\u00bb Carmina Dom\u00e9nech, Ximo Canet | Agenda Alcoy\" \/>\n<meta property=\"og:description\" content=\"El Nou Viatge a \u00cdtaca \u00e9s un espectacle de dansa contempor\u00e0nia presentat per la Banda Premium IES Andreu Sempere i el Conservatori Elemental de Dansa, dirigit per Carmina Dom\u00e9nech i amb la participaci\u00f3 de l&#8217;artista pl\u00e0stic Ximo Canet. Es dur\u00e0 a terme al Teatre Calder\u00f3n d&#8217;Alcoi.\" \/>\n<meta property=\"og:url\" content=\"https:\/\/agendaalcoy.com\/ca\/event\/el-nou-viatge-a-itaca-carmina-domenech-ximo-canet\/\" \/>\n<meta property=\"og:site_name\" content=\"Agenda Alcoy\" \/>\n<meta property=\"article:modified_time\" content=\"2026-04-10T07:41:02+00:00\" \/>\n<meta property=\"og:image\" content=\"https:\/\/agendaalcoy.com\/wp-content\/uploads\/2026\/04\/dest-ies-andreusempere.jpg\" \/>\n\t<meta property=\"og:image:width\" content=\"700\" \/>\n\t<meta property=\"og:image:height\" content=\"1038\" \/>\n\t<meta property=\"og:image:type\" content=\"image\/jpeg\" \/>\n<meta name=\"twitter:card\" content=\"summary_large_image\" \/>\n<script type=\"application\/ld+json\" class=\"yoast-schema-graph\">{\"@context\":\"https:\/\/schema.org\",\"@graph\":[{\"@type\":\"WebPage\",\"@id\":\"https:\/\/agendaalcoy.com\/ca\/event\/el-nou-viatge-a-itaca-carmina-domenech-ximo-canet\/\",\"url\":\"https:\/\/agendaalcoy.com\/ca\/event\/el-nou-viatge-a-itaca-carmina-domenech-ximo-canet\/\",\"name\":\"\u00abEl Nou Viatge a \u00cdtaca\u00bb Carmina Dom\u00e9nech, Ximo Canet | Agenda Alcoy\",\"isPartOf\":{\"@id\":\"https:\/\/agendaalcoy.com\/ca\/#website\"},\"primaryImageOfPage\":{\"@id\":\"https:\/\/agendaalcoy.com\/ca\/event\/el-nou-viatge-a-itaca-carmina-domenech-ximo-canet\/#primaryimage\"},\"image\":{\"@id\":\"https:\/\/agendaalcoy.com\/ca\/event\/el-nou-viatge-a-itaca-carmina-domenech-ximo-canet\/#primaryimage\"},\"thumbnailUrl\":\"https:\/\/agendaalcoy.com\/wp-content\/uploads\/2026\/04\/dest-ies-andreusempere.jpg\",\"datePublished\":\"2026-04-08T15:57:15+00:00\",\"dateModified\":\"2026-04-10T07:41:02+00:00\",\"breadcrumb\":{\"@id\":\"https:\/\/agendaalcoy.com\/ca\/event\/el-nou-viatge-a-itaca-carmina-domenech-ximo-canet\/#breadcrumb\"},\"inLanguage\":\"ca\",\"potentialAction\":[{\"@type\":\"ReadAction\",\"target\":[\"https:\/\/agendaalcoy.com\/ca\/event\/el-nou-viatge-a-itaca-carmina-domenech-ximo-canet\/\"]}]},{\"@type\":\"ImageObject\",\"inLanguage\":\"ca\",\"@id\":\"https:\/\/agendaalcoy.com\/ca\/event\/el-nou-viatge-a-itaca-carmina-domenech-ximo-canet\/#primaryimage\",\"url\":\"https:\/\/agendaalcoy.com\/wp-content\/uploads\/2026\/04\/dest-ies-andreusempere.jpg\",\"contentUrl\":\"https:\/\/agendaalcoy.com\/wp-content\/uploads\/2026\/04\/dest-ies-andreusempere.jpg\",\"width\":700,\"height\":1038},{\"@type\":\"BreadcrumbList\",\"@id\":\"https:\/\/agendaalcoy.com\/ca\/event\/el-nou-viatge-a-itaca-carmina-domenech-ximo-canet\/#breadcrumb\",\"itemListElement\":[{\"@type\":\"ListItem\",\"position\":1,\"name\":\"Portada\",\"item\":\"https:\/\/agendaalcoy.com\/ca\/\"},{\"@type\":\"ListItem\",\"position\":2,\"name\":\"\u00abEl Nou Viatge a \u00cdtaca\u00bb Carmina Dom\u00e9nech, Ximo Canet\"}]},{\"@type\":\"WebSite\",\"@id\":\"https:\/\/agendaalcoy.com\/ca\/#website\",\"url\":\"https:\/\/agendaalcoy.com\/ca\/\",\"name\":\"Agenda Alcoy\",\"description\":\"Agenda Cultural de Alcoy - Conciertos, teatro, exposiciones, actividades infantiles, tradiciones...\",\"potentialAction\":[{\"@type\":\"SearchAction\",\"target\":{\"@type\":\"EntryPoint\",\"urlTemplate\":\"https:\/\/agendaalcoy.com\/ca\/?s={search_term_string}\"},\"query-input\":{\"@type\":\"PropertyValueSpecification\",\"valueRequired\":true,\"valueName\":\"search_term_string\"}}],\"inLanguage\":\"ca\"}]}<\/script>\n<!-- \/ Yoast SEO plugin. -->","yoast_head_json":{"title":"\u00abEl Nou Viatge a \u00cdtaca\u00bb Carmina Dom\u00e9nech, Ximo Canet | Agenda Alcoy","robots":{"index":"index","follow":"follow","max-snippet":"max-snippet:-1","max-image-preview":"max-image-preview:large","max-video-preview":"max-video-preview:-1"},"canonical":"https:\/\/agendaalcoy.com\/ca\/event\/el-nou-viatge-a-itaca-carmina-domenech-ximo-canet\/","og_locale":"ca_ES","og_type":"article","og_title":"\u00abEl Nou Viatge a \u00cdtaca\u00bb Carmina Dom\u00e9nech, Ximo Canet | Agenda Alcoy","og_description":"El Nou Viatge a \u00cdtaca \u00e9s un espectacle de dansa contempor\u00e0nia presentat per la Banda Premium IES Andreu Sempere i el Conservatori Elemental de Dansa, dirigit per Carmina Dom\u00e9nech i amb la participaci\u00f3 de l&#8217;artista pl\u00e0stic Ximo Canet. Es dur\u00e0 a terme al Teatre Calder\u00f3n d&#8217;Alcoi.","og_url":"https:\/\/agendaalcoy.com\/ca\/event\/el-nou-viatge-a-itaca-carmina-domenech-ximo-canet\/","og_site_name":"Agenda Alcoy","article_modified_time":"2026-04-10T07:41:02+00:00","og_image":[{"width":700,"height":1038,"url":"https:\/\/agendaalcoy.com\/wp-content\/uploads\/2026\/04\/dest-ies-andreusempere.jpg","type":"image\/jpeg"}],"twitter_card":"summary_large_image","schema":{"@context":"https:\/\/schema.org","@graph":[{"@type":"WebPage","@id":"https:\/\/agendaalcoy.com\/ca\/event\/el-nou-viatge-a-itaca-carmina-domenech-ximo-canet\/","url":"https:\/\/agendaalcoy.com\/ca\/event\/el-nou-viatge-a-itaca-carmina-domenech-ximo-canet\/","name":"\u00abEl Nou Viatge a \u00cdtaca\u00bb Carmina Dom\u00e9nech, Ximo Canet | Agenda Alcoy","isPartOf":{"@id":"https:\/\/agendaalcoy.com\/ca\/#website"},"primaryImageOfPage":{"@id":"https:\/\/agendaalcoy.com\/ca\/event\/el-nou-viatge-a-itaca-carmina-domenech-ximo-canet\/#primaryimage"},"image":{"@id":"https:\/\/agendaalcoy.com\/ca\/event\/el-nou-viatge-a-itaca-carmina-domenech-ximo-canet\/#primaryimage"},"thumbnailUrl":"https:\/\/agendaalcoy.com\/wp-content\/uploads\/2026\/04\/dest-ies-andreusempere.jpg","datePublished":"2026-04-08T15:57:15+00:00","dateModified":"2026-04-10T07:41:02+00:00","breadcrumb":{"@id":"https:\/\/agendaalcoy.com\/ca\/event\/el-nou-viatge-a-itaca-carmina-domenech-ximo-canet\/#breadcrumb"},"inLanguage":"ca","potentialAction":[{"@type":"ReadAction","target":["https:\/\/agendaalcoy.com\/ca\/event\/el-nou-viatge-a-itaca-carmina-domenech-ximo-canet\/"]}]},{"@type":"ImageObject","inLanguage":"ca","@id":"https:\/\/agendaalcoy.com\/ca\/event\/el-nou-viatge-a-itaca-carmina-domenech-ximo-canet\/#primaryimage","url":"https:\/\/agendaalcoy.com\/wp-content\/uploads\/2026\/04\/dest-ies-andreusempere.jpg","contentUrl":"https:\/\/agendaalcoy.com\/wp-content\/uploads\/2026\/04\/dest-ies-andreusempere.jpg","width":700,"height":1038},{"@type":"BreadcrumbList","@id":"https:\/\/agendaalcoy.com\/ca\/event\/el-nou-viatge-a-itaca-carmina-domenech-ximo-canet\/#breadcrumb","itemListElement":[{"@type":"ListItem","position":1,"name":"Portada","item":"https:\/\/agendaalcoy.com\/ca\/"},{"@type":"ListItem","position":2,"name":"\u00abEl Nou Viatge a \u00cdtaca\u00bb Carmina Dom\u00e9nech, Ximo Canet"}]},{"@type":"WebSite","@id":"https:\/\/agendaalcoy.com\/ca\/#website","url":"https:\/\/agendaalcoy.com\/ca\/","name":"Agenda Alcoy","description":"Agenda Cultural de Alcoy - Conciertos, teatro, exposiciones, actividades infantiles, tradiciones...","potentialAction":[{"@type":"SearchAction","target":{"@type":"EntryPoint","urlTemplate":"https:\/\/agendaalcoy.com\/ca\/?s={search_term_string}"},"query-input":{"@type":"PropertyValueSpecification","valueRequired":true,"valueName":"search_term_string"}}],"inLanguage":"ca"}]}},"start_date":"12-06-2026","end_date":"12-06-2026","start_time":"20:00","end_time":"21:30","event_address":"Teatre Calder\u00f3n","categories":["Dan\u00e7a"],"featured_image":"https:\/\/agendaalcoy.com\/wp-content\/uploads\/2026\/04\/dest-ies-andreusempere.jpg","_links":{"self":[{"href":"https:\/\/agendaalcoy.com\/ca\/wp-json\/wp\/v2\/event\/52496","targetHints":{"allow":["GET"]}}],"collection":[{"href":"https:\/\/agendaalcoy.com\/ca\/wp-json\/wp\/v2\/event"}],"about":[{"href":"https:\/\/agendaalcoy.com\/ca\/wp-json\/wp\/v2\/types\/event"}],"author":[{"embeddable":true,"href":"https:\/\/agendaalcoy.com\/ca\/wp-json\/wp\/v2\/users\/1"}],"replies":[{"embeddable":true,"href":"https:\/\/agendaalcoy.com\/ca\/wp-json\/wp\/v2\/comments?post=52496"}],"version-history":[{"count":1,"href":"https:\/\/agendaalcoy.com\/ca\/wp-json\/wp\/v2\/event\/52496\/revisions"}],"predecessor-version":[{"id":52532,"href":"https:\/\/agendaalcoy.com\/ca\/wp-json\/wp\/v2\/event\/52496\/revisions\/52532"}],"wp:featuredmedia":[{"embeddable":true,"href":"https:\/\/agendaalcoy.com\/ca\/wp-json\/wp\/v2\/media\/52493"}],"wp:attachment":[{"href":"https:\/\/agendaalcoy.com\/ca\/wp-json\/wp\/v2\/media?parent=52496"}],"wp:term":[{"taxonomy":"event_cat","embeddable":true,"href":"https:\/\/agendaalcoy.com\/ca\/wp-json\/wp\/v2\/event_cat?post=52496"},{"taxonomy":"event_tag","embeddable":true,"href":"https:\/\/agendaalcoy.com\/ca\/wp-json\/wp\/v2\/event_tag?post=52496"},{"taxonomy":"event_loc","embeddable":true,"href":"https:\/\/agendaalcoy.com\/ca\/wp-json\/wp\/v2\/event_loc?post=52496"}],"curies":[{"name":"wp","href":"https:\/\/api.w.org\/{rel}","templated":true}]}}

«El Nou Viatge a Ítaca» Carmina Doménech, Ximo Canet

<p>El Nou Viatge a Ítaca és un espectacle de dansa contemporània presentat per la Banda Premium IES Andreu Sempere i el Conservatori Elemental de Dansa, dirigit per Carmina Doménech i amb la participació de l&#8217;artista plàstic Ximo Canet. Es durà a terme al Teatre Calderón d&#8217;Alcoi.</p>

<!-- This site is optimized with the Yoast SEO plugin v26.4 - https://yoast.com/wordpress/plugins/seo/ -->
<title>«El Nou Viatge a Ítaca» Carmina Doménech, Ximo Canet | Agenda Alcoy</title>
<meta name="robots" content="index, follow, max-snippet:-1, max-image-preview:large, max-video-preview:-1" />
<link rel="canonical" href="https://agendaalcoy.com/ca/event/el-nou-viatge-a-itaca-carmina-domenech-ximo-canet/" />
<meta property="og:locale" content="ca_ES" />
<meta property="og:type" content="article" />
<meta property="og:title" content="«El Nou Viatge a Ítaca» Carmina Doménech, Ximo Canet | Agenda Alcoy" />
<meta property="og:description" content="El Nou Viatge a Ítaca és un espectacle de dansa contemporània presentat per la Banda Premium IES Andreu Sempere i el Conservatori Elemental de Dansa, dirigit per Carmina Doménech i amb la participació de l&#8217;artista plàstic Ximo Canet. Es durà a terme al Teatre Calderón d&#8217;Alcoi." />
<meta property="og:url" content="https://agendaalcoy.com/ca/event/el-nou-viatge-a-itaca-carmina-domenech-ximo-canet/" />
<meta property="og:site_name" content="Agenda Alcoy" />
<meta property="article:modified_time" content="2026-04-10T07:41:02+00:00" />
<meta property="og:image" content="https://agendaalcoy.com/wp-content/uploads/2026/04/dest-ies-andreusempere.jpg" />
	<meta property="og:image:width" content="700" />
	<meta property="og:image:height" content="1038" />
	<meta property="og:image:type" content="image/jpeg" />
<meta name="twitter:card" content="summary_large_image" />
<script type="application/ld+json" class="yoast-schema-graph">{"@context":"https://schema.org","@graph":[{"@type":"WebPage","@id":"https://agendaalcoy.com/ca/event/el-nou-viatge-a-itaca-carmina-domenech-ximo-canet/","url":"https://agendaalcoy.com/ca/event/el-nou-viatge-a-itaca-carmina-domenech-ximo-canet/","name":"«El Nou Viatge a Ítaca» Carmina Doménech, Ximo Canet | Agenda Alcoy","isPartOf":{"@id":"https://agendaalcoy.com/ca/#website"},"primaryImageOfPage":{"@id":"https://agendaalcoy.com/ca/event/el-nou-viatge-a-itaca-carmina-domenech-ximo-canet/#primaryimage"},"image":{"@id":"https://agendaalcoy.com/ca/event/el-nou-viatge-a-itaca-carmina-domenech-ximo-canet/#primaryimage"},"thumbnailUrl":"https://agendaalcoy.com/wp-content/uploads/2026/04/dest-ies-andreusempere.jpg","datePublished":"2026-04-08T15:57:15+00:00","dateModified":"2026-04-10T07:41:02+00:00","breadcrumb":{"@id":"https://agendaalcoy.com/ca/event/el-nou-viatge-a-itaca-carmina-domenech-ximo-canet/#breadcrumb"},"inLanguage":"ca","potentialAction":[{"@type":"ReadAction","target":["https://agendaalcoy.com/ca/event/el-nou-viatge-a-itaca-carmina-domenech-ximo-canet/"]}]},{"@type":"ImageObject","inLanguage":"ca","@id":"https://agendaalcoy.com/ca/event/el-nou-viatge-a-itaca-carmina-domenech-ximo-canet/#primaryimage","url":"https://agendaalcoy.com/wp-content/uploads/2026/04/dest-ies-andreusempere.jpg","contentUrl":"https://agendaalcoy.com/wp-content/uploads/2026/04/dest-ies-andreusempere.jpg","width":700,"height":1038},{"@type":"BreadcrumbList","@id":"https://agendaalcoy.com/ca/event/el-nou-viatge-a-itaca-carmina-domenech-ximo-canet/#breadcrumb","itemListElement":[{"@type":"ListItem","position":1,"name":"Portada","item":"https://agendaalcoy.com/ca/"},{"@type":"ListItem","position":2,"name":"«El Nou Viatge a Ítaca» Carmina Doménech, Ximo Canet"}]},{"@type":"WebSite","@id":"https://agendaalcoy.com/ca/#website","url":"https://agendaalcoy.com/ca/","name":"Agenda Alcoy","description":"Agenda Cultural de Alcoy - Conciertos, teatro, exposiciones, actividades infantiles, tradiciones...","potentialAction":[{"@type":"SearchAction","target":{"@type":"EntryPoint","urlTemplate":"https://agendaalcoy.com/ca/?s={search_term_string}"},"query-input":{"@type":"PropertyValueSpecification","valueRequired":true,"valueName":"search_term_string"}}],"inLanguage":"ca"}]}</script>
<!-- / Yoast SEO plugin. -->

«El Nou Viatge a Ítaca» Carmina Doménech, Ximo Canet | Agenda Alcoy

El Nou Viatge a Ítaca és un espectacle de dansa contemporània presentat per la Banda Premium IES Andreu Sempere i el Conservatori Elemental de Dansa, dirigit per Carmina Doménech i amb la participació de l&#8217;artista plàstic Ximo Canet. Es durà a terme al Teatre Calderón d&#8217;Alcoi.

Teatre Calderón

Dança
