{"id":52486,"date":"2026-04-08T15:56:37","date_gmt":"2026-04-08T15:56:37","guid":{"rendered":"https:\/\/agendaalcoy.com\/event\/ca\/concierto-la-muntanya-sanadora-jordi-raul-verdu"},"modified":"2026-04-10T07:38:21","modified_gmt":"2026-04-10T07:38:21","slug":"concierto-la-muntanya-sanadora-jordi-raul-verdu","status":"publish","type":"event","link":"https:\/\/agendaalcoy.com\/ca\/event\/concierto-la-muntanya-sanadora-jordi-raul-verdu\/","title":{"rendered":"\u00abConcierto: La Muntanya Sanadora\u00bb Jordi Ra\u00fcl Verd\u00fa"},"content":{"rendered":"<p>La Muntanya Sanadora \u00e9s un conte musical presentat per Crescendo Escola de M\u00fasica, amb narraci\u00f3 a c\u00e0rrec de l&#8217;autor Jordi Ra\u00fcl Verd\u00fa, al Teatre Calder\u00f3n d&#8217;Alcoi.<\/p>\n","protected":false},"excerpt":{"rendered":"<p>La Muntanya Sanadora \u00e9s un conte musical presentat per Crescendo Escola de M\u00fasica, amb narraci\u00f3 a c\u00e0rrec de l&#8217;autor Jordi Ra\u00fcl Verd\u00fa, al Teatre Calder\u00f3n d&#8217;Alcoi.<\/p>\n","protected":false},"author":1,"featured_media":52483,"comment_status":"closed","ping_status":"closed","template":"","meta":[],"event_cat":[131],"event_tag":[],"event_loc":[501],"class_list":["post-52486","event","type-event","status-publish","has-post-thumbnail","hentry","event_cat-concerts-musica","event_loc-teatre-calderon-dalcoi"],"yoast_head":"<!-- This site is optimized with the Yoast SEO plugin v26.4 - https:\/\/yoast.com\/wordpress\/plugins\/seo\/ -->\n<title>\u00abConcierto: La Muntanya Sanadora\u00bb Jordi Ra\u00fcl Verd\u00fa | Agenda Alcoy<\/title>\n<meta name=\"robots\" content=\"index, follow, max-snippet:-1, max-image-preview:large, max-video-preview:-1\" \/>\n<link rel=\"canonical\" href=\"https:\/\/agendaalcoy.com\/ca\/event\/concierto-la-muntanya-sanadora-jordi-raul-verdu\/\" \/>\n<meta property=\"og:locale\" content=\"ca_ES\" \/>\n<meta property=\"og:type\" content=\"article\" \/>\n<meta property=\"og:title\" content=\"\u00abConcierto: La Muntanya Sanadora\u00bb Jordi Ra\u00fcl Verd\u00fa | Agenda Alcoy\" \/>\n<meta property=\"og:description\" content=\"La Muntanya Sanadora \u00e9s un conte musical presentat per Crescendo Escola de M\u00fasica, amb narraci\u00f3 a c\u00e0rrec de l&#8217;autor Jordi Ra\u00fcl Verd\u00fa, al Teatre Calder\u00f3n d&#8217;Alcoi.\" \/>\n<meta property=\"og:url\" content=\"https:\/\/agendaalcoy.com\/ca\/event\/concierto-la-muntanya-sanadora-jordi-raul-verdu\/\" \/>\n<meta property=\"og:site_name\" content=\"Agenda Alcoy\" \/>\n<meta property=\"article:modified_time\" content=\"2026-04-10T07:38:21+00:00\" \/>\n<meta property=\"og:image\" content=\"https:\/\/agendaalcoy.com\/wp-content\/uploads\/2026\/04\/dest_crescendo-cartell.jpg\" \/>\n\t<meta property=\"og:image:width\" content=\"700\" \/>\n\t<meta property=\"og:image:height\" content=\"990\" \/>\n\t<meta property=\"og:image:type\" content=\"image\/jpeg\" \/>\n<meta name=\"twitter:card\" content=\"summary_large_image\" \/>\n<script type=\"application\/ld+json\" class=\"yoast-schema-graph\">{\"@context\":\"https:\/\/schema.org\",\"@graph\":[{\"@type\":\"WebPage\",\"@id\":\"https:\/\/agendaalcoy.com\/ca\/event\/concierto-la-muntanya-sanadora-jordi-raul-verdu\/\",\"url\":\"https:\/\/agendaalcoy.com\/ca\/event\/concierto-la-muntanya-sanadora-jordi-raul-verdu\/\",\"name\":\"\u00abConcierto: La Muntanya Sanadora\u00bb Jordi Ra\u00fcl Verd\u00fa | Agenda Alcoy\",\"isPartOf\":{\"@id\":\"https:\/\/agendaalcoy.com\/ca\/#website\"},\"primaryImageOfPage\":{\"@id\":\"https:\/\/agendaalcoy.com\/ca\/event\/concierto-la-muntanya-sanadora-jordi-raul-verdu\/#primaryimage\"},\"image\":{\"@id\":\"https:\/\/agendaalcoy.com\/ca\/event\/concierto-la-muntanya-sanadora-jordi-raul-verdu\/#primaryimage\"},\"thumbnailUrl\":\"https:\/\/agendaalcoy.com\/wp-content\/uploads\/2026\/04\/dest_crescendo-cartell.jpg\",\"datePublished\":\"2026-04-08T15:56:37+00:00\",\"dateModified\":\"2026-04-10T07:38:21+00:00\",\"breadcrumb\":{\"@id\":\"https:\/\/agendaalcoy.com\/ca\/event\/concierto-la-muntanya-sanadora-jordi-raul-verdu\/#breadcrumb\"},\"inLanguage\":\"ca\",\"potentialAction\":[{\"@type\":\"ReadAction\",\"target\":[\"https:\/\/agendaalcoy.com\/ca\/event\/concierto-la-muntanya-sanadora-jordi-raul-verdu\/\"]}]},{\"@type\":\"ImageObject\",\"inLanguage\":\"ca\",\"@id\":\"https:\/\/agendaalcoy.com\/ca\/event\/concierto-la-muntanya-sanadora-jordi-raul-verdu\/#primaryimage\",\"url\":\"https:\/\/agendaalcoy.com\/wp-content\/uploads\/2026\/04\/dest_crescendo-cartell.jpg\",\"contentUrl\":\"https:\/\/agendaalcoy.com\/wp-content\/uploads\/2026\/04\/dest_crescendo-cartell.jpg\",\"width\":700,\"height\":990},{\"@type\":\"BreadcrumbList\",\"@id\":\"https:\/\/agendaalcoy.com\/ca\/event\/concierto-la-muntanya-sanadora-jordi-raul-verdu\/#breadcrumb\",\"itemListElement\":[{\"@type\":\"ListItem\",\"position\":1,\"name\":\"Portada\",\"item\":\"https:\/\/agendaalcoy.com\/ca\/\"},{\"@type\":\"ListItem\",\"position\":2,\"name\":\"\u00abConcierto: La Muntanya Sanadora\u00bb Jordi Ra\u00fcl Verd\u00fa\"}]},{\"@type\":\"WebSite\",\"@id\":\"https:\/\/agendaalcoy.com\/ca\/#website\",\"url\":\"https:\/\/agendaalcoy.com\/ca\/\",\"name\":\"Agenda Alcoy\",\"description\":\"Agenda Cultural de Alcoy - Conciertos, teatro, exposiciones, actividades infantiles, tradiciones...\",\"potentialAction\":[{\"@type\":\"SearchAction\",\"target\":{\"@type\":\"EntryPoint\",\"urlTemplate\":\"https:\/\/agendaalcoy.com\/ca\/?s={search_term_string}\"},\"query-input\":{\"@type\":\"PropertyValueSpecification\",\"valueRequired\":true,\"valueName\":\"search_term_string\"}}],\"inLanguage\":\"ca\"}]}<\/script>\n<!-- \/ Yoast SEO plugin. -->","yoast_head_json":{"title":"\u00abConcierto: La Muntanya Sanadora\u00bb Jordi Ra\u00fcl Verd\u00fa | Agenda Alcoy","robots":{"index":"index","follow":"follow","max-snippet":"max-snippet:-1","max-image-preview":"max-image-preview:large","max-video-preview":"max-video-preview:-1"},"canonical":"https:\/\/agendaalcoy.com\/ca\/event\/concierto-la-muntanya-sanadora-jordi-raul-verdu\/","og_locale":"ca_ES","og_type":"article","og_title":"\u00abConcierto: La Muntanya Sanadora\u00bb Jordi Ra\u00fcl Verd\u00fa | Agenda Alcoy","og_description":"La Muntanya Sanadora \u00e9s un conte musical presentat per Crescendo Escola de M\u00fasica, amb narraci\u00f3 a c\u00e0rrec de l&#8217;autor Jordi Ra\u00fcl Verd\u00fa, al Teatre Calder\u00f3n d&#8217;Alcoi.","og_url":"https:\/\/agendaalcoy.com\/ca\/event\/concierto-la-muntanya-sanadora-jordi-raul-verdu\/","og_site_name":"Agenda Alcoy","article_modified_time":"2026-04-10T07:38:21+00:00","og_image":[{"width":700,"height":990,"url":"https:\/\/agendaalcoy.com\/wp-content\/uploads\/2026\/04\/dest_crescendo-cartell.jpg","type":"image\/jpeg"}],"twitter_card":"summary_large_image","schema":{"@context":"https:\/\/schema.org","@graph":[{"@type":"WebPage","@id":"https:\/\/agendaalcoy.com\/ca\/event\/concierto-la-muntanya-sanadora-jordi-raul-verdu\/","url":"https:\/\/agendaalcoy.com\/ca\/event\/concierto-la-muntanya-sanadora-jordi-raul-verdu\/","name":"\u00abConcierto: La Muntanya Sanadora\u00bb Jordi Ra\u00fcl Verd\u00fa | Agenda Alcoy","isPartOf":{"@id":"https:\/\/agendaalcoy.com\/ca\/#website"},"primaryImageOfPage":{"@id":"https:\/\/agendaalcoy.com\/ca\/event\/concierto-la-muntanya-sanadora-jordi-raul-verdu\/#primaryimage"},"image":{"@id":"https:\/\/agendaalcoy.com\/ca\/event\/concierto-la-muntanya-sanadora-jordi-raul-verdu\/#primaryimage"},"thumbnailUrl":"https:\/\/agendaalcoy.com\/wp-content\/uploads\/2026\/04\/dest_crescendo-cartell.jpg","datePublished":"2026-04-08T15:56:37+00:00","dateModified":"2026-04-10T07:38:21+00:00","breadcrumb":{"@id":"https:\/\/agendaalcoy.com\/ca\/event\/concierto-la-muntanya-sanadora-jordi-raul-verdu\/#breadcrumb"},"inLanguage":"ca","potentialAction":[{"@type":"ReadAction","target":["https:\/\/agendaalcoy.com\/ca\/event\/concierto-la-muntanya-sanadora-jordi-raul-verdu\/"]}]},{"@type":"ImageObject","inLanguage":"ca","@id":"https:\/\/agendaalcoy.com\/ca\/event\/concierto-la-muntanya-sanadora-jordi-raul-verdu\/#primaryimage","url":"https:\/\/agendaalcoy.com\/wp-content\/uploads\/2026\/04\/dest_crescendo-cartell.jpg","contentUrl":"https:\/\/agendaalcoy.com\/wp-content\/uploads\/2026\/04\/dest_crescendo-cartell.jpg","width":700,"height":990},{"@type":"BreadcrumbList","@id":"https:\/\/agendaalcoy.com\/ca\/event\/concierto-la-muntanya-sanadora-jordi-raul-verdu\/#breadcrumb","itemListElement":[{"@type":"ListItem","position":1,"name":"Portada","item":"https:\/\/agendaalcoy.com\/ca\/"},{"@type":"ListItem","position":2,"name":"\u00abConcierto: La Muntanya Sanadora\u00bb Jordi Ra\u00fcl Verd\u00fa"}]},{"@type":"WebSite","@id":"https:\/\/agendaalcoy.com\/ca\/#website","url":"https:\/\/agendaalcoy.com\/ca\/","name":"Agenda Alcoy","description":"Agenda Cultural de Alcoy - Conciertos, teatro, exposiciones, actividades infantiles, tradiciones...","potentialAction":[{"@type":"SearchAction","target":{"@type":"EntryPoint","urlTemplate":"https:\/\/agendaalcoy.com\/ca\/?s={search_term_string}"},"query-input":{"@type":"PropertyValueSpecification","valueRequired":true,"valueName":"search_term_string"}}],"inLanguage":"ca"}]}},"start_date":"21-05-2026","end_date":"21-05-2026","start_time":"19:30","end_time":"21:00","event_address":"Teatre Calder\u00f3n","categories":["M\u00fasica"],"featured_image":"https:\/\/agendaalcoy.com\/wp-content\/uploads\/2026\/04\/dest_crescendo-cartell.jpg","_links":{"self":[{"href":"https:\/\/agendaalcoy.com\/ca\/wp-json\/wp\/v2\/event\/52486","targetHints":{"allow":["GET"]}}],"collection":[{"href":"https:\/\/agendaalcoy.com\/ca\/wp-json\/wp\/v2\/event"}],"about":[{"href":"https:\/\/agendaalcoy.com\/ca\/wp-json\/wp\/v2\/types\/event"}],"author":[{"embeddable":true,"href":"https:\/\/agendaalcoy.com\/ca\/wp-json\/wp\/v2\/users\/1"}],"replies":[{"embeddable":true,"href":"https:\/\/agendaalcoy.com\/ca\/wp-json\/wp\/v2\/comments?post=52486"}],"version-history":[{"count":1,"href":"https:\/\/agendaalcoy.com\/ca\/wp-json\/wp\/v2\/event\/52486\/revisions"}],"predecessor-version":[{"id":52529,"href":"https:\/\/agendaalcoy.com\/ca\/wp-json\/wp\/v2\/event\/52486\/revisions\/52529"}],"wp:featuredmedia":[{"embeddable":true,"href":"https:\/\/agendaalcoy.com\/ca\/wp-json\/wp\/v2\/media\/52483"}],"wp:attachment":[{"href":"https:\/\/agendaalcoy.com\/ca\/wp-json\/wp\/v2\/media?parent=52486"}],"wp:term":[{"taxonomy":"event_cat","embeddable":true,"href":"https:\/\/agendaalcoy.com\/ca\/wp-json\/wp\/v2\/event_cat?post=52486"},{"taxonomy":"event_tag","embeddable":true,"href":"https:\/\/agendaalcoy.com\/ca\/wp-json\/wp\/v2\/event_tag?post=52486"},{"taxonomy":"event_loc","embeddable":true,"href":"https:\/\/agendaalcoy.com\/ca\/wp-json\/wp\/v2\/event_loc?post=52486"}],"curies":[{"name":"wp","href":"https:\/\/api.w.org\/{rel}","templated":true}]}}

«Concierto: La Muntanya Sanadora» Jordi Raül Verdú

<p>La Muntanya Sanadora és un conte musical presentat per Crescendo Escola de Música, amb narració a càrrec de l&#8217;autor Jordi Raül Verdú, al Teatre Calderón d&#8217;Alcoi.</p>

<!-- This site is optimized with the Yoast SEO plugin v26.4 - https://yoast.com/wordpress/plugins/seo/ -->
<title>«Concierto: La Muntanya Sanadora» Jordi Raül Verdú | Agenda Alcoy</title>
<meta name="robots" content="index, follow, max-snippet:-1, max-image-preview:large, max-video-preview:-1" />
<link rel="canonical" href="https://agendaalcoy.com/ca/event/concierto-la-muntanya-sanadora-jordi-raul-verdu/" />
<meta property="og:locale" content="ca_ES" />
<meta property="og:type" content="article" />
<meta property="og:title" content="«Concierto: La Muntanya Sanadora» Jordi Raül Verdú | Agenda Alcoy" />
<meta property="og:description" content="La Muntanya Sanadora és un conte musical presentat per Crescendo Escola de Música, amb narració a càrrec de l&#8217;autor Jordi Raül Verdú, al Teatre Calderón d&#8217;Alcoi." />
<meta property="og:url" content="https://agendaalcoy.com/ca/event/concierto-la-muntanya-sanadora-jordi-raul-verdu/" />
<meta property="og:site_name" content="Agenda Alcoy" />
<meta property="article:modified_time" content="2026-04-10T07:38:21+00:00" />
<meta property="og:image" content="https://agendaalcoy.com/wp-content/uploads/2026/04/dest_crescendo-cartell.jpg" />
	<meta property="og:image:width" content="700" />
	<meta property="og:image:height" content="990" />
	<meta property="og:image:type" content="image/jpeg" />
<meta name="twitter:card" content="summary_large_image" />
<script type="application/ld+json" class="yoast-schema-graph">{"@context":"https://schema.org","@graph":[{"@type":"WebPage","@id":"https://agendaalcoy.com/ca/event/concierto-la-muntanya-sanadora-jordi-raul-verdu/","url":"https://agendaalcoy.com/ca/event/concierto-la-muntanya-sanadora-jordi-raul-verdu/","name":"«Concierto: La Muntanya Sanadora» Jordi Raül Verdú | Agenda Alcoy","isPartOf":{"@id":"https://agendaalcoy.com/ca/#website"},"primaryImageOfPage":{"@id":"https://agendaalcoy.com/ca/event/concierto-la-muntanya-sanadora-jordi-raul-verdu/#primaryimage"},"image":{"@id":"https://agendaalcoy.com/ca/event/concierto-la-muntanya-sanadora-jordi-raul-verdu/#primaryimage"},"thumbnailUrl":"https://agendaalcoy.com/wp-content/uploads/2026/04/dest_crescendo-cartell.jpg","datePublished":"2026-04-08T15:56:37+00:00","dateModified":"2026-04-10T07:38:21+00:00","breadcrumb":{"@id":"https://agendaalcoy.com/ca/event/concierto-la-muntanya-sanadora-jordi-raul-verdu/#breadcrumb"},"inLanguage":"ca","potentialAction":[{"@type":"ReadAction","target":["https://agendaalcoy.com/ca/event/concierto-la-muntanya-sanadora-jordi-raul-verdu/"]}]},{"@type":"ImageObject","inLanguage":"ca","@id":"https://agendaalcoy.com/ca/event/concierto-la-muntanya-sanadora-jordi-raul-verdu/#primaryimage","url":"https://agendaalcoy.com/wp-content/uploads/2026/04/dest_crescendo-cartell.jpg","contentUrl":"https://agendaalcoy.com/wp-content/uploads/2026/04/dest_crescendo-cartell.jpg","width":700,"height":990},{"@type":"BreadcrumbList","@id":"https://agendaalcoy.com/ca/event/concierto-la-muntanya-sanadora-jordi-raul-verdu/#breadcrumb","itemListElement":[{"@type":"ListItem","position":1,"name":"Portada","item":"https://agendaalcoy.com/ca/"},{"@type":"ListItem","position":2,"name":"«Concierto: La Muntanya Sanadora» Jordi Raül Verdú"}]},{"@type":"WebSite","@id":"https://agendaalcoy.com/ca/#website","url":"https://agendaalcoy.com/ca/","name":"Agenda Alcoy","description":"Agenda Cultural de Alcoy - Conciertos, teatro, exposiciones, actividades infantiles, tradiciones...","potentialAction":[{"@type":"SearchAction","target":{"@type":"EntryPoint","urlTemplate":"https://agendaalcoy.com/ca/?s={search_term_string}"},"query-input":{"@type":"PropertyValueSpecification","valueRequired":true,"valueName":"search_term_string"}}],"inLanguage":"ca"}]}</script>
<!-- / Yoast SEO plugin. -->

«Concierto: La Muntanya Sanadora» Jordi Raül Verdú | Agenda Alcoy

La Muntanya Sanadora és un conte musical presentat per Crescendo Escola de Música, amb narració a càrrec de l&#8217;autor Jordi Raül Verdú, al Teatre Calderón d&#8217;Alcoi.

Teatre Calderón

Música
