{"id":51631,"date":"2026-04-02T15:30:51","date_gmt":"2026-04-02T15:30:51","guid":{"rendered":"https:\/\/agendaalcoy.com\/event\/ca\/festes-de-moros-i-cristians-2026-processo-de-la-reliquia"},"modified":"2026-04-22T09:09:27","modified_gmt":"2026-04-22T09:09:27","slug":"festes-de-moros-i-cristians-2026-processo-de-la-reliquia","status":"publish","type":"event","link":"https:\/\/agendaalcoy.com\/ca\/event\/festes-de-moros-i-cristians-2026-processo-de-la-reliquia\/","title":{"rendered":"\u00abFestes de Moros i Cristians 2026: Process\u00f3 de la Rel\u00edquia\u00bb"},"content":{"rendered":"<p>La Process\u00f3 de la Rel\u00edquia trasllada la rel\u00edquia de Sant Jordi des del seu temple fins a la parr\u00f2quia de Santa Mar\u00eda.<\/p>\n<p><strong>ORDRE DE LA DESFILADA<\/strong><\/p>\n<p>Heralds, Capit\u00e0 Moro (fil\u00e0 Marrakesch), Sergent Moro i seguici, banderoles de les filaes mores, Alferes Moro (fil\u00e0 Realistes), Ambaixador Moro, Banderer i seguici, Capit\u00e0 Cristi\u00e0 (fil\u00e0 Andalusos), Sergent Cristi\u00e0 i seguici, banderoles de les filaes Cristianes, Alferes Cristi\u00e0 (fil\u00e0 Asturianos), Ambaixador Cristi\u00e0, Moss\u00e8n Torregrosa, Banderer i seguici, banderoles del 750 aniversari de les filaes cristianes, Assemblea General de l&#8217;Associaci\u00f3 de Sant Jordi amb bandera i Sant Jordiet, Rel\u00edquia, reverend clergat i autoritats.<\/p>\n<p><strong>ITINERARI<\/strong><\/p>\n<p>S&#8217;inicia a les 11.00 hores en el temple de Sant Jordi i segueix pels carrers de Sant Tom\u00e0s, l\u2019Escola, Moss\u00e8n Torregrosa, Sant Lloren\u00e7, pla\u00e7a d\u2019Espanya i Pintor Casanova (carrer Major) a la Parr\u00f2quia de Santa Mar\u00eda, finalitzant sobre les 12.00 hores.<\/p>\n<p>A continuaci\u00f3, solemne Missa Major, interpretant-se la &#8220;Missa a Sant Jordi&#8221;, d&#8217;Amando Blanquer Ponsoda per la Orquestra Simf\u00f2nica Alcoiana, la Coral Polif\u00f2nica Alcoiana, el Grupo Cantores de Alcoy, Agrupaci\u00f3n L\u00edrica El Trabajo i el Coro Divertimento de Alcoy.<\/p>\n<p>A les 14.00 hores masclet\u00e0 en la pla\u00e7a d\u2019Espanya.<\/p>\n","protected":false},"excerpt":{"rendered":"<p>La Process\u00f3 de la Rel\u00edquia trasllada la rel\u00edquia de Sant Jordi des del seu temple fins a la parr\u00f2quia de Santa Mar\u00eda. ORDRE DE LA DESFILADA Heralds, Capit\u00e0 Moro (fil\u00e0 Marrakesch), Sergent Moro i seguici, banderoles de les filaes mores, Alferes Moro (fil\u00e0 Realistes), Ambaixador Moro, Banderer i seguici, Capit\u00e0 Cristi\u00e0 (fil\u00e0 Andalusos), Sergent Cristi\u00e0 [&hellip;]<\/p>\n","protected":false},"author":1,"featured_media":51853,"comment_status":"closed","ping_status":"closed","template":"","meta":[],"event_cat":[154],"event_tag":[],"event_loc":[249],"class_list":["post-51631","event","type-event","status-publish","has-post-thumbnail","hentry","event_cat-tradicions-festes","event_loc-calles-del-centro-de-alcoy"],"yoast_head":"<!-- This site is optimized with the Yoast SEO plugin v26.4 - https:\/\/yoast.com\/wordpress\/plugins\/seo\/ -->\n<title>\u00abFestes de Moros i Cristians 2026: Process\u00f3 de la Rel\u00edquia\u00bb | Agenda Alcoy<\/title>\n<meta name=\"robots\" content=\"index, follow, max-snippet:-1, max-image-preview:large, max-video-preview:-1\" \/>\n<link rel=\"canonical\" href=\"https:\/\/agendaalcoy.com\/ca\/event\/festes-de-moros-i-cristians-2026-processo-de-la-reliquia\/\" \/>\n<meta property=\"og:locale\" content=\"ca_ES\" \/>\n<meta property=\"og:type\" content=\"article\" \/>\n<meta property=\"og:title\" content=\"\u00abFestes de Moros i Cristians 2026: Process\u00f3 de la Rel\u00edquia\u00bb | Agenda Alcoy\" \/>\n<meta property=\"og:description\" content=\"La Process\u00f3 de la Rel\u00edquia trasllada la rel\u00edquia de Sant Jordi des del seu temple fins a la parr\u00f2quia de Santa Mar\u00eda. ORDRE DE LA DESFILADA Heralds, Capit\u00e0 Moro (fil\u00e0 Marrakesch), Sergent Moro i seguici, banderoles de les filaes mores, Alferes Moro (fil\u00e0 Realistes), Ambaixador Moro, Banderer i seguici, Capit\u00e0 Cristi\u00e0 (fil\u00e0 Andalusos), Sergent Cristi\u00e0 [&hellip;]\" \/>\n<meta property=\"og:url\" content=\"https:\/\/agendaalcoy.com\/ca\/event\/festes-de-moros-i-cristians-2026-processo-de-la-reliquia\/\" \/>\n<meta property=\"og:site_name\" content=\"Agenda Alcoy\" \/>\n<meta property=\"article:modified_time\" content=\"2026-04-22T09:09:27+00:00\" \/>\n<meta property=\"og:image\" content=\"https:\/\/agendaalcoy.com\/wp-content\/uploads\/2026\/04\/cartel-de-fiestas-de-moros-y-cristianos-alcoy-2026.jpg\" \/>\n\t<meta property=\"og:image:width\" content=\"917\" \/>\n\t<meta property=\"og:image:height\" content=\"1280\" \/>\n\t<meta property=\"og:image:type\" content=\"image\/jpeg\" \/>\n<meta name=\"twitter:card\" content=\"summary_large_image\" \/>\n<meta name=\"twitter:label1\" content=\"Temps estimat de lectura\" \/>\n\t<meta name=\"twitter:data1\" content=\"1 minut\" \/>\n<script type=\"application\/ld+json\" class=\"yoast-schema-graph\">{\"@context\":\"https:\/\/schema.org\",\"@graph\":[{\"@type\":\"WebPage\",\"@id\":\"https:\/\/agendaalcoy.com\/ca\/event\/festes-de-moros-i-cristians-2026-processo-de-la-reliquia\/\",\"url\":\"https:\/\/agendaalcoy.com\/ca\/event\/festes-de-moros-i-cristians-2026-processo-de-la-reliquia\/\",\"name\":\"\u00abFestes de Moros i Cristians 2026: Process\u00f3 de la Rel\u00edquia\u00bb | Agenda Alcoy\",\"isPartOf\":{\"@id\":\"https:\/\/agendaalcoy.com\/ca\/#website\"},\"primaryImageOfPage\":{\"@id\":\"https:\/\/agendaalcoy.com\/ca\/event\/festes-de-moros-i-cristians-2026-processo-de-la-reliquia\/#primaryimage\"},\"image\":{\"@id\":\"https:\/\/agendaalcoy.com\/ca\/event\/festes-de-moros-i-cristians-2026-processo-de-la-reliquia\/#primaryimage\"},\"thumbnailUrl\":\"https:\/\/agendaalcoy.com\/wp-content\/uploads\/2026\/04\/cartel-de-fiestas-de-moros-y-cristianos-alcoy-2026.jpg\",\"datePublished\":\"2026-04-02T15:30:51+00:00\",\"dateModified\":\"2026-04-22T09:09:27+00:00\",\"breadcrumb\":{\"@id\":\"https:\/\/agendaalcoy.com\/ca\/event\/festes-de-moros-i-cristians-2026-processo-de-la-reliquia\/#breadcrumb\"},\"inLanguage\":\"ca\",\"potentialAction\":[{\"@type\":\"ReadAction\",\"target\":[\"https:\/\/agendaalcoy.com\/ca\/event\/festes-de-moros-i-cristians-2026-processo-de-la-reliquia\/\"]}]},{\"@type\":\"ImageObject\",\"inLanguage\":\"ca\",\"@id\":\"https:\/\/agendaalcoy.com\/ca\/event\/festes-de-moros-i-cristians-2026-processo-de-la-reliquia\/#primaryimage\",\"url\":\"https:\/\/agendaalcoy.com\/wp-content\/uploads\/2026\/04\/cartel-de-fiestas-de-moros-y-cristianos-alcoy-2026.jpg\",\"contentUrl\":\"https:\/\/agendaalcoy.com\/wp-content\/uploads\/2026\/04\/cartel-de-fiestas-de-moros-y-cristianos-alcoy-2026.jpg\",\"width\":917,\"height\":1280},{\"@type\":\"BreadcrumbList\",\"@id\":\"https:\/\/agendaalcoy.com\/ca\/event\/festes-de-moros-i-cristians-2026-processo-de-la-reliquia\/#breadcrumb\",\"itemListElement\":[{\"@type\":\"ListItem\",\"position\":1,\"name\":\"Portada\",\"item\":\"https:\/\/agendaalcoy.com\/ca\/\"},{\"@type\":\"ListItem\",\"position\":2,\"name\":\"\u00abFestes de Moros i Cristians 2026: Process\u00f3 de la Rel\u00edquia\u00bb\"}]},{\"@type\":\"WebSite\",\"@id\":\"https:\/\/agendaalcoy.com\/ca\/#website\",\"url\":\"https:\/\/agendaalcoy.com\/ca\/\",\"name\":\"Agenda Alcoy\",\"description\":\"Agenda Cultural de Alcoy - Conciertos, teatro, exposiciones, actividades infantiles, tradiciones...\",\"potentialAction\":[{\"@type\":\"SearchAction\",\"target\":{\"@type\":\"EntryPoint\",\"urlTemplate\":\"https:\/\/agendaalcoy.com\/ca\/?s={search_term_string}\"},\"query-input\":{\"@type\":\"PropertyValueSpecification\",\"valueRequired\":true,\"valueName\":\"search_term_string\"}}],\"inLanguage\":\"ca\"}]}<\/script>\n<!-- \/ Yoast SEO plugin. -->","yoast_head_json":{"title":"\u00abFestes de Moros i Cristians 2026: Process\u00f3 de la Rel\u00edquia\u00bb | Agenda Alcoy","robots":{"index":"index","follow":"follow","max-snippet":"max-snippet:-1","max-image-preview":"max-image-preview:large","max-video-preview":"max-video-preview:-1"},"canonical":"https:\/\/agendaalcoy.com\/ca\/event\/festes-de-moros-i-cristians-2026-processo-de-la-reliquia\/","og_locale":"ca_ES","og_type":"article","og_title":"\u00abFestes de Moros i Cristians 2026: Process\u00f3 de la Rel\u00edquia\u00bb | Agenda Alcoy","og_description":"La Process\u00f3 de la Rel\u00edquia trasllada la rel\u00edquia de Sant Jordi des del seu temple fins a la parr\u00f2quia de Santa Mar\u00eda. ORDRE DE LA DESFILADA Heralds, Capit\u00e0 Moro (fil\u00e0 Marrakesch), Sergent Moro i seguici, banderoles de les filaes mores, Alferes Moro (fil\u00e0 Realistes), Ambaixador Moro, Banderer i seguici, Capit\u00e0 Cristi\u00e0 (fil\u00e0 Andalusos), Sergent Cristi\u00e0 [&hellip;]","og_url":"https:\/\/agendaalcoy.com\/ca\/event\/festes-de-moros-i-cristians-2026-processo-de-la-reliquia\/","og_site_name":"Agenda Alcoy","article_modified_time":"2026-04-22T09:09:27+00:00","og_image":[{"width":917,"height":1280,"url":"https:\/\/agendaalcoy.com\/wp-content\/uploads\/2026\/04\/cartel-de-fiestas-de-moros-y-cristianos-alcoy-2026.jpg","type":"image\/jpeg"}],"twitter_card":"summary_large_image","twitter_misc":{"Temps estimat de lectura":"1 minut"},"schema":{"@context":"https:\/\/schema.org","@graph":[{"@type":"WebPage","@id":"https:\/\/agendaalcoy.com\/ca\/event\/festes-de-moros-i-cristians-2026-processo-de-la-reliquia\/","url":"https:\/\/agendaalcoy.com\/ca\/event\/festes-de-moros-i-cristians-2026-processo-de-la-reliquia\/","name":"\u00abFestes de Moros i Cristians 2026: Process\u00f3 de la Rel\u00edquia\u00bb | Agenda Alcoy","isPartOf":{"@id":"https:\/\/agendaalcoy.com\/ca\/#website"},"primaryImageOfPage":{"@id":"https:\/\/agendaalcoy.com\/ca\/event\/festes-de-moros-i-cristians-2026-processo-de-la-reliquia\/#primaryimage"},"image":{"@id":"https:\/\/agendaalcoy.com\/ca\/event\/festes-de-moros-i-cristians-2026-processo-de-la-reliquia\/#primaryimage"},"thumbnailUrl":"https:\/\/agendaalcoy.com\/wp-content\/uploads\/2026\/04\/cartel-de-fiestas-de-moros-y-cristianos-alcoy-2026.jpg","datePublished":"2026-04-02T15:30:51+00:00","dateModified":"2026-04-22T09:09:27+00:00","breadcrumb":{"@id":"https:\/\/agendaalcoy.com\/ca\/event\/festes-de-moros-i-cristians-2026-processo-de-la-reliquia\/#breadcrumb"},"inLanguage":"ca","potentialAction":[{"@type":"ReadAction","target":["https:\/\/agendaalcoy.com\/ca\/event\/festes-de-moros-i-cristians-2026-processo-de-la-reliquia\/"]}]},{"@type":"ImageObject","inLanguage":"ca","@id":"https:\/\/agendaalcoy.com\/ca\/event\/festes-de-moros-i-cristians-2026-processo-de-la-reliquia\/#primaryimage","url":"https:\/\/agendaalcoy.com\/wp-content\/uploads\/2026\/04\/cartel-de-fiestas-de-moros-y-cristianos-alcoy-2026.jpg","contentUrl":"https:\/\/agendaalcoy.com\/wp-content\/uploads\/2026\/04\/cartel-de-fiestas-de-moros-y-cristianos-alcoy-2026.jpg","width":917,"height":1280},{"@type":"BreadcrumbList","@id":"https:\/\/agendaalcoy.com\/ca\/event\/festes-de-moros-i-cristians-2026-processo-de-la-reliquia\/#breadcrumb","itemListElement":[{"@type":"ListItem","position":1,"name":"Portada","item":"https:\/\/agendaalcoy.com\/ca\/"},{"@type":"ListItem","position":2,"name":"\u00abFestes de Moros i Cristians 2026: Process\u00f3 de la Rel\u00edquia\u00bb"}]},{"@type":"WebSite","@id":"https:\/\/agendaalcoy.com\/ca\/#website","url":"https:\/\/agendaalcoy.com\/ca\/","name":"Agenda Alcoy","description":"Agenda Cultural de Alcoy - Conciertos, teatro, exposiciones, actividades infantiles, tradiciones...","potentialAction":[{"@type":"SearchAction","target":{"@type":"EntryPoint","urlTemplate":"https:\/\/agendaalcoy.com\/ca\/?s={search_term_string}"},"query-input":{"@type":"PropertyValueSpecification","valueRequired":true,"valueName":"search_term_string"}}],"inLanguage":"ca"}]}},"start_date":"26-04-2026","end_date":"26-04-2026","start_time":"11:00","end_time":"12:00","event_address":"Calles del centro de Alcoy","categories":["Tradicions"],"featured_image":"https:\/\/agendaalcoy.com\/wp-content\/uploads\/2026\/04\/cartel-de-fiestas-de-moros-y-cristianos-alcoy-2026.jpg","_links":{"self":[{"href":"https:\/\/agendaalcoy.com\/ca\/wp-json\/wp\/v2\/event\/51631","targetHints":{"allow":["GET"]}}],"collection":[{"href":"https:\/\/agendaalcoy.com\/ca\/wp-json\/wp\/v2\/event"}],"about":[{"href":"https:\/\/agendaalcoy.com\/ca\/wp-json\/wp\/v2\/types\/event"}],"author":[{"embeddable":true,"href":"https:\/\/agendaalcoy.com\/ca\/wp-json\/wp\/v2\/users\/1"}],"replies":[{"embeddable":true,"href":"https:\/\/agendaalcoy.com\/ca\/wp-json\/wp\/v2\/comments?post=51631"}],"version-history":[{"count":2,"href":"https:\/\/agendaalcoy.com\/ca\/wp-json\/wp\/v2\/event\/51631\/revisions"}],"predecessor-version":[{"id":53196,"href":"https:\/\/agendaalcoy.com\/ca\/wp-json\/wp\/v2\/event\/51631\/revisions\/53196"}],"wp:featuredmedia":[{"embeddable":true,"href":"https:\/\/agendaalcoy.com\/ca\/wp-json\/wp\/v2\/media\/51853"}],"wp:attachment":[{"href":"https:\/\/agendaalcoy.com\/ca\/wp-json\/wp\/v2\/media?parent=51631"}],"wp:term":[{"taxonomy":"event_cat","embeddable":true,"href":"https:\/\/agendaalcoy.com\/ca\/wp-json\/wp\/v2\/event_cat?post=51631"},{"taxonomy":"event_tag","embeddable":true,"href":"https:\/\/agendaalcoy.com\/ca\/wp-json\/wp\/v2\/event_tag?post=51631"},{"taxonomy":"event_loc","embeddable":true,"href":"https:\/\/agendaalcoy.com\/ca\/wp-json\/wp\/v2\/event_loc?post=51631"}],"curies":[{"name":"wp","href":"https:\/\/api.w.org\/{rel}","templated":true}]}}

«Festes de Moros i Cristians 2026: Processó de la Relíquia»

<p>La Processó de la Relíquia trasllada la relíquia de Sant Jordi des del seu temple fins a la parròquia de Santa María.</p>
<p><strong>ORDRE DE LA DESFILADA</strong></p>
<p>Heralds, Capità Moro (filà Marrakesch), Sergent Moro i seguici, banderoles de les filaes mores, Alferes Moro (filà Realistes), Ambaixador Moro, Banderer i seguici, Capità Cristià (filà Andalusos), Sergent Cristià i seguici, banderoles de les filaes Cristianes, Alferes Cristià (filà Asturianos), Ambaixador Cristià, Mossèn Torregrosa, Banderer i seguici, banderoles del 750 aniversari de les filaes cristianes, Assemblea General de l&#8217;Associació de Sant Jordi amb bandera i Sant Jordiet, Relíquia, reverend clergat i autoritats.</p>
<p><strong>ITINERARI</strong></p>
<p>S&#8217;inicia a les 11.00 hores en el temple de Sant Jordi i segueix pels carrers de Sant Tomàs, l’Escola, Mossèn Torregrosa, Sant Llorenç, plaça d’Espanya i Pintor Casanova (carrer Major) a la Parròquia de Santa María, finalitzant sobre les 12.00 hores.</p>
<p>A continuació, solemne Missa Major, interpretant-se la &#8220;Missa a Sant Jordi&#8221;, d&#8217;Amando Blanquer Ponsoda per la Orquestra Simfònica Alcoiana, la Coral Polifònica Alcoiana, el Grupo Cantores de Alcoy, Agrupación Lírica El Trabajo i el Coro Divertimento de Alcoy.</p>
<p>A les 14.00 hores mascletà en la plaça d’Espanya.</p>

<p>La Processó de la Relíquia trasllada la relíquia de Sant Jordi des del seu temple fins a la parròquia de Santa María. ORDRE DE LA DESFILADA Heralds, Capità Moro (filà Marrakesch), Sergent Moro i seguici, banderoles de les filaes mores, Alferes Moro (filà Realistes), Ambaixador Moro, Banderer i seguici, Capità Cristià (filà Andalusos), Sergent Cristià [&hellip;]</p>

<!-- This site is optimized with the Yoast SEO plugin v26.4 - https://yoast.com/wordpress/plugins/seo/ -->
<title>«Festes de Moros i Cristians 2026: Processó de la Relíquia» | Agenda Alcoy</title>
<meta name="robots" content="index, follow, max-snippet:-1, max-image-preview:large, max-video-preview:-1" />
<link rel="canonical" href="https://agendaalcoy.com/ca/event/festes-de-moros-i-cristians-2026-processo-de-la-reliquia/" />
<meta property="og:locale" content="ca_ES" />
<meta property="og:type" content="article" />
<meta property="og:title" content="«Festes de Moros i Cristians 2026: Processó de la Relíquia» | Agenda Alcoy" />
<meta property="og:description" content="La Processó de la Relíquia trasllada la relíquia de Sant Jordi des del seu temple fins a la parròquia de Santa María. ORDRE DE LA DESFILADA Heralds, Capità Moro (filà Marrakesch), Sergent Moro i seguici, banderoles de les filaes mores, Alferes Moro (filà Realistes), Ambaixador Moro, Banderer i seguici, Capità Cristià (filà Andalusos), Sergent Cristià [&hellip;]" />
<meta property="og:url" content="https://agendaalcoy.com/ca/event/festes-de-moros-i-cristians-2026-processo-de-la-reliquia/" />
<meta property="og:site_name" content="Agenda Alcoy" />
<meta property="article:modified_time" content="2026-04-22T09:09:27+00:00" />
<meta property="og:image" content="https://agendaalcoy.com/wp-content/uploads/2026/04/cartel-de-fiestas-de-moros-y-cristianos-alcoy-2026.jpg" />
	<meta property="og:image:width" content="917" />
	<meta property="og:image:height" content="1280" />
	<meta property="og:image:type" content="image/jpeg" />
<meta name="twitter:card" content="summary_large_image" />
<meta name="twitter:label1" content="Temps estimat de lectura" />
	<meta name="twitter:data1" content="1 minut" />
<script type="application/ld+json" class="yoast-schema-graph">{"@context":"https://schema.org","@graph":[{"@type":"WebPage","@id":"https://agendaalcoy.com/ca/event/festes-de-moros-i-cristians-2026-processo-de-la-reliquia/","url":"https://agendaalcoy.com/ca/event/festes-de-moros-i-cristians-2026-processo-de-la-reliquia/","name":"«Festes de Moros i Cristians 2026: Processó de la Relíquia» | Agenda Alcoy","isPartOf":{"@id":"https://agendaalcoy.com/ca/#website"},"primaryImageOfPage":{"@id":"https://agendaalcoy.com/ca/event/festes-de-moros-i-cristians-2026-processo-de-la-reliquia/#primaryimage"},"image":{"@id":"https://agendaalcoy.com/ca/event/festes-de-moros-i-cristians-2026-processo-de-la-reliquia/#primaryimage"},"thumbnailUrl":"https://agendaalcoy.com/wp-content/uploads/2026/04/cartel-de-fiestas-de-moros-y-cristianos-alcoy-2026.jpg","datePublished":"2026-04-02T15:30:51+00:00","dateModified":"2026-04-22T09:09:27+00:00","breadcrumb":{"@id":"https://agendaalcoy.com/ca/event/festes-de-moros-i-cristians-2026-processo-de-la-reliquia/#breadcrumb"},"inLanguage":"ca","potentialAction":[{"@type":"ReadAction","target":["https://agendaalcoy.com/ca/event/festes-de-moros-i-cristians-2026-processo-de-la-reliquia/"]}]},{"@type":"ImageObject","inLanguage":"ca","@id":"https://agendaalcoy.com/ca/event/festes-de-moros-i-cristians-2026-processo-de-la-reliquia/#primaryimage","url":"https://agendaalcoy.com/wp-content/uploads/2026/04/cartel-de-fiestas-de-moros-y-cristianos-alcoy-2026.jpg","contentUrl":"https://agendaalcoy.com/wp-content/uploads/2026/04/cartel-de-fiestas-de-moros-y-cristianos-alcoy-2026.jpg","width":917,"height":1280},{"@type":"BreadcrumbList","@id":"https://agendaalcoy.com/ca/event/festes-de-moros-i-cristians-2026-processo-de-la-reliquia/#breadcrumb","itemListElement":[{"@type":"ListItem","position":1,"name":"Portada","item":"https://agendaalcoy.com/ca/"},{"@type":"ListItem","position":2,"name":"«Festes de Moros i Cristians 2026: Processó de la Relíquia»"}]},{"@type":"WebSite","@id":"https://agendaalcoy.com/ca/#website","url":"https://agendaalcoy.com/ca/","name":"Agenda Alcoy","description":"Agenda Cultural de Alcoy - Conciertos, teatro, exposiciones, actividades infantiles, tradiciones...","potentialAction":[{"@type":"SearchAction","target":{"@type":"EntryPoint","urlTemplate":"https://agendaalcoy.com/ca/?s={search_term_string}"},"query-input":{"@type":"PropertyValueSpecification","valueRequired":true,"valueName":"search_term_string"}}],"inLanguage":"ca"}]}</script>
<!-- / Yoast SEO plugin. -->

«Festes de Moros i Cristians 2026: Processó de la Relíquia» | Agenda Alcoy

La Processó de la Relíquia trasllada la relíquia de Sant Jordi des del seu temple fins a la parròquia de Santa María. ORDRE DE LA DESFILADA Heralds, Capità Moro (filà Marrakesch), Sergent Moro i seguici, banderoles de les filaes mores, Alferes Moro (filà Realistes), Ambaixador Moro, Banderer i seguici, Capità Cristià (filà Andalusos), Sergent Cristià [&hellip;]
