{"id":51621,"date":"2026-04-02T15:30:28","date_gmt":"2026-04-02T15:30:28","guid":{"rendered":"https:\/\/agendaalcoy.com\/event\/ca\/festes-de-moros-i-cristians-2026-segona-diana"},"modified":"2026-04-22T08:54:23","modified_gmt":"2026-04-22T08:54:23","slug":"festes-de-moros-i-cristians-2026-segona-diana","status":"publish","type":"event","link":"https:\/\/agendaalcoy.com\/ca\/event\/festes-de-moros-i-cristians-2026-segona-diana\/","title":{"rendered":"\u00abFestes de Moros i Cristians 2026: Segona Diana\u00bb"},"content":{"rendered":"<p>La Segona Diana \u00e9s un acte similar a la Primera Diana, amb especial participaci\u00f3 de la inf\u00e0ncia festera. <\/p>\n<p><strong>ITINERARI<\/strong><\/p>\n<p>Els Cristians iniciaran l&#8217;acte des de la Font Redona fins a la pla\u00e7a d\u2019Espanya i acabaran al Castell, passant per davant de l&#8217;Ajuntament.<\/p>\n<p>Els Moros partiran de l&#8217;avinguda del Pa\u00eds Valenci\u00e0, a l&#8217;altura del carrer Bamb\u00fa, fins a la pla\u00e7a d\u2019Espanya i acabaran al Castell, desfilant per davant del Cercle Cat\u00f2lic d&#8217;Obrers.<\/p>\n<p><strong>ORDRE DE LA DESFILADA<\/strong><\/p>\n<p><strong>B\u00e0ndol Cristi\u00e0:<\/strong> Andaluces (fil\u00e0 Capit\u00e0), Asturianos (fil\u00e0 Alferes), Cides, Labradores, Guzmanes, Vascos, Moz\u00e1rabes, Almog\u00e1vares, Navarros, Tomasinas, Muntanyesos, Cruzados, Alcodianos, Aragonesos.<\/p>\n<p><strong>B\u00e0ndol Moro:<\/strong> Llana (fil\u00e0 Sant Jordiet), Marrakesch (fil\u00e0 Capit\u00e0), Realistas (fil\u00e0 Alferes), Benimerines, Domingo Miques, Magenta, Jud\u00edos, Chano, Verdes, Cord\u00f3n, Ligeros, Mud\u00e9jares, Abencerrajes, Berberiscos.<\/p>\n","protected":false},"excerpt":{"rendered":"<p>La Segona Diana \u00e9s un acte similar a la Primera Diana, amb especial participaci\u00f3 de la inf\u00e0ncia festera. ITINERARI Els Cristians iniciaran l&#8217;acte des de la Font Redona fins a la pla\u00e7a d\u2019Espanya i acabaran al Castell, passant per davant de l&#8217;Ajuntament. Els Moros partiran de l&#8217;avinguda del Pa\u00eds Valenci\u00e0, a l&#8217;altura del carrer Bamb\u00fa, [&hellip;]<\/p>\n","protected":false},"author":1,"featured_media":51853,"comment_status":"closed","ping_status":"closed","template":"","meta":[],"event_cat":[154],"event_tag":[],"event_loc":[249],"class_list":["post-51621","event","type-event","status-publish","has-post-thumbnail","hentry","event_cat-tradicions-festes","event_loc-calles-del-centro-de-alcoy"],"yoast_head":"<!-- This site is optimized with the Yoast SEO plugin v26.4 - https:\/\/yoast.com\/wordpress\/plugins\/seo\/ -->\n<title>\u00abFestes de Moros i Cristians 2026: Segona Diana\u00bb | Agenda Alcoy<\/title>\n<meta name=\"robots\" content=\"index, follow, max-snippet:-1, max-image-preview:large, max-video-preview:-1\" \/>\n<link rel=\"canonical\" href=\"https:\/\/agendaalcoy.com\/ca\/event\/festes-de-moros-i-cristians-2026-segona-diana\/\" \/>\n<meta property=\"og:locale\" content=\"ca_ES\" \/>\n<meta property=\"og:type\" content=\"article\" \/>\n<meta property=\"og:title\" content=\"\u00abFestes de Moros i Cristians 2026: Segona Diana\u00bb | Agenda Alcoy\" \/>\n<meta property=\"og:description\" content=\"La Segona Diana \u00e9s un acte similar a la Primera Diana, amb especial participaci\u00f3 de la inf\u00e0ncia festera. ITINERARI Els Cristians iniciaran l&#8217;acte des de la Font Redona fins a la pla\u00e7a d\u2019Espanya i acabaran al Castell, passant per davant de l&#8217;Ajuntament. Els Moros partiran de l&#8217;avinguda del Pa\u00eds Valenci\u00e0, a l&#8217;altura del carrer Bamb\u00fa, [&hellip;]\" \/>\n<meta property=\"og:url\" content=\"https:\/\/agendaalcoy.com\/ca\/event\/festes-de-moros-i-cristians-2026-segona-diana\/\" \/>\n<meta property=\"og:site_name\" content=\"Agenda Alcoy\" \/>\n<meta property=\"article:modified_time\" content=\"2026-04-22T08:54:23+00:00\" \/>\n<meta property=\"og:image\" content=\"https:\/\/agendaalcoy.com\/wp-content\/uploads\/2026\/04\/cartel-de-fiestas-de-moros-y-cristianos-alcoy-2026.jpg\" \/>\n\t<meta property=\"og:image:width\" content=\"917\" \/>\n\t<meta property=\"og:image:height\" content=\"1280\" \/>\n\t<meta property=\"og:image:type\" content=\"image\/jpeg\" \/>\n<meta name=\"twitter:card\" content=\"summary_large_image\" \/>\n<meta name=\"twitter:label1\" content=\"Temps estimat de lectura\" \/>\n\t<meta name=\"twitter:data1\" content=\"1 minut\" \/>\n<script type=\"application\/ld+json\" class=\"yoast-schema-graph\">{\"@context\":\"https:\/\/schema.org\",\"@graph\":[{\"@type\":\"WebPage\",\"@id\":\"https:\/\/agendaalcoy.com\/ca\/event\/festes-de-moros-i-cristians-2026-segona-diana\/\",\"url\":\"https:\/\/agendaalcoy.com\/ca\/event\/festes-de-moros-i-cristians-2026-segona-diana\/\",\"name\":\"\u00abFestes de Moros i Cristians 2026: Segona Diana\u00bb | Agenda Alcoy\",\"isPartOf\":{\"@id\":\"https:\/\/agendaalcoy.com\/ca\/#website\"},\"primaryImageOfPage\":{\"@id\":\"https:\/\/agendaalcoy.com\/ca\/event\/festes-de-moros-i-cristians-2026-segona-diana\/#primaryimage\"},\"image\":{\"@id\":\"https:\/\/agendaalcoy.com\/ca\/event\/festes-de-moros-i-cristians-2026-segona-diana\/#primaryimage\"},\"thumbnailUrl\":\"https:\/\/agendaalcoy.com\/wp-content\/uploads\/2026\/04\/cartel-de-fiestas-de-moros-y-cristianos-alcoy-2026.jpg\",\"datePublished\":\"2026-04-02T15:30:28+00:00\",\"dateModified\":\"2026-04-22T08:54:23+00:00\",\"breadcrumb\":{\"@id\":\"https:\/\/agendaalcoy.com\/ca\/event\/festes-de-moros-i-cristians-2026-segona-diana\/#breadcrumb\"},\"inLanguage\":\"ca\",\"potentialAction\":[{\"@type\":\"ReadAction\",\"target\":[\"https:\/\/agendaalcoy.com\/ca\/event\/festes-de-moros-i-cristians-2026-segona-diana\/\"]}]},{\"@type\":\"ImageObject\",\"inLanguage\":\"ca\",\"@id\":\"https:\/\/agendaalcoy.com\/ca\/event\/festes-de-moros-i-cristians-2026-segona-diana\/#primaryimage\",\"url\":\"https:\/\/agendaalcoy.com\/wp-content\/uploads\/2026\/04\/cartel-de-fiestas-de-moros-y-cristianos-alcoy-2026.jpg\",\"contentUrl\":\"https:\/\/agendaalcoy.com\/wp-content\/uploads\/2026\/04\/cartel-de-fiestas-de-moros-y-cristianos-alcoy-2026.jpg\",\"width\":917,\"height\":1280},{\"@type\":\"BreadcrumbList\",\"@id\":\"https:\/\/agendaalcoy.com\/ca\/event\/festes-de-moros-i-cristians-2026-segona-diana\/#breadcrumb\",\"itemListElement\":[{\"@type\":\"ListItem\",\"position\":1,\"name\":\"Portada\",\"item\":\"https:\/\/agendaalcoy.com\/ca\/\"},{\"@type\":\"ListItem\",\"position\":2,\"name\":\"\u00abFestes de Moros i Cristians 2026: Segona Diana\u00bb\"}]},{\"@type\":\"WebSite\",\"@id\":\"https:\/\/agendaalcoy.com\/ca\/#website\",\"url\":\"https:\/\/agendaalcoy.com\/ca\/\",\"name\":\"Agenda Alcoy\",\"description\":\"Agenda Cultural de Alcoy - Conciertos, teatro, exposiciones, actividades infantiles, tradiciones...\",\"potentialAction\":[{\"@type\":\"SearchAction\",\"target\":{\"@type\":\"EntryPoint\",\"urlTemplate\":\"https:\/\/agendaalcoy.com\/ca\/?s={search_term_string}\"},\"query-input\":{\"@type\":\"PropertyValueSpecification\",\"valueRequired\":true,\"valueName\":\"search_term_string\"}}],\"inLanguage\":\"ca\"}]}<\/script>\n<!-- \/ Yoast SEO plugin. -->","yoast_head_json":{"title":"\u00abFestes de Moros i Cristians 2026: Segona Diana\u00bb | Agenda Alcoy","robots":{"index":"index","follow":"follow","max-snippet":"max-snippet:-1","max-image-preview":"max-image-preview:large","max-video-preview":"max-video-preview:-1"},"canonical":"https:\/\/agendaalcoy.com\/ca\/event\/festes-de-moros-i-cristians-2026-segona-diana\/","og_locale":"ca_ES","og_type":"article","og_title":"\u00abFestes de Moros i Cristians 2026: Segona Diana\u00bb | Agenda Alcoy","og_description":"La Segona Diana \u00e9s un acte similar a la Primera Diana, amb especial participaci\u00f3 de la inf\u00e0ncia festera. ITINERARI Els Cristians iniciaran l&#8217;acte des de la Font Redona fins a la pla\u00e7a d\u2019Espanya i acabaran al Castell, passant per davant de l&#8217;Ajuntament. Els Moros partiran de l&#8217;avinguda del Pa\u00eds Valenci\u00e0, a l&#8217;altura del carrer Bamb\u00fa, [&hellip;]","og_url":"https:\/\/agendaalcoy.com\/ca\/event\/festes-de-moros-i-cristians-2026-segona-diana\/","og_site_name":"Agenda Alcoy","article_modified_time":"2026-04-22T08:54:23+00:00","og_image":[{"width":917,"height":1280,"url":"https:\/\/agendaalcoy.com\/wp-content\/uploads\/2026\/04\/cartel-de-fiestas-de-moros-y-cristianos-alcoy-2026.jpg","type":"image\/jpeg"}],"twitter_card":"summary_large_image","twitter_misc":{"Temps estimat de lectura":"1 minut"},"schema":{"@context":"https:\/\/schema.org","@graph":[{"@type":"WebPage","@id":"https:\/\/agendaalcoy.com\/ca\/event\/festes-de-moros-i-cristians-2026-segona-diana\/","url":"https:\/\/agendaalcoy.com\/ca\/event\/festes-de-moros-i-cristians-2026-segona-diana\/","name":"\u00abFestes de Moros i Cristians 2026: Segona Diana\u00bb | Agenda Alcoy","isPartOf":{"@id":"https:\/\/agendaalcoy.com\/ca\/#website"},"primaryImageOfPage":{"@id":"https:\/\/agendaalcoy.com\/ca\/event\/festes-de-moros-i-cristians-2026-segona-diana\/#primaryimage"},"image":{"@id":"https:\/\/agendaalcoy.com\/ca\/event\/festes-de-moros-i-cristians-2026-segona-diana\/#primaryimage"},"thumbnailUrl":"https:\/\/agendaalcoy.com\/wp-content\/uploads\/2026\/04\/cartel-de-fiestas-de-moros-y-cristianos-alcoy-2026.jpg","datePublished":"2026-04-02T15:30:28+00:00","dateModified":"2026-04-22T08:54:23+00:00","breadcrumb":{"@id":"https:\/\/agendaalcoy.com\/ca\/event\/festes-de-moros-i-cristians-2026-segona-diana\/#breadcrumb"},"inLanguage":"ca","potentialAction":[{"@type":"ReadAction","target":["https:\/\/agendaalcoy.com\/ca\/event\/festes-de-moros-i-cristians-2026-segona-diana\/"]}]},{"@type":"ImageObject","inLanguage":"ca","@id":"https:\/\/agendaalcoy.com\/ca\/event\/festes-de-moros-i-cristians-2026-segona-diana\/#primaryimage","url":"https:\/\/agendaalcoy.com\/wp-content\/uploads\/2026\/04\/cartel-de-fiestas-de-moros-y-cristianos-alcoy-2026.jpg","contentUrl":"https:\/\/agendaalcoy.com\/wp-content\/uploads\/2026\/04\/cartel-de-fiestas-de-moros-y-cristianos-alcoy-2026.jpg","width":917,"height":1280},{"@type":"BreadcrumbList","@id":"https:\/\/agendaalcoy.com\/ca\/event\/festes-de-moros-i-cristians-2026-segona-diana\/#breadcrumb","itemListElement":[{"@type":"ListItem","position":1,"name":"Portada","item":"https:\/\/agendaalcoy.com\/ca\/"},{"@type":"ListItem","position":2,"name":"\u00abFestes de Moros i Cristians 2026: Segona Diana\u00bb"}]},{"@type":"WebSite","@id":"https:\/\/agendaalcoy.com\/ca\/#website","url":"https:\/\/agendaalcoy.com\/ca\/","name":"Agenda Alcoy","description":"Agenda Cultural de Alcoy - Conciertos, teatro, exposiciones, actividades infantiles, tradiciones...","potentialAction":[{"@type":"SearchAction","target":{"@type":"EntryPoint","urlTemplate":"https:\/\/agendaalcoy.com\/ca\/?s={search_term_string}"},"query-input":{"@type":"PropertyValueSpecification","valueRequired":true,"valueName":"search_term_string"}}],"inLanguage":"ca"}]}},"start_date":"26-04-2026","end_date":"26-04-2026","start_time":"08:30","end_time":"10:30","event_address":"Calles del centro de Alcoy","categories":["Tradicions"],"featured_image":"https:\/\/agendaalcoy.com\/wp-content\/uploads\/2026\/04\/cartel-de-fiestas-de-moros-y-cristianos-alcoy-2026.jpg","_links":{"self":[{"href":"https:\/\/agendaalcoy.com\/ca\/wp-json\/wp\/v2\/event\/51621","targetHints":{"allow":["GET"]}}],"collection":[{"href":"https:\/\/agendaalcoy.com\/ca\/wp-json\/wp\/v2\/event"}],"about":[{"href":"https:\/\/agendaalcoy.com\/ca\/wp-json\/wp\/v2\/types\/event"}],"author":[{"embeddable":true,"href":"https:\/\/agendaalcoy.com\/ca\/wp-json\/wp\/v2\/users\/1"}],"replies":[{"embeddable":true,"href":"https:\/\/agendaalcoy.com\/ca\/wp-json\/wp\/v2\/comments?post=51621"}],"version-history":[{"count":2,"href":"https:\/\/agendaalcoy.com\/ca\/wp-json\/wp\/v2\/event\/51621\/revisions"}],"predecessor-version":[{"id":53193,"href":"https:\/\/agendaalcoy.com\/ca\/wp-json\/wp\/v2\/event\/51621\/revisions\/53193"}],"wp:featuredmedia":[{"embeddable":true,"href":"https:\/\/agendaalcoy.com\/ca\/wp-json\/wp\/v2\/media\/51853"}],"wp:attachment":[{"href":"https:\/\/agendaalcoy.com\/ca\/wp-json\/wp\/v2\/media?parent=51621"}],"wp:term":[{"taxonomy":"event_cat","embeddable":true,"href":"https:\/\/agendaalcoy.com\/ca\/wp-json\/wp\/v2\/event_cat?post=51621"},{"taxonomy":"event_tag","embeddable":true,"href":"https:\/\/agendaalcoy.com\/ca\/wp-json\/wp\/v2\/event_tag?post=51621"},{"taxonomy":"event_loc","embeddable":true,"href":"https:\/\/agendaalcoy.com\/ca\/wp-json\/wp\/v2\/event_loc?post=51621"}],"curies":[{"name":"wp","href":"https:\/\/api.w.org\/{rel}","templated":true}]}}

<p>La Segona Diana és un acte similar a la Primera Diana, amb especial participació de la infància festera. </p>
<p><strong>ITINERARI</strong></p>
<p>Els Cristians iniciaran l&#8217;acte des de la Font Redona fins a la plaça d’Espanya i acabaran al Castell, passant per davant de l&#8217;Ajuntament.</p>
<p>Els Moros partiran de l&#8217;avinguda del País Valencià, a l&#8217;altura del carrer Bambú, fins a la plaça d’Espanya i acabaran al Castell, desfilant per davant del Cercle Catòlic d&#8217;Obrers.</p>
<p><strong>ORDRE DE LA DESFILADA</strong></p>
<p><strong>Bàndol Cristià:</strong> Andaluces (filà Capità), Asturianos (filà Alferes), Cides, Labradores, Guzmanes, Vascos, Mozárabes, Almogávares, Navarros, Tomasinas, Muntanyesos, Cruzados, Alcodianos, Aragonesos.</p>
<p><strong>Bàndol Moro:</strong> Llana (filà Sant Jordiet), Marrakesch (filà Capità), Realistas (filà Alferes), Benimerines, Domingo Miques, Magenta, Judíos, Chano, Verdes, Cordón, Ligeros, Mudéjares, Abencerrajes, Berberiscos.</p>

<p>La Segona Diana és un acte similar a la Primera Diana, amb especial participació de la infància festera. ITINERARI Els Cristians iniciaran l&#8217;acte des de la Font Redona fins a la plaça d’Espanya i acabaran al Castell, passant per davant de l&#8217;Ajuntament. Els Moros partiran de l&#8217;avinguda del País Valencià, a l&#8217;altura del carrer Bambú, [&hellip;]</p>

<!-- This site is optimized with the Yoast SEO plugin v26.4 - https://yoast.com/wordpress/plugins/seo/ -->
<title>«Festes de Moros i Cristians 2026: Segona Diana» | Agenda Alcoy</title>
<meta name="robots" content="index, follow, max-snippet:-1, max-image-preview:large, max-video-preview:-1" />
<link rel="canonical" href="https://agendaalcoy.com/ca/event/festes-de-moros-i-cristians-2026-segona-diana/" />
<meta property="og:locale" content="ca_ES" />
<meta property="og:type" content="article" />
<meta property="og:title" content="«Festes de Moros i Cristians 2026: Segona Diana» | Agenda Alcoy" />
<meta property="og:description" content="La Segona Diana és un acte similar a la Primera Diana, amb especial participació de la infància festera. ITINERARI Els Cristians iniciaran l&#8217;acte des de la Font Redona fins a la plaça d’Espanya i acabaran al Castell, passant per davant de l&#8217;Ajuntament. Els Moros partiran de l&#8217;avinguda del País Valencià, a l&#8217;altura del carrer Bambú, [&hellip;]" />
<meta property="og:url" content="https://agendaalcoy.com/ca/event/festes-de-moros-i-cristians-2026-segona-diana/" />
<meta property="og:site_name" content="Agenda Alcoy" />
<meta property="article:modified_time" content="2026-04-22T08:54:23+00:00" />
<meta property="og:image" content="https://agendaalcoy.com/wp-content/uploads/2026/04/cartel-de-fiestas-de-moros-y-cristianos-alcoy-2026.jpg" />
	<meta property="og:image:width" content="917" />
	<meta property="og:image:height" content="1280" />
	<meta property="og:image:type" content="image/jpeg" />
<meta name="twitter:card" content="summary_large_image" />
<meta name="twitter:label1" content="Temps estimat de lectura" />
	<meta name="twitter:data1" content="1 minut" />
<script type="application/ld+json" class="yoast-schema-graph">{"@context":"https://schema.org","@graph":[{"@type":"WebPage","@id":"https://agendaalcoy.com/ca/event/festes-de-moros-i-cristians-2026-segona-diana/","url":"https://agendaalcoy.com/ca/event/festes-de-moros-i-cristians-2026-segona-diana/","name":"«Festes de Moros i Cristians 2026: Segona Diana» | Agenda Alcoy","isPartOf":{"@id":"https://agendaalcoy.com/ca/#website"},"primaryImageOfPage":{"@id":"https://agendaalcoy.com/ca/event/festes-de-moros-i-cristians-2026-segona-diana/#primaryimage"},"image":{"@id":"https://agendaalcoy.com/ca/event/festes-de-moros-i-cristians-2026-segona-diana/#primaryimage"},"thumbnailUrl":"https://agendaalcoy.com/wp-content/uploads/2026/04/cartel-de-fiestas-de-moros-y-cristianos-alcoy-2026.jpg","datePublished":"2026-04-02T15:30:28+00:00","dateModified":"2026-04-22T08:54:23+00:00","breadcrumb":{"@id":"https://agendaalcoy.com/ca/event/festes-de-moros-i-cristians-2026-segona-diana/#breadcrumb"},"inLanguage":"ca","potentialAction":[{"@type":"ReadAction","target":["https://agendaalcoy.com/ca/event/festes-de-moros-i-cristians-2026-segona-diana/"]}]},{"@type":"ImageObject","inLanguage":"ca","@id":"https://agendaalcoy.com/ca/event/festes-de-moros-i-cristians-2026-segona-diana/#primaryimage","url":"https://agendaalcoy.com/wp-content/uploads/2026/04/cartel-de-fiestas-de-moros-y-cristianos-alcoy-2026.jpg","contentUrl":"https://agendaalcoy.com/wp-content/uploads/2026/04/cartel-de-fiestas-de-moros-y-cristianos-alcoy-2026.jpg","width":917,"height":1280},{"@type":"BreadcrumbList","@id":"https://agendaalcoy.com/ca/event/festes-de-moros-i-cristians-2026-segona-diana/#breadcrumb","itemListElement":[{"@type":"ListItem","position":1,"name":"Portada","item":"https://agendaalcoy.com/ca/"},{"@type":"ListItem","position":2,"name":"«Festes de Moros i Cristians 2026: Segona Diana»"}]},{"@type":"WebSite","@id":"https://agendaalcoy.com/ca/#website","url":"https://agendaalcoy.com/ca/","name":"Agenda Alcoy","description":"Agenda Cultural de Alcoy - Conciertos, teatro, exposiciones, actividades infantiles, tradiciones...","potentialAction":[{"@type":"SearchAction","target":{"@type":"EntryPoint","urlTemplate":"https://agendaalcoy.com/ca/?s={search_term_string}"},"query-input":{"@type":"PropertyValueSpecification","valueRequired":true,"valueName":"search_term_string"}}],"inLanguage":"ca"}]}</script>
<!-- / Yoast SEO plugin. -->

La Segona Diana és un acte similar a la Primera Diana, amb especial participació de la infància festera. ITINERARI Els Cristians iniciaran l&#8217;acte des de la Font Redona fins a la plaça d’Espanya i acabaran al Castell, passant per davant de l&#8217;Ajuntament. Els Moros partiran de l&#8217;avinguda del País Valencià, a l&#8217;altura del carrer Bambú, [&hellip;]
