{"id":51219,"date":"2026-03-27T11:40:36","date_gmt":"2026-03-27T11:40:36","guid":{"rendered":"https:\/\/agendaalcoy.com\/event\/ca\/festes-de-moros-i-cristians-2026"},"modified":"2026-03-28T21:44:04","modified_gmt":"2026-03-28T21:44:04","slug":"festes-de-moros-i-cristians-2026","status":"publish","type":"event","link":"https:\/\/agendaalcoy.com\/ca\/event\/festes-de-moros-i-cristians-2026\/","title":{"rendered":"\u00abFestes de Moros i Cristians 2026\u00bb"},"content":{"rendered":"<p>Les Festes de Moros i Cristians d&#8217;Alcoi s\u00f3n una celebraci\u00f3 d&#8217;inter\u00e8s tur\u00edstic internacional que es duu a terme del 25 al 27 d&#8217;abril de 2026. Aquestes festes commemoren les batalles hist\u00f2riques entre moros i cristians amb desfilades i esdeveniments culturals.<\/p>\n","protected":false},"excerpt":{"rendered":"<p>Les Festes de Moros i Cristians d&#8217;Alcoi s\u00f3n una celebraci\u00f3 d&#8217;inter\u00e8s tur\u00edstic internacional que es duu a terme del 25 al 27 d&#8217;abril de 2026. Aquestes festes commemoren les batalles hist\u00f2riques entre moros i cristians amb desfilades i esdeveniments culturals.<\/p>\n","protected":false},"author":1,"featured_media":51346,"comment_status":"closed","ping_status":"closed","template":"","meta":[],"event_cat":[154],"event_tag":[],"event_loc":[276],"class_list":["post-51219","event","type-event","status-publish","has-post-thumbnail","hentry","event_cat-tradicions-festes","event_loc-alcoi"],"yoast_head":"<!-- This site is optimized with the Yoast SEO plugin v26.4 - https:\/\/yoast.com\/wordpress\/plugins\/seo\/ -->\n<title>\u00abFestes de Moros i Cristians 2026\u00bb | Agenda Alcoy<\/title>\n<meta name=\"robots\" content=\"index, follow, max-snippet:-1, max-image-preview:large, max-video-preview:-1\" \/>\n<link rel=\"canonical\" href=\"https:\/\/agendaalcoy.com\/ca\/event\/festes-de-moros-i-cristians-2026\/\" \/>\n<meta property=\"og:locale\" content=\"ca_ES\" \/>\n<meta property=\"og:type\" content=\"article\" \/>\n<meta property=\"og:title\" content=\"\u00abFestes de Moros i Cristians 2026\u00bb | Agenda Alcoy\" \/>\n<meta property=\"og:description\" content=\"Les Festes de Moros i Cristians d&#8217;Alcoi s\u00f3n una celebraci\u00f3 d&#8217;inter\u00e8s tur\u00edstic internacional que es duu a terme del 25 al 27 d&#8217;abril de 2026. Aquestes festes commemoren les batalles hist\u00f2riques entre moros i cristians amb desfilades i esdeveniments culturals.\" \/>\n<meta property=\"og:url\" content=\"https:\/\/agendaalcoy.com\/ca\/event\/festes-de-moros-i-cristians-2026\/\" \/>\n<meta property=\"og:site_name\" content=\"Agenda Alcoy\" \/>\n<meta property=\"article:modified_time\" content=\"2026-03-28T21:44:04+00:00\" \/>\n<meta property=\"og:image\" content=\"https:\/\/agendaalcoy.com\/wp-content\/uploads\/2026\/03\/WhatsApp-Image-2026-03-28-at-14.35.27.jpeg\" \/>\n\t<meta property=\"og:image:width\" content=\"917\" \/>\n\t<meta property=\"og:image:height\" content=\"1280\" \/>\n\t<meta property=\"og:image:type\" content=\"image\/jpeg\" \/>\n<meta name=\"twitter:card\" content=\"summary_large_image\" \/>\n<script type=\"application\/ld+json\" class=\"yoast-schema-graph\">{\"@context\":\"https:\/\/schema.org\",\"@graph\":[{\"@type\":\"WebPage\",\"@id\":\"https:\/\/agendaalcoy.com\/ca\/event\/festes-de-moros-i-cristians-2026\/\",\"url\":\"https:\/\/agendaalcoy.com\/ca\/event\/festes-de-moros-i-cristians-2026\/\",\"name\":\"\u00abFestes de Moros i Cristians 2026\u00bb | Agenda Alcoy\",\"isPartOf\":{\"@id\":\"https:\/\/agendaalcoy.com\/ca\/#website\"},\"primaryImageOfPage\":{\"@id\":\"https:\/\/agendaalcoy.com\/ca\/event\/festes-de-moros-i-cristians-2026\/#primaryimage\"},\"image\":{\"@id\":\"https:\/\/agendaalcoy.com\/ca\/event\/festes-de-moros-i-cristians-2026\/#primaryimage\"},\"thumbnailUrl\":\"https:\/\/agendaalcoy.com\/wp-content\/uploads\/2026\/03\/WhatsApp-Image-2026-03-28-at-14.35.27.jpeg\",\"datePublished\":\"2026-03-27T11:40:36+00:00\",\"dateModified\":\"2026-03-28T21:44:04+00:00\",\"breadcrumb\":{\"@id\":\"https:\/\/agendaalcoy.com\/ca\/event\/festes-de-moros-i-cristians-2026\/#breadcrumb\"},\"inLanguage\":\"ca\",\"potentialAction\":[{\"@type\":\"ReadAction\",\"target\":[\"https:\/\/agendaalcoy.com\/ca\/event\/festes-de-moros-i-cristians-2026\/\"]}]},{\"@type\":\"ImageObject\",\"inLanguage\":\"ca\",\"@id\":\"https:\/\/agendaalcoy.com\/ca\/event\/festes-de-moros-i-cristians-2026\/#primaryimage\",\"url\":\"https:\/\/agendaalcoy.com\/wp-content\/uploads\/2026\/03\/WhatsApp-Image-2026-03-28-at-14.35.27.jpeg\",\"contentUrl\":\"https:\/\/agendaalcoy.com\/wp-content\/uploads\/2026\/03\/WhatsApp-Image-2026-03-28-at-14.35.27.jpeg\",\"width\":917,\"height\":1280},{\"@type\":\"BreadcrumbList\",\"@id\":\"https:\/\/agendaalcoy.com\/ca\/event\/festes-de-moros-i-cristians-2026\/#breadcrumb\",\"itemListElement\":[{\"@type\":\"ListItem\",\"position\":1,\"name\":\"Portada\",\"item\":\"https:\/\/agendaalcoy.com\/ca\/\"},{\"@type\":\"ListItem\",\"position\":2,\"name\":\"\u00abFestes de Moros i Cristians 2026\u00bb\"}]},{\"@type\":\"WebSite\",\"@id\":\"https:\/\/agendaalcoy.com\/ca\/#website\",\"url\":\"https:\/\/agendaalcoy.com\/ca\/\",\"name\":\"Agenda Alcoy\",\"description\":\"Agenda Cultural de Alcoy - Conciertos, teatro, exposiciones, actividades infantiles, tradiciones...\",\"potentialAction\":[{\"@type\":\"SearchAction\",\"target\":{\"@type\":\"EntryPoint\",\"urlTemplate\":\"https:\/\/agendaalcoy.com\/ca\/?s={search_term_string}\"},\"query-input\":{\"@type\":\"PropertyValueSpecification\",\"valueRequired\":true,\"valueName\":\"search_term_string\"}}],\"inLanguage\":\"ca\"}]}<\/script>\n<!-- \/ Yoast SEO plugin. -->","yoast_head_json":{"title":"\u00abFestes de Moros i Cristians 2026\u00bb | Agenda Alcoy","robots":{"index":"index","follow":"follow","max-snippet":"max-snippet:-1","max-image-preview":"max-image-preview:large","max-video-preview":"max-video-preview:-1"},"canonical":"https:\/\/agendaalcoy.com\/ca\/event\/festes-de-moros-i-cristians-2026\/","og_locale":"ca_ES","og_type":"article","og_title":"\u00abFestes de Moros i Cristians 2026\u00bb | Agenda Alcoy","og_description":"Les Festes de Moros i Cristians d&#8217;Alcoi s\u00f3n una celebraci\u00f3 d&#8217;inter\u00e8s tur\u00edstic internacional que es duu a terme del 25 al 27 d&#8217;abril de 2026. Aquestes festes commemoren les batalles hist\u00f2riques entre moros i cristians amb desfilades i esdeveniments culturals.","og_url":"https:\/\/agendaalcoy.com\/ca\/event\/festes-de-moros-i-cristians-2026\/","og_site_name":"Agenda Alcoy","article_modified_time":"2026-03-28T21:44:04+00:00","og_image":[{"width":917,"height":1280,"url":"https:\/\/agendaalcoy.com\/wp-content\/uploads\/2026\/03\/WhatsApp-Image-2026-03-28-at-14.35.27.jpeg","type":"image\/jpeg"}],"twitter_card":"summary_large_image","schema":{"@context":"https:\/\/schema.org","@graph":[{"@type":"WebPage","@id":"https:\/\/agendaalcoy.com\/ca\/event\/festes-de-moros-i-cristians-2026\/","url":"https:\/\/agendaalcoy.com\/ca\/event\/festes-de-moros-i-cristians-2026\/","name":"\u00abFestes de Moros i Cristians 2026\u00bb | Agenda Alcoy","isPartOf":{"@id":"https:\/\/agendaalcoy.com\/ca\/#website"},"primaryImageOfPage":{"@id":"https:\/\/agendaalcoy.com\/ca\/event\/festes-de-moros-i-cristians-2026\/#primaryimage"},"image":{"@id":"https:\/\/agendaalcoy.com\/ca\/event\/festes-de-moros-i-cristians-2026\/#primaryimage"},"thumbnailUrl":"https:\/\/agendaalcoy.com\/wp-content\/uploads\/2026\/03\/WhatsApp-Image-2026-03-28-at-14.35.27.jpeg","datePublished":"2026-03-27T11:40:36+00:00","dateModified":"2026-03-28T21:44:04+00:00","breadcrumb":{"@id":"https:\/\/agendaalcoy.com\/ca\/event\/festes-de-moros-i-cristians-2026\/#breadcrumb"},"inLanguage":"ca","potentialAction":[{"@type":"ReadAction","target":["https:\/\/agendaalcoy.com\/ca\/event\/festes-de-moros-i-cristians-2026\/"]}]},{"@type":"ImageObject","inLanguage":"ca","@id":"https:\/\/agendaalcoy.com\/ca\/event\/festes-de-moros-i-cristians-2026\/#primaryimage","url":"https:\/\/agendaalcoy.com\/wp-content\/uploads\/2026\/03\/WhatsApp-Image-2026-03-28-at-14.35.27.jpeg","contentUrl":"https:\/\/agendaalcoy.com\/wp-content\/uploads\/2026\/03\/WhatsApp-Image-2026-03-28-at-14.35.27.jpeg","width":917,"height":1280},{"@type":"BreadcrumbList","@id":"https:\/\/agendaalcoy.com\/ca\/event\/festes-de-moros-i-cristians-2026\/#breadcrumb","itemListElement":[{"@type":"ListItem","position":1,"name":"Portada","item":"https:\/\/agendaalcoy.com\/ca\/"},{"@type":"ListItem","position":2,"name":"\u00abFestes de Moros i Cristians 2026\u00bb"}]},{"@type":"WebSite","@id":"https:\/\/agendaalcoy.com\/ca\/#website","url":"https:\/\/agendaalcoy.com\/ca\/","name":"Agenda Alcoy","description":"Agenda Cultural de Alcoy - Conciertos, teatro, exposiciones, actividades infantiles, tradiciones...","potentialAction":[{"@type":"SearchAction","target":{"@type":"EntryPoint","urlTemplate":"https:\/\/agendaalcoy.com\/ca\/?s={search_term_string}"},"query-input":{"@type":"PropertyValueSpecification","valueRequired":true,"valueName":"search_term_string"}}],"inLanguage":"ca"}]}},"start_date":"25-04-2026","end_date":"27-04-2026","start_time":"00:00","end_time":"23:59","event_address":"Alcoi","categories":["Tradicions"],"featured_image":"https:\/\/agendaalcoy.com\/wp-content\/uploads\/2026\/03\/WhatsApp-Image-2026-03-28-at-14.35.27.jpeg","_links":{"self":[{"href":"https:\/\/agendaalcoy.com\/ca\/wp-json\/wp\/v2\/event\/51219","targetHints":{"allow":["GET"]}}],"collection":[{"href":"https:\/\/agendaalcoy.com\/ca\/wp-json\/wp\/v2\/event"}],"about":[{"href":"https:\/\/agendaalcoy.com\/ca\/wp-json\/wp\/v2\/types\/event"}],"author":[{"embeddable":true,"href":"https:\/\/agendaalcoy.com\/ca\/wp-json\/wp\/v2\/users\/1"}],"replies":[{"embeddable":true,"href":"https:\/\/agendaalcoy.com\/ca\/wp-json\/wp\/v2\/comments?post=51219"}],"version-history":[{"count":1,"href":"https:\/\/agendaalcoy.com\/ca\/wp-json\/wp\/v2\/event\/51219\/revisions"}],"predecessor-version":[{"id":51248,"href":"https:\/\/agendaalcoy.com\/ca\/wp-json\/wp\/v2\/event\/51219\/revisions\/51248"}],"wp:featuredmedia":[{"embeddable":true,"href":"https:\/\/agendaalcoy.com\/ca\/wp-json\/wp\/v2\/media\/51346"}],"wp:attachment":[{"href":"https:\/\/agendaalcoy.com\/ca\/wp-json\/wp\/v2\/media?parent=51219"}],"wp:term":[{"taxonomy":"event_cat","embeddable":true,"href":"https:\/\/agendaalcoy.com\/ca\/wp-json\/wp\/v2\/event_cat?post=51219"},{"taxonomy":"event_tag","embeddable":true,"href":"https:\/\/agendaalcoy.com\/ca\/wp-json\/wp\/v2\/event_tag?post=51219"},{"taxonomy":"event_loc","embeddable":true,"href":"https:\/\/agendaalcoy.com\/ca\/wp-json\/wp\/v2\/event_loc?post=51219"}],"curies":[{"name":"wp","href":"https:\/\/api.w.org\/{rel}","templated":true}]}}

<p>Les Festes de Moros i Cristians d&#8217;Alcoi són una celebració d&#8217;interès turístic internacional que es duu a terme del 25 al 27 d&#8217;abril de 2026. Aquestes festes commemoren les batalles històriques entre moros i cristians amb desfilades i esdeveniments culturals.</p>

<!-- This site is optimized with the Yoast SEO plugin v26.4 - https://yoast.com/wordpress/plugins/seo/ -->
<title>«Festes de Moros i Cristians 2026» | Agenda Alcoy</title>
<meta name="robots" content="index, follow, max-snippet:-1, max-image-preview:large, max-video-preview:-1" />
<link rel="canonical" href="https://agendaalcoy.com/ca/event/festes-de-moros-i-cristians-2026/" />
<meta property="og:locale" content="ca_ES" />
<meta property="og:type" content="article" />
<meta property="og:title" content="«Festes de Moros i Cristians 2026» | Agenda Alcoy" />
<meta property="og:description" content="Les Festes de Moros i Cristians d&#8217;Alcoi són una celebració d&#8217;interès turístic internacional que es duu a terme del 25 al 27 d&#8217;abril de 2026. Aquestes festes commemoren les batalles històriques entre moros i cristians amb desfilades i esdeveniments culturals." />
<meta property="og:url" content="https://agendaalcoy.com/ca/event/festes-de-moros-i-cristians-2026/" />
<meta property="og:site_name" content="Agenda Alcoy" />
<meta property="article:modified_time" content="2026-03-28T21:44:04+00:00" />
<meta property="og:image" content="https://agendaalcoy.com/wp-content/uploads/2026/03/WhatsApp-Image-2026-03-28-at-14.35.27.jpeg" />
	<meta property="og:image:width" content="917" />
	<meta property="og:image:height" content="1280" />
	<meta property="og:image:type" content="image/jpeg" />
<meta name="twitter:card" content="summary_large_image" />
<script type="application/ld+json" class="yoast-schema-graph">{"@context":"https://schema.org","@graph":[{"@type":"WebPage","@id":"https://agendaalcoy.com/ca/event/festes-de-moros-i-cristians-2026/","url":"https://agendaalcoy.com/ca/event/festes-de-moros-i-cristians-2026/","name":"«Festes de Moros i Cristians 2026» | Agenda Alcoy","isPartOf":{"@id":"https://agendaalcoy.com/ca/#website"},"primaryImageOfPage":{"@id":"https://agendaalcoy.com/ca/event/festes-de-moros-i-cristians-2026/#primaryimage"},"image":{"@id":"https://agendaalcoy.com/ca/event/festes-de-moros-i-cristians-2026/#primaryimage"},"thumbnailUrl":"https://agendaalcoy.com/wp-content/uploads/2026/03/WhatsApp-Image-2026-03-28-at-14.35.27.jpeg","datePublished":"2026-03-27T11:40:36+00:00","dateModified":"2026-03-28T21:44:04+00:00","breadcrumb":{"@id":"https://agendaalcoy.com/ca/event/festes-de-moros-i-cristians-2026/#breadcrumb"},"inLanguage":"ca","potentialAction":[{"@type":"ReadAction","target":["https://agendaalcoy.com/ca/event/festes-de-moros-i-cristians-2026/"]}]},{"@type":"ImageObject","inLanguage":"ca","@id":"https://agendaalcoy.com/ca/event/festes-de-moros-i-cristians-2026/#primaryimage","url":"https://agendaalcoy.com/wp-content/uploads/2026/03/WhatsApp-Image-2026-03-28-at-14.35.27.jpeg","contentUrl":"https://agendaalcoy.com/wp-content/uploads/2026/03/WhatsApp-Image-2026-03-28-at-14.35.27.jpeg","width":917,"height":1280},{"@type":"BreadcrumbList","@id":"https://agendaalcoy.com/ca/event/festes-de-moros-i-cristians-2026/#breadcrumb","itemListElement":[{"@type":"ListItem","position":1,"name":"Portada","item":"https://agendaalcoy.com/ca/"},{"@type":"ListItem","position":2,"name":"«Festes de Moros i Cristians 2026»"}]},{"@type":"WebSite","@id":"https://agendaalcoy.com/ca/#website","url":"https://agendaalcoy.com/ca/","name":"Agenda Alcoy","description":"Agenda Cultural de Alcoy - Conciertos, teatro, exposiciones, actividades infantiles, tradiciones...","potentialAction":[{"@type":"SearchAction","target":{"@type":"EntryPoint","urlTemplate":"https://agendaalcoy.com/ca/?s={search_term_string}"},"query-input":{"@type":"PropertyValueSpecification","valueRequired":true,"valueName":"search_term_string"}}],"inLanguage":"ca"}]}</script>
<!-- / Yoast SEO plugin. -->

Les Festes de Moros i Cristians d&#8217;Alcoi són una celebració d&#8217;interès turístic internacional que es duu a terme del 25 al 27 d&#8217;abril de 2026. Aquestes festes commemoren les batalles històriques entre moros i cristians amb desfilades i esdeveniments culturals.
