{"id":51022,"date":"2026-03-24T23:03:30","date_gmt":"2026-03-24T23:03:30","guid":{"rendered":"https:\/\/agendaalcoy.com\/event\/ca\/teatre-el-patiment-de-les-dones"},"modified":"2026-03-26T21:58:02","modified_gmt":"2026-03-26T21:58:02","slug":"teatre-el-patiment-de-les-dones","status":"publish","type":"event","link":"https:\/\/agendaalcoy.com\/ca\/event\/teatre-el-patiment-de-les-dones\/","title":{"rendered":"Teatre: \u00abEl Patiment de les Dones\u00bb"},"content":{"rendered":"<p>Una obra de teatre que aborda el patiment de les dones, representada per Rosana Espin\u00f3s, \u00c1ngeles Viciedo, Conchi Domenech, Isabel Balaguer i Andrea Juan, amb la participaci\u00f3 del ballet de Rafa Felipe.<\/p>\n","protected":false},"excerpt":{"rendered":"<p>Una obra de teatre que aborda el patiment de les dones, representada per Rosana Espin\u00f3s, \u00c1ngeles Viciedo, Conchi Domenech, Isabel Balaguer i Andrea Juan, amb la participaci\u00f3 del ballet de Rafa Felipe.<\/p>\n","protected":false},"author":1,"featured_media":51019,"comment_status":"closed","ping_status":"closed","template":"","meta":[],"event_cat":[157],"event_tag":[],"event_loc":[126],"class_list":["post-51022","event","type-event","status-publish","has-post-thumbnail","hentry","event_cat-teatre","event_loc-teatre-calderon"],"yoast_head":"<!-- This site is optimized with the Yoast SEO plugin v26.4 - https:\/\/yoast.com\/wordpress\/plugins\/seo\/ -->\n<title>Teatre: \u00abEl Patiment de les Dones\u00bb | Agenda Alcoy<\/title>\n<meta name=\"robots\" content=\"index, follow, max-snippet:-1, max-image-preview:large, max-video-preview:-1\" \/>\n<link rel=\"canonical\" href=\"https:\/\/agendaalcoy.com\/ca\/event\/teatre-el-patiment-de-les-dones\/\" \/>\n<meta property=\"og:locale\" content=\"ca_ES\" \/>\n<meta property=\"og:type\" content=\"article\" \/>\n<meta property=\"og:title\" content=\"Teatre: \u00abEl Patiment de les Dones\u00bb | Agenda Alcoy\" \/>\n<meta property=\"og:description\" content=\"Una obra de teatre que aborda el patiment de les dones, representada per Rosana Espin\u00f3s, \u00c1ngeles Viciedo, Conchi Domenech, Isabel Balaguer i Andrea Juan, amb la participaci\u00f3 del ballet de Rafa Felipe.\" \/>\n<meta property=\"og:url\" content=\"https:\/\/agendaalcoy.com\/ca\/event\/teatre-el-patiment-de-les-dones\/\" \/>\n<meta property=\"og:site_name\" content=\"Agenda Alcoy\" \/>\n<meta property=\"article:modified_time\" content=\"2026-03-26T21:58:02+00:00\" \/>\n<meta property=\"og:image\" content=\"https:\/\/agendaalcoy.com\/wp-content\/uploads\/2026\/03\/656535215_1530082791925809_5939566523677535466_n.jpg\" \/>\n\t<meta property=\"og:image:width\" content=\"1382\" \/>\n\t<meta property=\"og:image:height\" content=\"2048\" \/>\n\t<meta property=\"og:image:type\" content=\"image\/jpeg\" \/>\n<meta name=\"twitter:card\" content=\"summary_large_image\" \/>\n<script type=\"application\/ld+json\" class=\"yoast-schema-graph\">{\"@context\":\"https:\/\/schema.org\",\"@graph\":[{\"@type\":\"WebPage\",\"@id\":\"https:\/\/agendaalcoy.com\/ca\/event\/teatre-el-patiment-de-les-dones\/\",\"url\":\"https:\/\/agendaalcoy.com\/ca\/event\/teatre-el-patiment-de-les-dones\/\",\"name\":\"Teatre: \u00abEl Patiment de les Dones\u00bb | Agenda Alcoy\",\"isPartOf\":{\"@id\":\"https:\/\/agendaalcoy.com\/ca\/#website\"},\"primaryImageOfPage\":{\"@id\":\"https:\/\/agendaalcoy.com\/ca\/event\/teatre-el-patiment-de-les-dones\/#primaryimage\"},\"image\":{\"@id\":\"https:\/\/agendaalcoy.com\/ca\/event\/teatre-el-patiment-de-les-dones\/#primaryimage\"},\"thumbnailUrl\":\"https:\/\/agendaalcoy.com\/wp-content\/uploads\/2026\/03\/656535215_1530082791925809_5939566523677535466_n.jpg\",\"datePublished\":\"2026-03-24T23:03:30+00:00\",\"dateModified\":\"2026-03-26T21:58:02+00:00\",\"breadcrumb\":{\"@id\":\"https:\/\/agendaalcoy.com\/ca\/event\/teatre-el-patiment-de-les-dones\/#breadcrumb\"},\"inLanguage\":\"ca\",\"potentialAction\":[{\"@type\":\"ReadAction\",\"target\":[\"https:\/\/agendaalcoy.com\/ca\/event\/teatre-el-patiment-de-les-dones\/\"]}]},{\"@type\":\"ImageObject\",\"inLanguage\":\"ca\",\"@id\":\"https:\/\/agendaalcoy.com\/ca\/event\/teatre-el-patiment-de-les-dones\/#primaryimage\",\"url\":\"https:\/\/agendaalcoy.com\/wp-content\/uploads\/2026\/03\/656535215_1530082791925809_5939566523677535466_n.jpg\",\"contentUrl\":\"https:\/\/agendaalcoy.com\/wp-content\/uploads\/2026\/03\/656535215_1530082791925809_5939566523677535466_n.jpg\",\"width\":1382,\"height\":2048},{\"@type\":\"BreadcrumbList\",\"@id\":\"https:\/\/agendaalcoy.com\/ca\/event\/teatre-el-patiment-de-les-dones\/#breadcrumb\",\"itemListElement\":[{\"@type\":\"ListItem\",\"position\":1,\"name\":\"Portada\",\"item\":\"https:\/\/agendaalcoy.com\/ca\/\"},{\"@type\":\"ListItem\",\"position\":2,\"name\":\"Teatre: \u00abEl Patiment de les Dones\u00bb\"}]},{\"@type\":\"WebSite\",\"@id\":\"https:\/\/agendaalcoy.com\/ca\/#website\",\"url\":\"https:\/\/agendaalcoy.com\/ca\/\",\"name\":\"Agenda Alcoy\",\"description\":\"Agenda Cultural de Alcoy - Conciertos, teatro, exposiciones, actividades infantiles, tradiciones...\",\"potentialAction\":[{\"@type\":\"SearchAction\",\"target\":{\"@type\":\"EntryPoint\",\"urlTemplate\":\"https:\/\/agendaalcoy.com\/ca\/?s={search_term_string}\"},\"query-input\":{\"@type\":\"PropertyValueSpecification\",\"valueRequired\":true,\"valueName\":\"search_term_string\"}}],\"inLanguage\":\"ca\"}]}<\/script>\n<!-- \/ Yoast SEO plugin. -->","yoast_head_json":{"title":"Teatre: \u00abEl Patiment de les Dones\u00bb | Agenda Alcoy","robots":{"index":"index","follow":"follow","max-snippet":"max-snippet:-1","max-image-preview":"max-image-preview:large","max-video-preview":"max-video-preview:-1"},"canonical":"https:\/\/agendaalcoy.com\/ca\/event\/teatre-el-patiment-de-les-dones\/","og_locale":"ca_ES","og_type":"article","og_title":"Teatre: \u00abEl Patiment de les Dones\u00bb | Agenda Alcoy","og_description":"Una obra de teatre que aborda el patiment de les dones, representada per Rosana Espin\u00f3s, \u00c1ngeles Viciedo, Conchi Domenech, Isabel Balaguer i Andrea Juan, amb la participaci\u00f3 del ballet de Rafa Felipe.","og_url":"https:\/\/agendaalcoy.com\/ca\/event\/teatre-el-patiment-de-les-dones\/","og_site_name":"Agenda Alcoy","article_modified_time":"2026-03-26T21:58:02+00:00","og_image":[{"width":1382,"height":2048,"url":"https:\/\/agendaalcoy.com\/wp-content\/uploads\/2026\/03\/656535215_1530082791925809_5939566523677535466_n.jpg","type":"image\/jpeg"}],"twitter_card":"summary_large_image","schema":{"@context":"https:\/\/schema.org","@graph":[{"@type":"WebPage","@id":"https:\/\/agendaalcoy.com\/ca\/event\/teatre-el-patiment-de-les-dones\/","url":"https:\/\/agendaalcoy.com\/ca\/event\/teatre-el-patiment-de-les-dones\/","name":"Teatre: \u00abEl Patiment de les Dones\u00bb | Agenda Alcoy","isPartOf":{"@id":"https:\/\/agendaalcoy.com\/ca\/#website"},"primaryImageOfPage":{"@id":"https:\/\/agendaalcoy.com\/ca\/event\/teatre-el-patiment-de-les-dones\/#primaryimage"},"image":{"@id":"https:\/\/agendaalcoy.com\/ca\/event\/teatre-el-patiment-de-les-dones\/#primaryimage"},"thumbnailUrl":"https:\/\/agendaalcoy.com\/wp-content\/uploads\/2026\/03\/656535215_1530082791925809_5939566523677535466_n.jpg","datePublished":"2026-03-24T23:03:30+00:00","dateModified":"2026-03-26T21:58:02+00:00","breadcrumb":{"@id":"https:\/\/agendaalcoy.com\/ca\/event\/teatre-el-patiment-de-les-dones\/#breadcrumb"},"inLanguage":"ca","potentialAction":[{"@type":"ReadAction","target":["https:\/\/agendaalcoy.com\/ca\/event\/teatre-el-patiment-de-les-dones\/"]}]},{"@type":"ImageObject","inLanguage":"ca","@id":"https:\/\/agendaalcoy.com\/ca\/event\/teatre-el-patiment-de-les-dones\/#primaryimage","url":"https:\/\/agendaalcoy.com\/wp-content\/uploads\/2026\/03\/656535215_1530082791925809_5939566523677535466_n.jpg","contentUrl":"https:\/\/agendaalcoy.com\/wp-content\/uploads\/2026\/03\/656535215_1530082791925809_5939566523677535466_n.jpg","width":1382,"height":2048},{"@type":"BreadcrumbList","@id":"https:\/\/agendaalcoy.com\/ca\/event\/teatre-el-patiment-de-les-dones\/#breadcrumb","itemListElement":[{"@type":"ListItem","position":1,"name":"Portada","item":"https:\/\/agendaalcoy.com\/ca\/"},{"@type":"ListItem","position":2,"name":"Teatre: \u00abEl Patiment de les Dones\u00bb"}]},{"@type":"WebSite","@id":"https:\/\/agendaalcoy.com\/ca\/#website","url":"https:\/\/agendaalcoy.com\/ca\/","name":"Agenda Alcoy","description":"Agenda Cultural de Alcoy - Conciertos, teatro, exposiciones, actividades infantiles, tradiciones...","potentialAction":[{"@type":"SearchAction","target":{"@type":"EntryPoint","urlTemplate":"https:\/\/agendaalcoy.com\/ca\/?s={search_term_string}"},"query-input":{"@type":"PropertyValueSpecification","valueRequired":true,"valueName":"search_term_string"}}],"inLanguage":"ca"}]}},"start_date":"23-05-2026","end_date":"23-05-2026","start_time":"20:00","end_time":"21:30","event_address":"Teatre Calder\u00f3n","categories":["Teatre"],"featured_image":"https:\/\/agendaalcoy.com\/wp-content\/uploads\/2026\/03\/656535215_1530082791925809_5939566523677535466_n.jpg","_links":{"self":[{"href":"https:\/\/agendaalcoy.com\/ca\/wp-json\/wp\/v2\/event\/51022","targetHints":{"allow":["GET"]}}],"collection":[{"href":"https:\/\/agendaalcoy.com\/ca\/wp-json\/wp\/v2\/event"}],"about":[{"href":"https:\/\/agendaalcoy.com\/ca\/wp-json\/wp\/v2\/types\/event"}],"author":[{"embeddable":true,"href":"https:\/\/agendaalcoy.com\/ca\/wp-json\/wp\/v2\/users\/1"}],"replies":[{"embeddable":true,"href":"https:\/\/agendaalcoy.com\/ca\/wp-json\/wp\/v2\/comments?post=51022"}],"version-history":[{"count":1,"href":"https:\/\/agendaalcoy.com\/ca\/wp-json\/wp\/v2\/event\/51022\/revisions"}],"predecessor-version":[{"id":51090,"href":"https:\/\/agendaalcoy.com\/ca\/wp-json\/wp\/v2\/event\/51022\/revisions\/51090"}],"wp:featuredmedia":[{"embeddable":true,"href":"https:\/\/agendaalcoy.com\/ca\/wp-json\/wp\/v2\/media\/51019"}],"wp:attachment":[{"href":"https:\/\/agendaalcoy.com\/ca\/wp-json\/wp\/v2\/media?parent=51022"}],"wp:term":[{"taxonomy":"event_cat","embeddable":true,"href":"https:\/\/agendaalcoy.com\/ca\/wp-json\/wp\/v2\/event_cat?post=51022"},{"taxonomy":"event_tag","embeddable":true,"href":"https:\/\/agendaalcoy.com\/ca\/wp-json\/wp\/v2\/event_tag?post=51022"},{"taxonomy":"event_loc","embeddable":true,"href":"https:\/\/agendaalcoy.com\/ca\/wp-json\/wp\/v2\/event_loc?post=51022"}],"curies":[{"name":"wp","href":"https:\/\/api.w.org\/{rel}","templated":true}]}}

<p>Una obra de teatre que aborda el patiment de les dones, representada per Rosana Espinós, Ángeles Viciedo, Conchi Domenech, Isabel Balaguer i Andrea Juan, amb la participació del ballet de Rafa Felipe.</p>

<!-- This site is optimized with the Yoast SEO plugin v26.4 - https://yoast.com/wordpress/plugins/seo/ -->
<title>Teatre: «El Patiment de les Dones» | Agenda Alcoy</title>
<meta name="robots" content="index, follow, max-snippet:-1, max-image-preview:large, max-video-preview:-1" />
<link rel="canonical" href="https://agendaalcoy.com/ca/event/teatre-el-patiment-de-les-dones/" />
<meta property="og:locale" content="ca_ES" />
<meta property="og:type" content="article" />
<meta property="og:title" content="Teatre: «El Patiment de les Dones» | Agenda Alcoy" />
<meta property="og:description" content="Una obra de teatre que aborda el patiment de les dones, representada per Rosana Espinós, Ángeles Viciedo, Conchi Domenech, Isabel Balaguer i Andrea Juan, amb la participació del ballet de Rafa Felipe." />
<meta property="og:url" content="https://agendaalcoy.com/ca/event/teatre-el-patiment-de-les-dones/" />
<meta property="og:site_name" content="Agenda Alcoy" />
<meta property="article:modified_time" content="2026-03-26T21:58:02+00:00" />
<meta property="og:image" content="https://agendaalcoy.com/wp-content/uploads/2026/03/656535215_1530082791925809_5939566523677535466_n.jpg" />
	<meta property="og:image:width" content="1382" />
	<meta property="og:image:height" content="2048" />
	<meta property="og:image:type" content="image/jpeg" />
<meta name="twitter:card" content="summary_large_image" />
<script type="application/ld+json" class="yoast-schema-graph">{"@context":"https://schema.org","@graph":[{"@type":"WebPage","@id":"https://agendaalcoy.com/ca/event/teatre-el-patiment-de-les-dones/","url":"https://agendaalcoy.com/ca/event/teatre-el-patiment-de-les-dones/","name":"Teatre: «El Patiment de les Dones» | Agenda Alcoy","isPartOf":{"@id":"https://agendaalcoy.com/ca/#website"},"primaryImageOfPage":{"@id":"https://agendaalcoy.com/ca/event/teatre-el-patiment-de-les-dones/#primaryimage"},"image":{"@id":"https://agendaalcoy.com/ca/event/teatre-el-patiment-de-les-dones/#primaryimage"},"thumbnailUrl":"https://agendaalcoy.com/wp-content/uploads/2026/03/656535215_1530082791925809_5939566523677535466_n.jpg","datePublished":"2026-03-24T23:03:30+00:00","dateModified":"2026-03-26T21:58:02+00:00","breadcrumb":{"@id":"https://agendaalcoy.com/ca/event/teatre-el-patiment-de-les-dones/#breadcrumb"},"inLanguage":"ca","potentialAction":[{"@type":"ReadAction","target":["https://agendaalcoy.com/ca/event/teatre-el-patiment-de-les-dones/"]}]},{"@type":"ImageObject","inLanguage":"ca","@id":"https://agendaalcoy.com/ca/event/teatre-el-patiment-de-les-dones/#primaryimage","url":"https://agendaalcoy.com/wp-content/uploads/2026/03/656535215_1530082791925809_5939566523677535466_n.jpg","contentUrl":"https://agendaalcoy.com/wp-content/uploads/2026/03/656535215_1530082791925809_5939566523677535466_n.jpg","width":1382,"height":2048},{"@type":"BreadcrumbList","@id":"https://agendaalcoy.com/ca/event/teatre-el-patiment-de-les-dones/#breadcrumb","itemListElement":[{"@type":"ListItem","position":1,"name":"Portada","item":"https://agendaalcoy.com/ca/"},{"@type":"ListItem","position":2,"name":"Teatre: «El Patiment de les Dones»"}]},{"@type":"WebSite","@id":"https://agendaalcoy.com/ca/#website","url":"https://agendaalcoy.com/ca/","name":"Agenda Alcoy","description":"Agenda Cultural de Alcoy - Conciertos, teatro, exposiciones, actividades infantiles, tradiciones...","potentialAction":[{"@type":"SearchAction","target":{"@type":"EntryPoint","urlTemplate":"https://agendaalcoy.com/ca/?s={search_term_string}"},"query-input":{"@type":"PropertyValueSpecification","valueRequired":true,"valueName":"search_term_string"}}],"inLanguage":"ca"}]}</script>
<!-- / Yoast SEO plugin. -->

Una obra de teatre que aborda el patiment de les dones, representada per Rosana Espinós, Ángeles Viciedo, Conchi Domenech, Isabel Balaguer i Andrea Juan, amb la participació del ballet de Rafa Felipe.

Teatre Calderón
