{"id":50844,"date":"2026-03-23T13:41:59","date_gmt":"2026-03-23T13:41:59","guid":{"rendered":"https:\/\/agendaalcoy.com\/event\/ca\/taller-dequitacio"},"modified":"2026-04-16T15:26:36","modified_gmt":"2026-04-16T15:26:36","slug":"taller-dequitacio-3","status":"publish","type":"event","link":"https:\/\/agendaalcoy.com\/ca\/event\/taller-dequitacio-3\/","title":{"rendered":"\u00abTaller d\u2019equitaci\u00f3\u00bb"},"content":{"rendered":"<p>Taller d&#8217;equitaci\u00f3 per a nens de 10 a 12 anys al Centre d&#8217;Equitaci\u00f3 Peluca d&#8217;Alcoi. Una oportunitat per explorar, crear i connectar amb la natura. Cal reservar pla\u00e7a. Consulteu el contacte al cartell o a la font oficial de l&#8217;organitzador.<\/p>\n<p>Agenda Alcoi \u00e9s un servei merament informatiu. No garantim l&#8217;exactitud o l&#8217;actualitzaci\u00f3 de les dades ni ens fem responsables de canvis, cancel\u00b7lacions o altres errors. Recomanem verificar sempre la informaci\u00f3 a fonts oficials.<\/p>\n","protected":false},"excerpt":{"rendered":"<p>Taller d&#8217;equitaci\u00f3 per a nens de 10 a 12 anys al Centre d&#8217;Equitaci\u00f3 Peluca d&#8217;Alcoi. Una oportunitat per explorar, crear i connectar amb la natura. Cal reservar pla\u00e7a. Consulteu el contacte al cartell o a la font oficial de l&#8217;organitzador. Agenda Alcoi \u00e9s un servei merament informatiu. No garantim l&#8217;exactitud o l&#8217;actualitzaci\u00f3 de les dades [&hellip;]<\/p>\n","protected":false},"author":1,"featured_media":52867,"comment_status":"closed","ping_status":"closed","template":"","meta":[],"event_cat":[133,169],"event_tag":[],"event_loc":[526],"class_list":["post-50844","event","type-event","status-publish","has-post-thumbnail","hentry","event_cat-activitats-per-a-xiquets","event_cat-tallers-cursos","event_loc-centro-equitacion-peluca"],"yoast_head":"<!-- This site is optimized with the Yoast SEO plugin v26.4 - https:\/\/yoast.com\/wordpress\/plugins\/seo\/ -->\n<title>\u00abTaller d\u2019equitaci\u00f3\u00bb | Agenda Alcoy<\/title>\n<meta name=\"robots\" content=\"index, follow, max-snippet:-1, max-image-preview:large, max-video-preview:-1\" \/>\n<link rel=\"canonical\" href=\"https:\/\/agendaalcoy.com\/ca\/event\/taller-dequitacio-3\/\" \/>\n<meta property=\"og:locale\" content=\"ca_ES\" \/>\n<meta property=\"og:type\" content=\"article\" \/>\n<meta property=\"og:title\" content=\"\u00abTaller d\u2019equitaci\u00f3\u00bb | Agenda Alcoy\" \/>\n<meta property=\"og:description\" content=\"Taller d&#8217;equitaci\u00f3 per a nens de 10 a 12 anys al Centre d&#8217;Equitaci\u00f3 Peluca d&#8217;Alcoi. Una oportunitat per explorar, crear i connectar amb la natura. Cal reservar pla\u00e7a. Consulteu el contacte al cartell o a la font oficial de l&#8217;organitzador. Agenda Alcoi \u00e9s un servei merament informatiu. No garantim l&#8217;exactitud o l&#8217;actualitzaci\u00f3 de les dades [&hellip;]\" \/>\n<meta property=\"og:url\" content=\"https:\/\/agendaalcoy.com\/ca\/event\/taller-dequitacio-3\/\" \/>\n<meta property=\"og:site_name\" content=\"Agenda Alcoy\" \/>\n<meta property=\"article:modified_time\" content=\"2026-04-16T15:26:36+00:00\" \/>\n<meta property=\"og:image\" content=\"https:\/\/agendaalcoy.com\/wp-content\/uploads\/2026\/04\/photo_2026-04-16_17-23-19.jpg\" \/>\n\t<meta property=\"og:image:width\" content=\"1024\" \/>\n\t<meta property=\"og:image:height\" content=\"1280\" \/>\n\t<meta property=\"og:image:type\" content=\"image\/jpeg\" \/>\n<meta name=\"twitter:card\" content=\"summary_large_image\" \/>\n<script type=\"application\/ld+json\" class=\"yoast-schema-graph\">{\"@context\":\"https:\/\/schema.org\",\"@graph\":[{\"@type\":\"WebPage\",\"@id\":\"https:\/\/agendaalcoy.com\/ca\/event\/taller-dequitacio-3\/\",\"url\":\"https:\/\/agendaalcoy.com\/ca\/event\/taller-dequitacio-3\/\",\"name\":\"\u00abTaller d\u2019equitaci\u00f3\u00bb | Agenda Alcoy\",\"isPartOf\":{\"@id\":\"https:\/\/agendaalcoy.com\/ca\/#website\"},\"primaryImageOfPage\":{\"@id\":\"https:\/\/agendaalcoy.com\/ca\/event\/taller-dequitacio-3\/#primaryimage\"},\"image\":{\"@id\":\"https:\/\/agendaalcoy.com\/ca\/event\/taller-dequitacio-3\/#primaryimage\"},\"thumbnailUrl\":\"https:\/\/agendaalcoy.com\/wp-content\/uploads\/2026\/04\/photo_2026-04-16_17-23-19.jpg\",\"datePublished\":\"2026-03-23T13:41:59+00:00\",\"dateModified\":\"2026-04-16T15:26:36+00:00\",\"breadcrumb\":{\"@id\":\"https:\/\/agendaalcoy.com\/ca\/event\/taller-dequitacio-3\/#breadcrumb\"},\"inLanguage\":\"ca\",\"potentialAction\":[{\"@type\":\"ReadAction\",\"target\":[\"https:\/\/agendaalcoy.com\/ca\/event\/taller-dequitacio-3\/\"]}]},{\"@type\":\"ImageObject\",\"inLanguage\":\"ca\",\"@id\":\"https:\/\/agendaalcoy.com\/ca\/event\/taller-dequitacio-3\/#primaryimage\",\"url\":\"https:\/\/agendaalcoy.com\/wp-content\/uploads\/2026\/04\/photo_2026-04-16_17-23-19.jpg\",\"contentUrl\":\"https:\/\/agendaalcoy.com\/wp-content\/uploads\/2026\/04\/photo_2026-04-16_17-23-19.jpg\",\"width\":1024,\"height\":1280},{\"@type\":\"BreadcrumbList\",\"@id\":\"https:\/\/agendaalcoy.com\/ca\/event\/taller-dequitacio-3\/#breadcrumb\",\"itemListElement\":[{\"@type\":\"ListItem\",\"position\":1,\"name\":\"Portada\",\"item\":\"https:\/\/agendaalcoy.com\/ca\/\"},{\"@type\":\"ListItem\",\"position\":2,\"name\":\"\u00abTaller d\u2019equitaci\u00f3\u00bb\"}]},{\"@type\":\"WebSite\",\"@id\":\"https:\/\/agendaalcoy.com\/ca\/#website\",\"url\":\"https:\/\/agendaalcoy.com\/ca\/\",\"name\":\"Agenda Alcoy\",\"description\":\"Agenda Cultural de Alcoy - Conciertos, teatro, exposiciones, actividades infantiles, tradiciones...\",\"potentialAction\":[{\"@type\":\"SearchAction\",\"target\":{\"@type\":\"EntryPoint\",\"urlTemplate\":\"https:\/\/agendaalcoy.com\/ca\/?s={search_term_string}\"},\"query-input\":{\"@type\":\"PropertyValueSpecification\",\"valueRequired\":true,\"valueName\":\"search_term_string\"}}],\"inLanguage\":\"ca\"}]}<\/script>\n<!-- \/ Yoast SEO plugin. -->","yoast_head_json":{"title":"\u00abTaller d\u2019equitaci\u00f3\u00bb | Agenda Alcoy","robots":{"index":"index","follow":"follow","max-snippet":"max-snippet:-1","max-image-preview":"max-image-preview:large","max-video-preview":"max-video-preview:-1"},"canonical":"https:\/\/agendaalcoy.com\/ca\/event\/taller-dequitacio-3\/","og_locale":"ca_ES","og_type":"article","og_title":"\u00abTaller d\u2019equitaci\u00f3\u00bb | Agenda Alcoy","og_description":"Taller d&#8217;equitaci\u00f3 per a nens de 10 a 12 anys al Centre d&#8217;Equitaci\u00f3 Peluca d&#8217;Alcoi. Una oportunitat per explorar, crear i connectar amb la natura. Cal reservar pla\u00e7a. Consulteu el contacte al cartell o a la font oficial de l&#8217;organitzador. Agenda Alcoi \u00e9s un servei merament informatiu. No garantim l&#8217;exactitud o l&#8217;actualitzaci\u00f3 de les dades [&hellip;]","og_url":"https:\/\/agendaalcoy.com\/ca\/event\/taller-dequitacio-3\/","og_site_name":"Agenda Alcoy","article_modified_time":"2026-04-16T15:26:36+00:00","og_image":[{"width":1024,"height":1280,"url":"https:\/\/agendaalcoy.com\/wp-content\/uploads\/2026\/04\/photo_2026-04-16_17-23-19.jpg","type":"image\/jpeg"}],"twitter_card":"summary_large_image","schema":{"@context":"https:\/\/schema.org","@graph":[{"@type":"WebPage","@id":"https:\/\/agendaalcoy.com\/ca\/event\/taller-dequitacio-3\/","url":"https:\/\/agendaalcoy.com\/ca\/event\/taller-dequitacio-3\/","name":"\u00abTaller d\u2019equitaci\u00f3\u00bb | Agenda Alcoy","isPartOf":{"@id":"https:\/\/agendaalcoy.com\/ca\/#website"},"primaryImageOfPage":{"@id":"https:\/\/agendaalcoy.com\/ca\/event\/taller-dequitacio-3\/#primaryimage"},"image":{"@id":"https:\/\/agendaalcoy.com\/ca\/event\/taller-dequitacio-3\/#primaryimage"},"thumbnailUrl":"https:\/\/agendaalcoy.com\/wp-content\/uploads\/2026\/04\/photo_2026-04-16_17-23-19.jpg","datePublished":"2026-03-23T13:41:59+00:00","dateModified":"2026-04-16T15:26:36+00:00","breadcrumb":{"@id":"https:\/\/agendaalcoy.com\/ca\/event\/taller-dequitacio-3\/#breadcrumb"},"inLanguage":"ca","potentialAction":[{"@type":"ReadAction","target":["https:\/\/agendaalcoy.com\/ca\/event\/taller-dequitacio-3\/"]}]},{"@type":"ImageObject","inLanguage":"ca","@id":"https:\/\/agendaalcoy.com\/ca\/event\/taller-dequitacio-3\/#primaryimage","url":"https:\/\/agendaalcoy.com\/wp-content\/uploads\/2026\/04\/photo_2026-04-16_17-23-19.jpg","contentUrl":"https:\/\/agendaalcoy.com\/wp-content\/uploads\/2026\/04\/photo_2026-04-16_17-23-19.jpg","width":1024,"height":1280},{"@type":"BreadcrumbList","@id":"https:\/\/agendaalcoy.com\/ca\/event\/taller-dequitacio-3\/#breadcrumb","itemListElement":[{"@type":"ListItem","position":1,"name":"Portada","item":"https:\/\/agendaalcoy.com\/ca\/"},{"@type":"ListItem","position":2,"name":"\u00abTaller d\u2019equitaci\u00f3\u00bb"}]},{"@type":"WebSite","@id":"https:\/\/agendaalcoy.com\/ca\/#website","url":"https:\/\/agendaalcoy.com\/ca\/","name":"Agenda Alcoy","description":"Agenda Cultural de Alcoy - Conciertos, teatro, exposiciones, actividades infantiles, tradiciones...","potentialAction":[{"@type":"SearchAction","target":{"@type":"EntryPoint","urlTemplate":"https:\/\/agendaalcoy.com\/ca\/?s={search_term_string}"},"query-input":{"@type":"PropertyValueSpecification","valueRequired":true,"valueName":"search_term_string"}}],"inLanguage":"ca"}]}},"start_date":"06-06-2026","end_date":"06-06-2026","start_time":"09:00","end_time":"13:30","event_address":"Centro equitaci\u00f3n Peluca","categories":["Infantil","Tallers"],"featured_image":"https:\/\/agendaalcoy.com\/wp-content\/uploads\/2026\/04\/photo_2026-04-16_17-23-19.jpg","_links":{"self":[{"href":"https:\/\/agendaalcoy.com\/ca\/wp-json\/wp\/v2\/event\/50844","targetHints":{"allow":["GET"]}}],"collection":[{"href":"https:\/\/agendaalcoy.com\/ca\/wp-json\/wp\/v2\/event"}],"about":[{"href":"https:\/\/agendaalcoy.com\/ca\/wp-json\/wp\/v2\/types\/event"}],"author":[{"embeddable":true,"href":"https:\/\/agendaalcoy.com\/ca\/wp-json\/wp\/v2\/users\/1"}],"replies":[{"embeddable":true,"href":"https:\/\/agendaalcoy.com\/ca\/wp-json\/wp\/v2\/comments?post=50844"}],"version-history":[{"count":2,"href":"https:\/\/agendaalcoy.com\/ca\/wp-json\/wp\/v2\/event\/50844\/revisions"}],"predecessor-version":[{"id":52870,"href":"https:\/\/agendaalcoy.com\/ca\/wp-json\/wp\/v2\/event\/50844\/revisions\/52870"}],"wp:featuredmedia":[{"embeddable":true,"href":"https:\/\/agendaalcoy.com\/ca\/wp-json\/wp\/v2\/media\/52867"}],"wp:attachment":[{"href":"https:\/\/agendaalcoy.com\/ca\/wp-json\/wp\/v2\/media?parent=50844"}],"wp:term":[{"taxonomy":"event_cat","embeddable":true,"href":"https:\/\/agendaalcoy.com\/ca\/wp-json\/wp\/v2\/event_cat?post=50844"},{"taxonomy":"event_tag","embeddable":true,"href":"https:\/\/agendaalcoy.com\/ca\/wp-json\/wp\/v2\/event_tag?post=50844"},{"taxonomy":"event_loc","embeddable":true,"href":"https:\/\/agendaalcoy.com\/ca\/wp-json\/wp\/v2\/event_loc?post=50844"}],"curies":[{"name":"wp","href":"https:\/\/api.w.org\/{rel}","templated":true}]}}

«Taller d’equitació»

<p>Taller d&#8217;equitació per a nens de 10 a 12 anys al Centre d&#8217;Equitació Peluca d&#8217;Alcoi. Una oportunitat per explorar, crear i connectar amb la natura. Cal reservar plaça. Consulteu el contacte al cartell o a la font oficial de l&#8217;organitzador.</p>
<p>Agenda Alcoi és un servei merament informatiu. No garantim l&#8217;exactitud o l&#8217;actualització de les dades ni ens fem responsables de canvis, cancel·lacions o altres errors. Recomanem verificar sempre la informació a fonts oficials.</p>

<p>Taller d&#8217;equitació per a nens de 10 a 12 anys al Centre d&#8217;Equitació Peluca d&#8217;Alcoi. Una oportunitat per explorar, crear i connectar amb la natura. Cal reservar plaça. Consulteu el contacte al cartell o a la font oficial de l&#8217;organitzador. Agenda Alcoi és un servei merament informatiu. No garantim l&#8217;exactitud o l&#8217;actualització de les dades [&hellip;]</p>

<!-- This site is optimized with the Yoast SEO plugin v26.4 - https://yoast.com/wordpress/plugins/seo/ -->
<title>«Taller d’equitació» | Agenda Alcoy</title>
<meta name="robots" content="index, follow, max-snippet:-1, max-image-preview:large, max-video-preview:-1" />
<link rel="canonical" href="https://agendaalcoy.com/ca/event/taller-dequitacio-3/" />
<meta property="og:locale" content="ca_ES" />
<meta property="og:type" content="article" />
<meta property="og:title" content="«Taller d’equitació» | Agenda Alcoy" />
<meta property="og:description" content="Taller d&#8217;equitació per a nens de 10 a 12 anys al Centre d&#8217;Equitació Peluca d&#8217;Alcoi. Una oportunitat per explorar, crear i connectar amb la natura. Cal reservar plaça. Consulteu el contacte al cartell o a la font oficial de l&#8217;organitzador. Agenda Alcoi és un servei merament informatiu. No garantim l&#8217;exactitud o l&#8217;actualització de les dades [&hellip;]" />
<meta property="og:url" content="https://agendaalcoy.com/ca/event/taller-dequitacio-3/" />
<meta property="og:site_name" content="Agenda Alcoy" />
<meta property="article:modified_time" content="2026-04-16T15:26:36+00:00" />
<meta property="og:image" content="https://agendaalcoy.com/wp-content/uploads/2026/04/photo_2026-04-16_17-23-19.jpg" />
	<meta property="og:image:width" content="1024" />
	<meta property="og:image:height" content="1280" />
	<meta property="og:image:type" content="image/jpeg" />
<meta name="twitter:card" content="summary_large_image" />
<script type="application/ld+json" class="yoast-schema-graph">{"@context":"https://schema.org","@graph":[{"@type":"WebPage","@id":"https://agendaalcoy.com/ca/event/taller-dequitacio-3/","url":"https://agendaalcoy.com/ca/event/taller-dequitacio-3/","name":"«Taller d’equitació» | Agenda Alcoy","isPartOf":{"@id":"https://agendaalcoy.com/ca/#website"},"primaryImageOfPage":{"@id":"https://agendaalcoy.com/ca/event/taller-dequitacio-3/#primaryimage"},"image":{"@id":"https://agendaalcoy.com/ca/event/taller-dequitacio-3/#primaryimage"},"thumbnailUrl":"https://agendaalcoy.com/wp-content/uploads/2026/04/photo_2026-04-16_17-23-19.jpg","datePublished":"2026-03-23T13:41:59+00:00","dateModified":"2026-04-16T15:26:36+00:00","breadcrumb":{"@id":"https://agendaalcoy.com/ca/event/taller-dequitacio-3/#breadcrumb"},"inLanguage":"ca","potentialAction":[{"@type":"ReadAction","target":["https://agendaalcoy.com/ca/event/taller-dequitacio-3/"]}]},{"@type":"ImageObject","inLanguage":"ca","@id":"https://agendaalcoy.com/ca/event/taller-dequitacio-3/#primaryimage","url":"https://agendaalcoy.com/wp-content/uploads/2026/04/photo_2026-04-16_17-23-19.jpg","contentUrl":"https://agendaalcoy.com/wp-content/uploads/2026/04/photo_2026-04-16_17-23-19.jpg","width":1024,"height":1280},{"@type":"BreadcrumbList","@id":"https://agendaalcoy.com/ca/event/taller-dequitacio-3/#breadcrumb","itemListElement":[{"@type":"ListItem","position":1,"name":"Portada","item":"https://agendaalcoy.com/ca/"},{"@type":"ListItem","position":2,"name":"«Taller d’equitació»"}]},{"@type":"WebSite","@id":"https://agendaalcoy.com/ca/#website","url":"https://agendaalcoy.com/ca/","name":"Agenda Alcoy","description":"Agenda Cultural de Alcoy - Conciertos, teatro, exposiciones, actividades infantiles, tradiciones...","potentialAction":[{"@type":"SearchAction","target":{"@type":"EntryPoint","urlTemplate":"https://agendaalcoy.com/ca/?s={search_term_string}"},"query-input":{"@type":"PropertyValueSpecification","valueRequired":true,"valueName":"search_term_string"}}],"inLanguage":"ca"}]}</script>
<!-- / Yoast SEO plugin. -->

«Taller d’equitació» | Agenda Alcoy

Taller d&#8217;equitació per a nens de 10 a 12 anys al Centre d&#8217;Equitació Peluca d&#8217;Alcoi. Una oportunitat per explorar, crear i connectar amb la natura. Cal reservar plaça. Consulteu el contacte al cartell o a la font oficial de l&#8217;organitzador. Agenda Alcoi és un servei merament informatiu. No garantim l&#8217;exactitud o l&#8217;actualització de les dades [&hellip;]

Centro equitación Peluca
