{"id":50824,"date":"2026-03-23T13:33:51","date_gmt":"2026-03-23T13:33:51","guid":{"rendered":"https:\/\/agendaalcoy.com\/event\/ca\/ruta-per-la-serra-mariola-paradis-botanic-i-arqueologic"},"modified":"2026-03-24T10:03:38","modified_gmt":"2026-03-24T10:03:38","slug":"ruta-per-la-serra-mariola-paradis-botanic-i-arqueologic","status":"publish","type":"event","link":"https:\/\/agendaalcoy.com\/ca\/event\/ruta-per-la-serra-mariola-paradis-botanic-i-arqueologic\/","title":{"rendered":"Ruta: \u00abSerra Mariola parad\u00eds bot\u00e0nic i arqueol\u00f2gic\u00bb"},"content":{"rendered":"<p>Realitzarem una excursi\u00f3 pel cor de la Serra Mariola, lloc que l&#8217;insigne bot\u00e0nic Antonio Jos\u00e9 Cavanilles va visitar el 1792, ressaltant la seva gran riquesa bot\u00e0nica i aq\u00fc\u00edfera. En el nostre passeig, envoltats de pins i carrasques, observarem algunes de les seves meravelles bot\u00e0niques, com les orqu\u00eddies que imiten les abelles per aconseguir la pol\u00b7linitzaci\u00f3, o les que mitjan\u00e7ant fongs s&#8217;aprofiten de l&#8217;energia aconseguida per altres plantes. Per\u00f2 tamb\u00e9 cal ressaltar que la Serra de Mariola amaga un altre patrimoni, l&#8217;arqueol\u00f2gic, amb espais excepcionals com la &#8216;Cova Bolumini&#8217;, lloc sagrat en el calcol\u00edtic i en l&#8217;edat del bronze, o el &#8216;Cabe\u00e7\u00f3 de Mariola&#8217;, poblat iber fortificat, que va ser habitat entre els segles IX i I a.C., i que va tenir un final abrupte associat a les guerres sertorianes, ocorregudes entre el 82 a. C. i el 72 a. C. Aquesta \u00e9s la nostra proposta per posar en valor i protegir el nostre patrimoni cultural i natural.<\/p>\n","protected":false},"excerpt":{"rendered":"<p>Realitzarem una excursi\u00f3 pel cor de la Serra Mariola, lloc que l&#8217;insigne bot\u00e0nic Antonio Jos\u00e9 Cavanilles va visitar el 1792, ressaltant la seva gran riquesa bot\u00e0nica i aq\u00fc\u00edfera. En el nostre passeig, envoltats de pins i carrasques, observarem algunes de les seves meravelles bot\u00e0niques, com les orqu\u00eddies que imiten les abelles per aconseguir la pol\u00b7linitzaci\u00f3, [&hellip;]<\/p>\n","protected":false},"author":1,"featured_media":49983,"comment_status":"closed","ping_status":"closed","template":"","meta":[],"event_cat":[160],"event_tag":[],"event_loc":[],"class_list":["post-50824","event","type-event","status-publish","has-post-thumbnail","hentry","event_cat-rutes-excursions-visites-guiades"],"yoast_head":"<!-- This site is optimized with the Yoast SEO plugin v26.4 - https:\/\/yoast.com\/wordpress\/plugins\/seo\/ -->\n<title>Ruta: \u00abSerra Mariola parad\u00eds bot\u00e0nic i arqueol\u00f2gic\u00bb | Agenda Alcoy<\/title>\n<meta name=\"robots\" content=\"index, follow, max-snippet:-1, max-image-preview:large, max-video-preview:-1\" \/>\n<link rel=\"canonical\" href=\"https:\/\/agendaalcoy.com\/ca\/event\/ruta-per-la-serra-mariola-paradis-botanic-i-arqueologic\/\" \/>\n<meta property=\"og:locale\" content=\"ca_ES\" \/>\n<meta property=\"og:type\" content=\"article\" \/>\n<meta property=\"og:title\" content=\"Ruta: \u00abSerra Mariola parad\u00eds bot\u00e0nic i arqueol\u00f2gic\u00bb | Agenda Alcoy\" \/>\n<meta property=\"og:description\" content=\"Realitzarem una excursi\u00f3 pel cor de la Serra Mariola, lloc que l&#8217;insigne bot\u00e0nic Antonio Jos\u00e9 Cavanilles va visitar el 1792, ressaltant la seva gran riquesa bot\u00e0nica i aq\u00fc\u00edfera. En el nostre passeig, envoltats de pins i carrasques, observarem algunes de les seves meravelles bot\u00e0niques, com les orqu\u00eddies que imiten les abelles per aconseguir la pol\u00b7linitzaci\u00f3, [&hellip;]\" \/>\n<meta property=\"og:url\" content=\"https:\/\/agendaalcoy.com\/ca\/event\/ruta-per-la-serra-mariola-paradis-botanic-i-arqueologic\/\" \/>\n<meta property=\"og:site_name\" content=\"Agenda Alcoy\" \/>\n<meta property=\"article:modified_time\" content=\"2026-03-24T10:03:38+00:00\" \/>\n<meta property=\"og:image\" content=\"https:\/\/agendaalcoy.com\/wp-content\/uploads\/2026\/03\/571662445_1229138505913339_8743656979838618708_n-4.jpg\" \/>\n\t<meta property=\"og:image:width\" content=\"1064\" \/>\n\t<meta property=\"og:image:height\" content=\"1511\" \/>\n\t<meta property=\"og:image:type\" content=\"image\/jpeg\" \/>\n<meta name=\"twitter:card\" content=\"summary_large_image\" \/>\n<meta name=\"twitter:label1\" content=\"Temps estimat de lectura\" \/>\n\t<meta name=\"twitter:data1\" content=\"1 minut\" \/>\n<script type=\"application\/ld+json\" class=\"yoast-schema-graph\">{\"@context\":\"https:\/\/schema.org\",\"@graph\":[{\"@type\":\"WebPage\",\"@id\":\"https:\/\/agendaalcoy.com\/ca\/event\/ruta-per-la-serra-mariola-paradis-botanic-i-arqueologic\/\",\"url\":\"https:\/\/agendaalcoy.com\/ca\/event\/ruta-per-la-serra-mariola-paradis-botanic-i-arqueologic\/\",\"name\":\"Ruta: \u00abSerra Mariola parad\u00eds bot\u00e0nic i arqueol\u00f2gic\u00bb | Agenda Alcoy\",\"isPartOf\":{\"@id\":\"https:\/\/agendaalcoy.com\/ca\/#website\"},\"primaryImageOfPage\":{\"@id\":\"https:\/\/agendaalcoy.com\/ca\/event\/ruta-per-la-serra-mariola-paradis-botanic-i-arqueologic\/#primaryimage\"},\"image\":{\"@id\":\"https:\/\/agendaalcoy.com\/ca\/event\/ruta-per-la-serra-mariola-paradis-botanic-i-arqueologic\/#primaryimage\"},\"thumbnailUrl\":\"https:\/\/agendaalcoy.com\/wp-content\/uploads\/2026\/03\/571662445_1229138505913339_8743656979838618708_n-4.jpg\",\"datePublished\":\"2026-03-23T13:33:51+00:00\",\"dateModified\":\"2026-03-24T10:03:38+00:00\",\"breadcrumb\":{\"@id\":\"https:\/\/agendaalcoy.com\/ca\/event\/ruta-per-la-serra-mariola-paradis-botanic-i-arqueologic\/#breadcrumb\"},\"inLanguage\":\"ca\",\"potentialAction\":[{\"@type\":\"ReadAction\",\"target\":[\"https:\/\/agendaalcoy.com\/ca\/event\/ruta-per-la-serra-mariola-paradis-botanic-i-arqueologic\/\"]}]},{\"@type\":\"ImageObject\",\"inLanguage\":\"ca\",\"@id\":\"https:\/\/agendaalcoy.com\/ca\/event\/ruta-per-la-serra-mariola-paradis-botanic-i-arqueologic\/#primaryimage\",\"url\":\"https:\/\/agendaalcoy.com\/wp-content\/uploads\/2026\/03\/571662445_1229138505913339_8743656979838618708_n-4.jpg\",\"contentUrl\":\"https:\/\/agendaalcoy.com\/wp-content\/uploads\/2026\/03\/571662445_1229138505913339_8743656979838618708_n-4.jpg\",\"width\":1064,\"height\":1511},{\"@type\":\"BreadcrumbList\",\"@id\":\"https:\/\/agendaalcoy.com\/ca\/event\/ruta-per-la-serra-mariola-paradis-botanic-i-arqueologic\/#breadcrumb\",\"itemListElement\":[{\"@type\":\"ListItem\",\"position\":1,\"name\":\"Portada\",\"item\":\"https:\/\/agendaalcoy.com\/ca\/\"},{\"@type\":\"ListItem\",\"position\":2,\"name\":\"Ruta: \u00abSerra Mariola parad\u00eds bot\u00e0nic i arqueol\u00f2gic\u00bb\"}]},{\"@type\":\"WebSite\",\"@id\":\"https:\/\/agendaalcoy.com\/ca\/#website\",\"url\":\"https:\/\/agendaalcoy.com\/ca\/\",\"name\":\"Agenda Alcoy\",\"description\":\"Agenda Cultural de Alcoy - Conciertos, teatro, exposiciones, actividades infantiles, tradiciones...\",\"potentialAction\":[{\"@type\":\"SearchAction\",\"target\":{\"@type\":\"EntryPoint\",\"urlTemplate\":\"https:\/\/agendaalcoy.com\/ca\/?s={search_term_string}\"},\"query-input\":{\"@type\":\"PropertyValueSpecification\",\"valueRequired\":true,\"valueName\":\"search_term_string\"}}],\"inLanguage\":\"ca\"}]}<\/script>\n<!-- \/ Yoast SEO plugin. -->","yoast_head_json":{"title":"Ruta: \u00abSerra Mariola parad\u00eds bot\u00e0nic i arqueol\u00f2gic\u00bb | Agenda Alcoy","robots":{"index":"index","follow":"follow","max-snippet":"max-snippet:-1","max-image-preview":"max-image-preview:large","max-video-preview":"max-video-preview:-1"},"canonical":"https:\/\/agendaalcoy.com\/ca\/event\/ruta-per-la-serra-mariola-paradis-botanic-i-arqueologic\/","og_locale":"ca_ES","og_type":"article","og_title":"Ruta: \u00abSerra Mariola parad\u00eds bot\u00e0nic i arqueol\u00f2gic\u00bb | Agenda Alcoy","og_description":"Realitzarem una excursi\u00f3 pel cor de la Serra Mariola, lloc que l&#8217;insigne bot\u00e0nic Antonio Jos\u00e9 Cavanilles va visitar el 1792, ressaltant la seva gran riquesa bot\u00e0nica i aq\u00fc\u00edfera. En el nostre passeig, envoltats de pins i carrasques, observarem algunes de les seves meravelles bot\u00e0niques, com les orqu\u00eddies que imiten les abelles per aconseguir la pol\u00b7linitzaci\u00f3, [&hellip;]","og_url":"https:\/\/agendaalcoy.com\/ca\/event\/ruta-per-la-serra-mariola-paradis-botanic-i-arqueologic\/","og_site_name":"Agenda Alcoy","article_modified_time":"2026-03-24T10:03:38+00:00","og_image":[{"width":1064,"height":1511,"url":"https:\/\/agendaalcoy.com\/wp-content\/uploads\/2026\/03\/571662445_1229138505913339_8743656979838618708_n-4.jpg","type":"image\/jpeg"}],"twitter_card":"summary_large_image","twitter_misc":{"Temps estimat de lectura":"1 minut"},"schema":{"@context":"https:\/\/schema.org","@graph":[{"@type":"WebPage","@id":"https:\/\/agendaalcoy.com\/ca\/event\/ruta-per-la-serra-mariola-paradis-botanic-i-arqueologic\/","url":"https:\/\/agendaalcoy.com\/ca\/event\/ruta-per-la-serra-mariola-paradis-botanic-i-arqueologic\/","name":"Ruta: \u00abSerra Mariola parad\u00eds bot\u00e0nic i arqueol\u00f2gic\u00bb | Agenda Alcoy","isPartOf":{"@id":"https:\/\/agendaalcoy.com\/ca\/#website"},"primaryImageOfPage":{"@id":"https:\/\/agendaalcoy.com\/ca\/event\/ruta-per-la-serra-mariola-paradis-botanic-i-arqueologic\/#primaryimage"},"image":{"@id":"https:\/\/agendaalcoy.com\/ca\/event\/ruta-per-la-serra-mariola-paradis-botanic-i-arqueologic\/#primaryimage"},"thumbnailUrl":"https:\/\/agendaalcoy.com\/wp-content\/uploads\/2026\/03\/571662445_1229138505913339_8743656979838618708_n-4.jpg","datePublished":"2026-03-23T13:33:51+00:00","dateModified":"2026-03-24T10:03:38+00:00","breadcrumb":{"@id":"https:\/\/agendaalcoy.com\/ca\/event\/ruta-per-la-serra-mariola-paradis-botanic-i-arqueologic\/#breadcrumb"},"inLanguage":"ca","potentialAction":[{"@type":"ReadAction","target":["https:\/\/agendaalcoy.com\/ca\/event\/ruta-per-la-serra-mariola-paradis-botanic-i-arqueologic\/"]}]},{"@type":"ImageObject","inLanguage":"ca","@id":"https:\/\/agendaalcoy.com\/ca\/event\/ruta-per-la-serra-mariola-paradis-botanic-i-arqueologic\/#primaryimage","url":"https:\/\/agendaalcoy.com\/wp-content\/uploads\/2026\/03\/571662445_1229138505913339_8743656979838618708_n-4.jpg","contentUrl":"https:\/\/agendaalcoy.com\/wp-content\/uploads\/2026\/03\/571662445_1229138505913339_8743656979838618708_n-4.jpg","width":1064,"height":1511},{"@type":"BreadcrumbList","@id":"https:\/\/agendaalcoy.com\/ca\/event\/ruta-per-la-serra-mariola-paradis-botanic-i-arqueologic\/#breadcrumb","itemListElement":[{"@type":"ListItem","position":1,"name":"Portada","item":"https:\/\/agendaalcoy.com\/ca\/"},{"@type":"ListItem","position":2,"name":"Ruta: \u00abSerra Mariola parad\u00eds bot\u00e0nic i arqueol\u00f2gic\u00bb"}]},{"@type":"WebSite","@id":"https:\/\/agendaalcoy.com\/ca\/#website","url":"https:\/\/agendaalcoy.com\/ca\/","name":"Agenda Alcoy","description":"Agenda Cultural de Alcoy - Conciertos, teatro, exposiciones, actividades infantiles, tradiciones...","potentialAction":[{"@type":"SearchAction","target":{"@type":"EntryPoint","urlTemplate":"https:\/\/agendaalcoy.com\/ca\/?s={search_term_string}"},"query-input":{"@type":"PropertyValueSpecification","valueRequired":true,"valueName":"search_term_string"}}],"inLanguage":"ca"}]}},"start_date":"24-05-2026","end_date":"24-05-2026","start_time":"10:00","end_time":"14:00","event_address":"Camping de Mariola","categories":["Rutes"],"featured_image":"https:\/\/agendaalcoy.com\/wp-content\/uploads\/2026\/03\/571662445_1229138505913339_8743656979838618708_n-4.jpg","_links":{"self":[{"href":"https:\/\/agendaalcoy.com\/ca\/wp-json\/wp\/v2\/event\/50824","targetHints":{"allow":["GET"]}}],"collection":[{"href":"https:\/\/agendaalcoy.com\/ca\/wp-json\/wp\/v2\/event"}],"about":[{"href":"https:\/\/agendaalcoy.com\/ca\/wp-json\/wp\/v2\/types\/event"}],"author":[{"embeddable":true,"href":"https:\/\/agendaalcoy.com\/ca\/wp-json\/wp\/v2\/users\/1"}],"replies":[{"embeddable":true,"href":"https:\/\/agendaalcoy.com\/ca\/wp-json\/wp\/v2\/comments?post=50824"}],"version-history":[{"count":1,"href":"https:\/\/agendaalcoy.com\/ca\/wp-json\/wp\/v2\/event\/50824\/revisions"}],"predecessor-version":[{"id":50869,"href":"https:\/\/agendaalcoy.com\/ca\/wp-json\/wp\/v2\/event\/50824\/revisions\/50869"}],"wp:featuredmedia":[{"embeddable":true,"href":"https:\/\/agendaalcoy.com\/ca\/wp-json\/wp\/v2\/media\/49983"}],"wp:attachment":[{"href":"https:\/\/agendaalcoy.com\/ca\/wp-json\/wp\/v2\/media?parent=50824"}],"wp:term":[{"taxonomy":"event_cat","embeddable":true,"href":"https:\/\/agendaalcoy.com\/ca\/wp-json\/wp\/v2\/event_cat?post=50824"},{"taxonomy":"event_tag","embeddable":true,"href":"https:\/\/agendaalcoy.com\/ca\/wp-json\/wp\/v2\/event_tag?post=50824"},{"taxonomy":"event_loc","embeddable":true,"href":"https:\/\/agendaalcoy.com\/ca\/wp-json\/wp\/v2\/event_loc?post=50824"}],"curies":[{"name":"wp","href":"https:\/\/api.w.org\/{rel}","templated":true}]}}

Ruta: «Serra Mariola paradís botànic i arqueològic»

<p>Realitzarem una excursió pel cor de la Serra Mariola, lloc que l&#8217;insigne botànic Antonio José Cavanilles va visitar el 1792, ressaltant la seva gran riquesa botànica i aqüífera. En el nostre passeig, envoltats de pins i carrasques, observarem algunes de les seves meravelles botàniques, com les orquídies que imiten les abelles per aconseguir la pol·linització, o les que mitjançant fongs s&#8217;aprofiten de l&#8217;energia aconseguida per altres plantes. Però també cal ressaltar que la Serra de Mariola amaga un altre patrimoni, l&#8217;arqueològic, amb espais excepcionals com la &#8216;Cova Bolumini&#8217;, lloc sagrat en el calcolític i en l&#8217;edat del bronze, o el &#8216;Cabeçó de Mariola&#8217;, poblat iber fortificat, que va ser habitat entre els segles IX i I a.C., i que va tenir un final abrupte associat a les guerres sertorianes, ocorregudes entre el 82 a. C. i el 72 a. C. Aquesta és la nostra proposta per posar en valor i protegir el nostre patrimoni cultural i natural.</p>

<p>Realitzarem una excursió pel cor de la Serra Mariola, lloc que l&#8217;insigne botànic Antonio José Cavanilles va visitar el 1792, ressaltant la seva gran riquesa botànica i aqüífera. En el nostre passeig, envoltats de pins i carrasques, observarem algunes de les seves meravelles botàniques, com les orquídies que imiten les abelles per aconseguir la pol·linització, [&hellip;]</p>

<!-- This site is optimized with the Yoast SEO plugin v26.4 - https://yoast.com/wordpress/plugins/seo/ -->
<title>Ruta: «Serra Mariola paradís botànic i arqueològic» | Agenda Alcoy</title>
<meta name="robots" content="index, follow, max-snippet:-1, max-image-preview:large, max-video-preview:-1" />
<link rel="canonical" href="https://agendaalcoy.com/ca/event/ruta-per-la-serra-mariola-paradis-botanic-i-arqueologic/" />
<meta property="og:locale" content="ca_ES" />
<meta property="og:type" content="article" />
<meta property="og:title" content="Ruta: «Serra Mariola paradís botànic i arqueològic» | Agenda Alcoy" />
<meta property="og:description" content="Realitzarem una excursió pel cor de la Serra Mariola, lloc que l&#8217;insigne botànic Antonio José Cavanilles va visitar el 1792, ressaltant la seva gran riquesa botànica i aqüífera. En el nostre passeig, envoltats de pins i carrasques, observarem algunes de les seves meravelles botàniques, com les orquídies que imiten les abelles per aconseguir la pol·linització, [&hellip;]" />
<meta property="og:url" content="https://agendaalcoy.com/ca/event/ruta-per-la-serra-mariola-paradis-botanic-i-arqueologic/" />
<meta property="og:site_name" content="Agenda Alcoy" />
<meta property="article:modified_time" content="2026-03-24T10:03:38+00:00" />
<meta property="og:image" content="https://agendaalcoy.com/wp-content/uploads/2026/03/571662445_1229138505913339_8743656979838618708_n-4.jpg" />
	<meta property="og:image:width" content="1064" />
	<meta property="og:image:height" content="1511" />
	<meta property="og:image:type" content="image/jpeg" />
<meta name="twitter:card" content="summary_large_image" />
<meta name="twitter:label1" content="Temps estimat de lectura" />
	<meta name="twitter:data1" content="1 minut" />
<script type="application/ld+json" class="yoast-schema-graph">{"@context":"https://schema.org","@graph":[{"@type":"WebPage","@id":"https://agendaalcoy.com/ca/event/ruta-per-la-serra-mariola-paradis-botanic-i-arqueologic/","url":"https://agendaalcoy.com/ca/event/ruta-per-la-serra-mariola-paradis-botanic-i-arqueologic/","name":"Ruta: «Serra Mariola paradís botànic i arqueològic» | Agenda Alcoy","isPartOf":{"@id":"https://agendaalcoy.com/ca/#website"},"primaryImageOfPage":{"@id":"https://agendaalcoy.com/ca/event/ruta-per-la-serra-mariola-paradis-botanic-i-arqueologic/#primaryimage"},"image":{"@id":"https://agendaalcoy.com/ca/event/ruta-per-la-serra-mariola-paradis-botanic-i-arqueologic/#primaryimage"},"thumbnailUrl":"https://agendaalcoy.com/wp-content/uploads/2026/03/571662445_1229138505913339_8743656979838618708_n-4.jpg","datePublished":"2026-03-23T13:33:51+00:00","dateModified":"2026-03-24T10:03:38+00:00","breadcrumb":{"@id":"https://agendaalcoy.com/ca/event/ruta-per-la-serra-mariola-paradis-botanic-i-arqueologic/#breadcrumb"},"inLanguage":"ca","potentialAction":[{"@type":"ReadAction","target":["https://agendaalcoy.com/ca/event/ruta-per-la-serra-mariola-paradis-botanic-i-arqueologic/"]}]},{"@type":"ImageObject","inLanguage":"ca","@id":"https://agendaalcoy.com/ca/event/ruta-per-la-serra-mariola-paradis-botanic-i-arqueologic/#primaryimage","url":"https://agendaalcoy.com/wp-content/uploads/2026/03/571662445_1229138505913339_8743656979838618708_n-4.jpg","contentUrl":"https://agendaalcoy.com/wp-content/uploads/2026/03/571662445_1229138505913339_8743656979838618708_n-4.jpg","width":1064,"height":1511},{"@type":"BreadcrumbList","@id":"https://agendaalcoy.com/ca/event/ruta-per-la-serra-mariola-paradis-botanic-i-arqueologic/#breadcrumb","itemListElement":[{"@type":"ListItem","position":1,"name":"Portada","item":"https://agendaalcoy.com/ca/"},{"@type":"ListItem","position":2,"name":"Ruta: «Serra Mariola paradís botànic i arqueològic»"}]},{"@type":"WebSite","@id":"https://agendaalcoy.com/ca/#website","url":"https://agendaalcoy.com/ca/","name":"Agenda Alcoy","description":"Agenda Cultural de Alcoy - Conciertos, teatro, exposiciones, actividades infantiles, tradiciones...","potentialAction":[{"@type":"SearchAction","target":{"@type":"EntryPoint","urlTemplate":"https://agendaalcoy.com/ca/?s={search_term_string}"},"query-input":{"@type":"PropertyValueSpecification","valueRequired":true,"valueName":"search_term_string"}}],"inLanguage":"ca"}]}</script>
<!-- / Yoast SEO plugin. -->

Ruta: «Serra Mariola paradís botànic i arqueològic» | Agenda Alcoy

Realitzarem una excursió pel cor de la Serra Mariola, lloc que l&#8217;insigne botànic Antonio José Cavanilles va visitar el 1792, ressaltant la seva gran riquesa botànica i aqüífera. En el nostre passeig, envoltats de pins i carrasques, observarem algunes de les seves meravelles botàniques, com les orquídies que imiten les abelles per aconseguir la pol·linització, [&hellip;]
