{"id":50767,"date":"2026-03-21T17:31:16","date_gmt":"2026-03-21T17:31:16","guid":{"rendered":"https:\/\/agendaalcoy.com\/event\/ca\/teatre-compagnia-tpo-tana"},"modified":"2026-03-24T10:00:00","modified_gmt":"2026-03-24T10:00:00","slug":"teatre-compagnia-tpo-tana","status":"publish","type":"event","link":"https:\/\/agendaalcoy.com\/ca\/event\/teatre-compagnia-tpo-tana\/","title":{"rendered":"Teatre: Compagnia TPO: \u00abTANA\u00bb"},"content":{"rendered":"<p>Espectacle de teatre per a la primera inf\u00e0ncia al Teatre Calder\u00f3n d&#8217;Alcoi. Observant la natura i els animals, els protagonistes troben inspiraci\u00f3 per al seu projecte. Al final, l&#8217;espai esc\u00e8nic s&#8217;obre a la interacci\u00f3 del p\u00fablic.<\/p>\n","protected":false},"excerpt":{"rendered":"<p>Espectacle de teatre per a la primera inf\u00e0ncia al Teatre Calder\u00f3n d&#8217;Alcoi. Observant la natura i els animals, els protagonistes troben inspiraci\u00f3 per al seu projecte. Al final, l&#8217;espai esc\u00e8nic s&#8217;obre a la interacci\u00f3 del p\u00fablic.<\/p>\n","protected":false},"author":1,"featured_media":50856,"comment_status":"closed","ping_status":"closed","template":"","meta":[],"event_cat":[133,157],"event_tag":[],"event_loc":[500],"class_list":["post-50767","event","type-event","status-publish","has-post-thumbnail","hentry","event_cat-activitats-per-a-xiquets","event_cat-teatre","event_loc-teatro-calderon"],"yoast_head":"<!-- This site is optimized with the Yoast SEO plugin v26.4 - https:\/\/yoast.com\/wordpress\/plugins\/seo\/ -->\n<title>Teatre: Compagnia TPO: \u00abTANA\u00bb | Agenda Alcoy<\/title>\n<meta name=\"robots\" content=\"index, follow, max-snippet:-1, max-image-preview:large, max-video-preview:-1\" \/>\n<link rel=\"canonical\" href=\"https:\/\/agendaalcoy.com\/ca\/event\/teatre-compagnia-tpo-tana\/\" \/>\n<meta property=\"og:locale\" content=\"ca_ES\" \/>\n<meta property=\"og:type\" content=\"article\" \/>\n<meta property=\"og:title\" content=\"Teatre: Compagnia TPO: \u00abTANA\u00bb | Agenda Alcoy\" \/>\n<meta property=\"og:description\" content=\"Espectacle de teatre per a la primera inf\u00e0ncia al Teatre Calder\u00f3n d&#8217;Alcoi. Observant la natura i els animals, els protagonistes troben inspiraci\u00f3 per al seu projecte. Al final, l&#8217;espai esc\u00e8nic s&#8217;obre a la interacci\u00f3 del p\u00fablic.\" \/>\n<meta property=\"og:url\" content=\"https:\/\/agendaalcoy.com\/ca\/event\/teatre-compagnia-tpo-tana\/\" \/>\n<meta property=\"og:site_name\" content=\"Agenda Alcoy\" \/>\n<meta property=\"article:modified_time\" content=\"2026-03-24T10:00:00+00:00\" \/>\n<meta property=\"og:image\" content=\"https:\/\/agendaalcoy.com\/wp-content\/uploads\/2026\/03\/dest_tana.jpg\" \/>\n\t<meta property=\"og:image:width\" content=\"700\" \/>\n\t<meta property=\"og:image:height\" content=\"990\" \/>\n\t<meta property=\"og:image:type\" content=\"image\/jpeg\" \/>\n<meta name=\"twitter:card\" content=\"summary_large_image\" \/>\n<script type=\"application\/ld+json\" class=\"yoast-schema-graph\">{\"@context\":\"https:\/\/schema.org\",\"@graph\":[{\"@type\":\"WebPage\",\"@id\":\"https:\/\/agendaalcoy.com\/ca\/event\/teatre-compagnia-tpo-tana\/\",\"url\":\"https:\/\/agendaalcoy.com\/ca\/event\/teatre-compagnia-tpo-tana\/\",\"name\":\"Teatre: Compagnia TPO: \u00abTANA\u00bb | Agenda Alcoy\",\"isPartOf\":{\"@id\":\"https:\/\/agendaalcoy.com\/ca\/#website\"},\"primaryImageOfPage\":{\"@id\":\"https:\/\/agendaalcoy.com\/ca\/event\/teatre-compagnia-tpo-tana\/#primaryimage\"},\"image\":{\"@id\":\"https:\/\/agendaalcoy.com\/ca\/event\/teatre-compagnia-tpo-tana\/#primaryimage\"},\"thumbnailUrl\":\"https:\/\/agendaalcoy.com\/wp-content\/uploads\/2026\/03\/dest_tana.jpg\",\"datePublished\":\"2026-03-21T17:31:16+00:00\",\"dateModified\":\"2026-03-24T10:00:00+00:00\",\"breadcrumb\":{\"@id\":\"https:\/\/agendaalcoy.com\/ca\/event\/teatre-compagnia-tpo-tana\/#breadcrumb\"},\"inLanguage\":\"ca\",\"potentialAction\":[{\"@type\":\"ReadAction\",\"target\":[\"https:\/\/agendaalcoy.com\/ca\/event\/teatre-compagnia-tpo-tana\/\"]}]},{\"@type\":\"ImageObject\",\"inLanguage\":\"ca\",\"@id\":\"https:\/\/agendaalcoy.com\/ca\/event\/teatre-compagnia-tpo-tana\/#primaryimage\",\"url\":\"https:\/\/agendaalcoy.com\/wp-content\/uploads\/2026\/03\/dest_tana.jpg\",\"contentUrl\":\"https:\/\/agendaalcoy.com\/wp-content\/uploads\/2026\/03\/dest_tana.jpg\",\"width\":700,\"height\":990},{\"@type\":\"BreadcrumbList\",\"@id\":\"https:\/\/agendaalcoy.com\/ca\/event\/teatre-compagnia-tpo-tana\/#breadcrumb\",\"itemListElement\":[{\"@type\":\"ListItem\",\"position\":1,\"name\":\"Portada\",\"item\":\"https:\/\/agendaalcoy.com\/ca\/\"},{\"@type\":\"ListItem\",\"position\":2,\"name\":\"Teatre: Compagnia TPO: \u00abTANA\u00bb\"}]},{\"@type\":\"WebSite\",\"@id\":\"https:\/\/agendaalcoy.com\/ca\/#website\",\"url\":\"https:\/\/agendaalcoy.com\/ca\/\",\"name\":\"Agenda Alcoy\",\"description\":\"Agenda Cultural de Alcoy - Conciertos, teatro, exposiciones, actividades infantiles, tradiciones...\",\"potentialAction\":[{\"@type\":\"SearchAction\",\"target\":{\"@type\":\"EntryPoint\",\"urlTemplate\":\"https:\/\/agendaalcoy.com\/ca\/?s={search_term_string}\"},\"query-input\":{\"@type\":\"PropertyValueSpecification\",\"valueRequired\":true,\"valueName\":\"search_term_string\"}}],\"inLanguage\":\"ca\"}]}<\/script>\n<!-- \/ Yoast SEO plugin. -->","yoast_head_json":{"title":"Teatre: Compagnia TPO: \u00abTANA\u00bb | Agenda Alcoy","robots":{"index":"index","follow":"follow","max-snippet":"max-snippet:-1","max-image-preview":"max-image-preview:large","max-video-preview":"max-video-preview:-1"},"canonical":"https:\/\/agendaalcoy.com\/ca\/event\/teatre-compagnia-tpo-tana\/","og_locale":"ca_ES","og_type":"article","og_title":"Teatre: Compagnia TPO: \u00abTANA\u00bb | Agenda Alcoy","og_description":"Espectacle de teatre per a la primera inf\u00e0ncia al Teatre Calder\u00f3n d&#8217;Alcoi. Observant la natura i els animals, els protagonistes troben inspiraci\u00f3 per al seu projecte. Al final, l&#8217;espai esc\u00e8nic s&#8217;obre a la interacci\u00f3 del p\u00fablic.","og_url":"https:\/\/agendaalcoy.com\/ca\/event\/teatre-compagnia-tpo-tana\/","og_site_name":"Agenda Alcoy","article_modified_time":"2026-03-24T10:00:00+00:00","og_image":[{"width":700,"height":990,"url":"https:\/\/agendaalcoy.com\/wp-content\/uploads\/2026\/03\/dest_tana.jpg","type":"image\/jpeg"}],"twitter_card":"summary_large_image","schema":{"@context":"https:\/\/schema.org","@graph":[{"@type":"WebPage","@id":"https:\/\/agendaalcoy.com\/ca\/event\/teatre-compagnia-tpo-tana\/","url":"https:\/\/agendaalcoy.com\/ca\/event\/teatre-compagnia-tpo-tana\/","name":"Teatre: Compagnia TPO: \u00abTANA\u00bb | Agenda Alcoy","isPartOf":{"@id":"https:\/\/agendaalcoy.com\/ca\/#website"},"primaryImageOfPage":{"@id":"https:\/\/agendaalcoy.com\/ca\/event\/teatre-compagnia-tpo-tana\/#primaryimage"},"image":{"@id":"https:\/\/agendaalcoy.com\/ca\/event\/teatre-compagnia-tpo-tana\/#primaryimage"},"thumbnailUrl":"https:\/\/agendaalcoy.com\/wp-content\/uploads\/2026\/03\/dest_tana.jpg","datePublished":"2026-03-21T17:31:16+00:00","dateModified":"2026-03-24T10:00:00+00:00","breadcrumb":{"@id":"https:\/\/agendaalcoy.com\/ca\/event\/teatre-compagnia-tpo-tana\/#breadcrumb"},"inLanguage":"ca","potentialAction":[{"@type":"ReadAction","target":["https:\/\/agendaalcoy.com\/ca\/event\/teatre-compagnia-tpo-tana\/"]}]},{"@type":"ImageObject","inLanguage":"ca","@id":"https:\/\/agendaalcoy.com\/ca\/event\/teatre-compagnia-tpo-tana\/#primaryimage","url":"https:\/\/agendaalcoy.com\/wp-content\/uploads\/2026\/03\/dest_tana.jpg","contentUrl":"https:\/\/agendaalcoy.com\/wp-content\/uploads\/2026\/03\/dest_tana.jpg","width":700,"height":990},{"@type":"BreadcrumbList","@id":"https:\/\/agendaalcoy.com\/ca\/event\/teatre-compagnia-tpo-tana\/#breadcrumb","itemListElement":[{"@type":"ListItem","position":1,"name":"Portada","item":"https:\/\/agendaalcoy.com\/ca\/"},{"@type":"ListItem","position":2,"name":"Teatre: Compagnia TPO: \u00abTANA\u00bb"}]},{"@type":"WebSite","@id":"https:\/\/agendaalcoy.com\/ca\/#website","url":"https:\/\/agendaalcoy.com\/ca\/","name":"Agenda Alcoy","description":"Agenda Cultural de Alcoy - Conciertos, teatro, exposiciones, actividades infantiles, tradiciones...","potentialAction":[{"@type":"SearchAction","target":{"@type":"EntryPoint","urlTemplate":"https:\/\/agendaalcoy.com\/ca\/?s={search_term_string}"},"query-input":{"@type":"PropertyValueSpecification","valueRequired":true,"valueName":"search_term_string"}}],"inLanguage":"ca"}]}},"start_date":"10-05-2026","end_date":"10-05-2026","start_time":"17:00","end_time":"18:30","event_address":"Teatre Calder\u00f3n d'Alcoi","categories":["Infantil","Teatre"],"featured_image":"https:\/\/agendaalcoy.com\/wp-content\/uploads\/2026\/03\/dest_tana.jpg","_links":{"self":[{"href":"https:\/\/agendaalcoy.com\/ca\/wp-json\/wp\/v2\/event\/50767","targetHints":{"allow":["GET"]}}],"collection":[{"href":"https:\/\/agendaalcoy.com\/ca\/wp-json\/wp\/v2\/event"}],"about":[{"href":"https:\/\/agendaalcoy.com\/ca\/wp-json\/wp\/v2\/types\/event"}],"author":[{"embeddable":true,"href":"https:\/\/agendaalcoy.com\/ca\/wp-json\/wp\/v2\/users\/1"}],"replies":[{"embeddable":true,"href":"https:\/\/agendaalcoy.com\/ca\/wp-json\/wp\/v2\/comments?post=50767"}],"version-history":[{"count":1,"href":"https:\/\/agendaalcoy.com\/ca\/wp-json\/wp\/v2\/event\/50767\/revisions"}],"predecessor-version":[{"id":50866,"href":"https:\/\/agendaalcoy.com\/ca\/wp-json\/wp\/v2\/event\/50767\/revisions\/50866"}],"wp:featuredmedia":[{"embeddable":true,"href":"https:\/\/agendaalcoy.com\/ca\/wp-json\/wp\/v2\/media\/50856"}],"wp:attachment":[{"href":"https:\/\/agendaalcoy.com\/ca\/wp-json\/wp\/v2\/media?parent=50767"}],"wp:term":[{"taxonomy":"event_cat","embeddable":true,"href":"https:\/\/agendaalcoy.com\/ca\/wp-json\/wp\/v2\/event_cat?post=50767"},{"taxonomy":"event_tag","embeddable":true,"href":"https:\/\/agendaalcoy.com\/ca\/wp-json\/wp\/v2\/event_tag?post=50767"},{"taxonomy":"event_loc","embeddable":true,"href":"https:\/\/agendaalcoy.com\/ca\/wp-json\/wp\/v2\/event_loc?post=50767"}],"curies":[{"name":"wp","href":"https:\/\/api.w.org\/{rel}","templated":true}]}}

<p>Espectacle de teatre per a la primera infància al Teatre Calderón d&#8217;Alcoi. Observant la natura i els animals, els protagonistes troben inspiració per al seu projecte. Al final, l&#8217;espai escènic s&#8217;obre a la interacció del públic.</p>

<!-- This site is optimized with the Yoast SEO plugin v26.4 - https://yoast.com/wordpress/plugins/seo/ -->
<title>Teatre: Compagnia TPO: «TANA» | Agenda Alcoy</title>
<meta name="robots" content="index, follow, max-snippet:-1, max-image-preview:large, max-video-preview:-1" />
<link rel="canonical" href="https://agendaalcoy.com/ca/event/teatre-compagnia-tpo-tana/" />
<meta property="og:locale" content="ca_ES" />
<meta property="og:type" content="article" />
<meta property="og:title" content="Teatre: Compagnia TPO: «TANA» | Agenda Alcoy" />
<meta property="og:description" content="Espectacle de teatre per a la primera infància al Teatre Calderón d&#8217;Alcoi. Observant la natura i els animals, els protagonistes troben inspiració per al seu projecte. Al final, l&#8217;espai escènic s&#8217;obre a la interacció del públic." />
<meta property="og:url" content="https://agendaalcoy.com/ca/event/teatre-compagnia-tpo-tana/" />
<meta property="og:site_name" content="Agenda Alcoy" />
<meta property="article:modified_time" content="2026-03-24T10:00:00+00:00" />
<meta property="og:image" content="https://agendaalcoy.com/wp-content/uploads/2026/03/dest_tana.jpg" />
	<meta property="og:image:width" content="700" />
	<meta property="og:image:height" content="990" />
	<meta property="og:image:type" content="image/jpeg" />
<meta name="twitter:card" content="summary_large_image" />
<script type="application/ld+json" class="yoast-schema-graph">{"@context":"https://schema.org","@graph":[{"@type":"WebPage","@id":"https://agendaalcoy.com/ca/event/teatre-compagnia-tpo-tana/","url":"https://agendaalcoy.com/ca/event/teatre-compagnia-tpo-tana/","name":"Teatre: Compagnia TPO: «TANA» | Agenda Alcoy","isPartOf":{"@id":"https://agendaalcoy.com/ca/#website"},"primaryImageOfPage":{"@id":"https://agendaalcoy.com/ca/event/teatre-compagnia-tpo-tana/#primaryimage"},"image":{"@id":"https://agendaalcoy.com/ca/event/teatre-compagnia-tpo-tana/#primaryimage"},"thumbnailUrl":"https://agendaalcoy.com/wp-content/uploads/2026/03/dest_tana.jpg","datePublished":"2026-03-21T17:31:16+00:00","dateModified":"2026-03-24T10:00:00+00:00","breadcrumb":{"@id":"https://agendaalcoy.com/ca/event/teatre-compagnia-tpo-tana/#breadcrumb"},"inLanguage":"ca","potentialAction":[{"@type":"ReadAction","target":["https://agendaalcoy.com/ca/event/teatre-compagnia-tpo-tana/"]}]},{"@type":"ImageObject","inLanguage":"ca","@id":"https://agendaalcoy.com/ca/event/teatre-compagnia-tpo-tana/#primaryimage","url":"https://agendaalcoy.com/wp-content/uploads/2026/03/dest_tana.jpg","contentUrl":"https://agendaalcoy.com/wp-content/uploads/2026/03/dest_tana.jpg","width":700,"height":990},{"@type":"BreadcrumbList","@id":"https://agendaalcoy.com/ca/event/teatre-compagnia-tpo-tana/#breadcrumb","itemListElement":[{"@type":"ListItem","position":1,"name":"Portada","item":"https://agendaalcoy.com/ca/"},{"@type":"ListItem","position":2,"name":"Teatre: Compagnia TPO: «TANA»"}]},{"@type":"WebSite","@id":"https://agendaalcoy.com/ca/#website","url":"https://agendaalcoy.com/ca/","name":"Agenda Alcoy","description":"Agenda Cultural de Alcoy - Conciertos, teatro, exposiciones, actividades infantiles, tradiciones...","potentialAction":[{"@type":"SearchAction","target":{"@type":"EntryPoint","urlTemplate":"https://agendaalcoy.com/ca/?s={search_term_string}"},"query-input":{"@type":"PropertyValueSpecification","valueRequired":true,"valueName":"search_term_string"}}],"inLanguage":"ca"}]}</script>
<!-- / Yoast SEO plugin. -->

Espectacle de teatre per a la primera infància al Teatre Calderón d&#8217;Alcoi. Observant la natura i els animals, els protagonistes troben inspiració per al seu projecte. Al final, l&#8217;espai escènic s&#8217;obre a la interacció del públic.

Teatre Calderón d'Alcoi
