{"id":50487,"date":"2026-03-18T12:05:45","date_gmt":"2026-03-18T12:05:45","guid":{"rendered":"https:\/\/agendaalcoy.com\/event\/ca\/teatre-dones-contra-la-guerra-rosanna-espinos-resu-belmonte-pepa-miralles-conxi-domenech-rosanna-espinos-angels-vicedo"},"modified":"2026-03-21T10:04:20","modified_gmt":"2026-03-21T10:04:20","slug":"teatre-dones-contra-la-guerra-rosanna-espinos-resu-belmonte-pepa-miralles-conxi-domenech-rosanna-espinos-angels-vicedo","status":"publish","type":"event","link":"https:\/\/agendaalcoy.com\/ca\/event\/teatre-dones-contra-la-guerra-rosanna-espinos-resu-belmonte-pepa-miralles-conxi-domenech-rosanna-espinos-angels-vicedo\/","title":{"rendered":"Teatre: \u00abDones contra la Guerra\u00bb Rosanna Espin\u00f3s, Resu Belmonte, Pepa Miralles, Conxi Domenech, Rosanna Espin\u00f3s, \u00c0ngels Vicedo"},"content":{"rendered":"<p>L&#8217;obra &#8216;Dones contra la Guerra&#8217; de Manolo Molins es presenta a l&#8217;IVAM CADA Alcoi, dirigida per Rosanna Espin\u00f3s i amb un elenc de talentosos int\u00e8rprets.<\/p>\n","protected":false},"excerpt":{"rendered":"<p>L&#8217;obra &#8216;Dones contra la Guerra&#8217; de Manolo Molins es presenta a l&#8217;IVAM CADA Alcoi, dirigida per Rosanna Espin\u00f3s i amb un elenc de talentosos int\u00e8rprets.<\/p>\n","protected":false},"author":1,"featured_media":50484,"comment_status":"closed","ping_status":"closed","template":"","meta":[],"event_cat":[157],"event_tag":[],"event_loc":[504],"class_list":["post-50487","event","type-event","status-publish","has-post-thumbnail","hentry","event_cat-teatre","event_loc-ivam-cada-alcoi"],"yoast_head":"<!-- This site is optimized with the Yoast SEO plugin v26.4 - https:\/\/yoast.com\/wordpress\/plugins\/seo\/ -->\n<title>Teatre: \u00abDones contra la Guerra\u00bb Rosanna Espin\u00f3s, Resu Belmonte, Pepa Miralles, Conxi Domenech, Rosanna Espin\u00f3s, \u00c0ngels Vicedo | Agenda Alcoy<\/title>\n<meta name=\"robots\" content=\"index, follow, max-snippet:-1, max-image-preview:large, max-video-preview:-1\" \/>\n<link rel=\"canonical\" href=\"https:\/\/agendaalcoy.com\/ca\/event\/teatre-dones-contra-la-guerra-rosanna-espinos-resu-belmonte-pepa-miralles-conxi-domenech-rosanna-espinos-angels-vicedo\/\" \/>\n<meta property=\"og:locale\" content=\"ca_ES\" \/>\n<meta property=\"og:type\" content=\"article\" \/>\n<meta property=\"og:title\" content=\"Teatre: \u00abDones contra la Guerra\u00bb Rosanna Espin\u00f3s, Resu Belmonte, Pepa Miralles, Conxi Domenech, Rosanna Espin\u00f3s, \u00c0ngels Vicedo | Agenda Alcoy\" \/>\n<meta property=\"og:description\" content=\"L&#8217;obra &#8216;Dones contra la Guerra&#8217; de Manolo Molins es presenta a l&#8217;IVAM CADA Alcoi, dirigida per Rosanna Espin\u00f3s i amb un elenc de talentosos int\u00e8rprets.\" \/>\n<meta property=\"og:url\" content=\"https:\/\/agendaalcoy.com\/ca\/event\/teatre-dones-contra-la-guerra-rosanna-espinos-resu-belmonte-pepa-miralles-conxi-domenech-rosanna-espinos-angels-vicedo\/\" \/>\n<meta property=\"og:site_name\" content=\"Agenda Alcoy\" \/>\n<meta property=\"article:modified_time\" content=\"2026-03-21T10:04:20+00:00\" \/>\n<meta property=\"og:image\" content=\"https:\/\/agendaalcoy.com\/wp-content\/uploads\/2026\/03\/IMG_4174.jpg\" \/>\n\t<meta property=\"og:image:width\" content=\"1448\" \/>\n\t<meta property=\"og:image:height\" content=\"2048\" \/>\n\t<meta property=\"og:image:type\" content=\"image\/jpeg\" \/>\n<meta name=\"twitter:card\" content=\"summary_large_image\" \/>\n<script type=\"application\/ld+json\" class=\"yoast-schema-graph\">{\"@context\":\"https:\/\/schema.org\",\"@graph\":[{\"@type\":\"WebPage\",\"@id\":\"https:\/\/agendaalcoy.com\/ca\/event\/teatre-dones-contra-la-guerra-rosanna-espinos-resu-belmonte-pepa-miralles-conxi-domenech-rosanna-espinos-angels-vicedo\/\",\"url\":\"https:\/\/agendaalcoy.com\/ca\/event\/teatre-dones-contra-la-guerra-rosanna-espinos-resu-belmonte-pepa-miralles-conxi-domenech-rosanna-espinos-angels-vicedo\/\",\"name\":\"Teatre: \u00abDones contra la Guerra\u00bb Rosanna Espin\u00f3s, Resu Belmonte, Pepa Miralles, Conxi Domenech, Rosanna Espin\u00f3s, \u00c0ngels Vicedo | Agenda Alcoy\",\"isPartOf\":{\"@id\":\"https:\/\/agendaalcoy.com\/ca\/#website\"},\"primaryImageOfPage\":{\"@id\":\"https:\/\/agendaalcoy.com\/ca\/event\/teatre-dones-contra-la-guerra-rosanna-espinos-resu-belmonte-pepa-miralles-conxi-domenech-rosanna-espinos-angels-vicedo\/#primaryimage\"},\"image\":{\"@id\":\"https:\/\/agendaalcoy.com\/ca\/event\/teatre-dones-contra-la-guerra-rosanna-espinos-resu-belmonte-pepa-miralles-conxi-domenech-rosanna-espinos-angels-vicedo\/#primaryimage\"},\"thumbnailUrl\":\"https:\/\/agendaalcoy.com\/wp-content\/uploads\/2026\/03\/IMG_4174.jpg\",\"datePublished\":\"2026-03-18T12:05:45+00:00\",\"dateModified\":\"2026-03-21T10:04:20+00:00\",\"breadcrumb\":{\"@id\":\"https:\/\/agendaalcoy.com\/ca\/event\/teatre-dones-contra-la-guerra-rosanna-espinos-resu-belmonte-pepa-miralles-conxi-domenech-rosanna-espinos-angels-vicedo\/#breadcrumb\"},\"inLanguage\":\"ca\",\"potentialAction\":[{\"@type\":\"ReadAction\",\"target\":[\"https:\/\/agendaalcoy.com\/ca\/event\/teatre-dones-contra-la-guerra-rosanna-espinos-resu-belmonte-pepa-miralles-conxi-domenech-rosanna-espinos-angels-vicedo\/\"]}]},{\"@type\":\"ImageObject\",\"inLanguage\":\"ca\",\"@id\":\"https:\/\/agendaalcoy.com\/ca\/event\/teatre-dones-contra-la-guerra-rosanna-espinos-resu-belmonte-pepa-miralles-conxi-domenech-rosanna-espinos-angels-vicedo\/#primaryimage\",\"url\":\"https:\/\/agendaalcoy.com\/wp-content\/uploads\/2026\/03\/IMG_4174.jpg\",\"contentUrl\":\"https:\/\/agendaalcoy.com\/wp-content\/uploads\/2026\/03\/IMG_4174.jpg\",\"width\":1448,\"height\":2048},{\"@type\":\"BreadcrumbList\",\"@id\":\"https:\/\/agendaalcoy.com\/ca\/event\/teatre-dones-contra-la-guerra-rosanna-espinos-resu-belmonte-pepa-miralles-conxi-domenech-rosanna-espinos-angels-vicedo\/#breadcrumb\",\"itemListElement\":[{\"@type\":\"ListItem\",\"position\":1,\"name\":\"Portada\",\"item\":\"https:\/\/agendaalcoy.com\/ca\/\"},{\"@type\":\"ListItem\",\"position\":2,\"name\":\"Teatre: \u00abDones contra la Guerra\u00bb Rosanna Espin\u00f3s, Resu Belmonte, Pepa Miralles, Conxi Domenech, Rosanna Espin\u00f3s, \u00c0ngels Vicedo\"}]},{\"@type\":\"WebSite\",\"@id\":\"https:\/\/agendaalcoy.com\/ca\/#website\",\"url\":\"https:\/\/agendaalcoy.com\/ca\/\",\"name\":\"Agenda Alcoy\",\"description\":\"Agenda Cultural de Alcoy - Conciertos, teatro, exposiciones, actividades infantiles, tradiciones...\",\"potentialAction\":[{\"@type\":\"SearchAction\",\"target\":{\"@type\":\"EntryPoint\",\"urlTemplate\":\"https:\/\/agendaalcoy.com\/ca\/?s={search_term_string}\"},\"query-input\":{\"@type\":\"PropertyValueSpecification\",\"valueRequired\":true,\"valueName\":\"search_term_string\"}}],\"inLanguage\":\"ca\"}]}<\/script>\n<!-- \/ Yoast SEO plugin. -->","yoast_head_json":{"title":"Teatre: \u00abDones contra la Guerra\u00bb Rosanna Espin\u00f3s, Resu Belmonte, Pepa Miralles, Conxi Domenech, Rosanna Espin\u00f3s, \u00c0ngels Vicedo | Agenda Alcoy","robots":{"index":"index","follow":"follow","max-snippet":"max-snippet:-1","max-image-preview":"max-image-preview:large","max-video-preview":"max-video-preview:-1"},"canonical":"https:\/\/agendaalcoy.com\/ca\/event\/teatre-dones-contra-la-guerra-rosanna-espinos-resu-belmonte-pepa-miralles-conxi-domenech-rosanna-espinos-angels-vicedo\/","og_locale":"ca_ES","og_type":"article","og_title":"Teatre: \u00abDones contra la Guerra\u00bb Rosanna Espin\u00f3s, Resu Belmonte, Pepa Miralles, Conxi Domenech, Rosanna Espin\u00f3s, \u00c0ngels Vicedo | Agenda Alcoy","og_description":"L&#8217;obra &#8216;Dones contra la Guerra&#8217; de Manolo Molins es presenta a l&#8217;IVAM CADA Alcoi, dirigida per Rosanna Espin\u00f3s i amb un elenc de talentosos int\u00e8rprets.","og_url":"https:\/\/agendaalcoy.com\/ca\/event\/teatre-dones-contra-la-guerra-rosanna-espinos-resu-belmonte-pepa-miralles-conxi-domenech-rosanna-espinos-angels-vicedo\/","og_site_name":"Agenda Alcoy","article_modified_time":"2026-03-21T10:04:20+00:00","og_image":[{"width":1448,"height":2048,"url":"https:\/\/agendaalcoy.com\/wp-content\/uploads\/2026\/03\/IMG_4174.jpg","type":"image\/jpeg"}],"twitter_card":"summary_large_image","schema":{"@context":"https:\/\/schema.org","@graph":[{"@type":"WebPage","@id":"https:\/\/agendaalcoy.com\/ca\/event\/teatre-dones-contra-la-guerra-rosanna-espinos-resu-belmonte-pepa-miralles-conxi-domenech-rosanna-espinos-angels-vicedo\/","url":"https:\/\/agendaalcoy.com\/ca\/event\/teatre-dones-contra-la-guerra-rosanna-espinos-resu-belmonte-pepa-miralles-conxi-domenech-rosanna-espinos-angels-vicedo\/","name":"Teatre: \u00abDones contra la Guerra\u00bb Rosanna Espin\u00f3s, Resu Belmonte, Pepa Miralles, Conxi Domenech, Rosanna Espin\u00f3s, \u00c0ngels Vicedo | Agenda Alcoy","isPartOf":{"@id":"https:\/\/agendaalcoy.com\/ca\/#website"},"primaryImageOfPage":{"@id":"https:\/\/agendaalcoy.com\/ca\/event\/teatre-dones-contra-la-guerra-rosanna-espinos-resu-belmonte-pepa-miralles-conxi-domenech-rosanna-espinos-angels-vicedo\/#primaryimage"},"image":{"@id":"https:\/\/agendaalcoy.com\/ca\/event\/teatre-dones-contra-la-guerra-rosanna-espinos-resu-belmonte-pepa-miralles-conxi-domenech-rosanna-espinos-angels-vicedo\/#primaryimage"},"thumbnailUrl":"https:\/\/agendaalcoy.com\/wp-content\/uploads\/2026\/03\/IMG_4174.jpg","datePublished":"2026-03-18T12:05:45+00:00","dateModified":"2026-03-21T10:04:20+00:00","breadcrumb":{"@id":"https:\/\/agendaalcoy.com\/ca\/event\/teatre-dones-contra-la-guerra-rosanna-espinos-resu-belmonte-pepa-miralles-conxi-domenech-rosanna-espinos-angels-vicedo\/#breadcrumb"},"inLanguage":"ca","potentialAction":[{"@type":"ReadAction","target":["https:\/\/agendaalcoy.com\/ca\/event\/teatre-dones-contra-la-guerra-rosanna-espinos-resu-belmonte-pepa-miralles-conxi-domenech-rosanna-espinos-angels-vicedo\/"]}]},{"@type":"ImageObject","inLanguage":"ca","@id":"https:\/\/agendaalcoy.com\/ca\/event\/teatre-dones-contra-la-guerra-rosanna-espinos-resu-belmonte-pepa-miralles-conxi-domenech-rosanna-espinos-angels-vicedo\/#primaryimage","url":"https:\/\/agendaalcoy.com\/wp-content\/uploads\/2026\/03\/IMG_4174.jpg","contentUrl":"https:\/\/agendaalcoy.com\/wp-content\/uploads\/2026\/03\/IMG_4174.jpg","width":1448,"height":2048},{"@type":"BreadcrumbList","@id":"https:\/\/agendaalcoy.com\/ca\/event\/teatre-dones-contra-la-guerra-rosanna-espinos-resu-belmonte-pepa-miralles-conxi-domenech-rosanna-espinos-angels-vicedo\/#breadcrumb","itemListElement":[{"@type":"ListItem","position":1,"name":"Portada","item":"https:\/\/agendaalcoy.com\/ca\/"},{"@type":"ListItem","position":2,"name":"Teatre: \u00abDones contra la Guerra\u00bb Rosanna Espin\u00f3s, Resu Belmonte, Pepa Miralles, Conxi Domenech, Rosanna Espin\u00f3s, \u00c0ngels Vicedo"}]},{"@type":"WebSite","@id":"https:\/\/agendaalcoy.com\/ca\/#website","url":"https:\/\/agendaalcoy.com\/ca\/","name":"Agenda Alcoy","description":"Agenda Cultural de Alcoy - Conciertos, teatro, exposiciones, actividades infantiles, tradiciones...","potentialAction":[{"@type":"SearchAction","target":{"@type":"EntryPoint","urlTemplate":"https:\/\/agendaalcoy.com\/ca\/?s={search_term_string}"},"query-input":{"@type":"PropertyValueSpecification","valueRequired":true,"valueName":"search_term_string"}}],"inLanguage":"ca"}]}},"start_date":"22-05-2026","end_date":"22-05-2026","start_time":"19:00","end_time":"20:30","event_address":"IVAM CADA Alcoi","categories":["Teatre"],"featured_image":"https:\/\/agendaalcoy.com\/wp-content\/uploads\/2026\/03\/IMG_4174.jpg","_links":{"self":[{"href":"https:\/\/agendaalcoy.com\/ca\/wp-json\/wp\/v2\/event\/50487","targetHints":{"allow":["GET"]}}],"collection":[{"href":"https:\/\/agendaalcoy.com\/ca\/wp-json\/wp\/v2\/event"}],"about":[{"href":"https:\/\/agendaalcoy.com\/ca\/wp-json\/wp\/v2\/types\/event"}],"author":[{"embeddable":true,"href":"https:\/\/agendaalcoy.com\/ca\/wp-json\/wp\/v2\/users\/1"}],"replies":[{"embeddable":true,"href":"https:\/\/agendaalcoy.com\/ca\/wp-json\/wp\/v2\/comments?post=50487"}],"version-history":[{"count":1,"href":"https:\/\/agendaalcoy.com\/ca\/wp-json\/wp\/v2\/event\/50487\/revisions"}],"predecessor-version":[{"id":50687,"href":"https:\/\/agendaalcoy.com\/ca\/wp-json\/wp\/v2\/event\/50487\/revisions\/50687"}],"wp:featuredmedia":[{"embeddable":true,"href":"https:\/\/agendaalcoy.com\/ca\/wp-json\/wp\/v2\/media\/50484"}],"wp:attachment":[{"href":"https:\/\/agendaalcoy.com\/ca\/wp-json\/wp\/v2\/media?parent=50487"}],"wp:term":[{"taxonomy":"event_cat","embeddable":true,"href":"https:\/\/agendaalcoy.com\/ca\/wp-json\/wp\/v2\/event_cat?post=50487"},{"taxonomy":"event_tag","embeddable":true,"href":"https:\/\/agendaalcoy.com\/ca\/wp-json\/wp\/v2\/event_tag?post=50487"},{"taxonomy":"event_loc","embeddable":true,"href":"https:\/\/agendaalcoy.com\/ca\/wp-json\/wp\/v2\/event_loc?post=50487"}],"curies":[{"name":"wp","href":"https:\/\/api.w.org\/{rel}","templated":true}]}}

Teatre: «Dones contra la Guerra» Rosanna Espinós, Resu Belmonte, Pepa Miralles, Conxi Domenech, Rosanna Espinós, Àngels Vicedo

<p>L&#8217;obra &#8216;Dones contra la Guerra&#8217; de Manolo Molins es presenta a l&#8217;IVAM CADA Alcoi, dirigida per Rosanna Espinós i amb un elenc de talentosos intèrprets.</p>

<!-- This site is optimized with the Yoast SEO plugin v26.4 - https://yoast.com/wordpress/plugins/seo/ -->
<title>Teatre: «Dones contra la Guerra» Rosanna Espinós, Resu Belmonte, Pepa Miralles, Conxi Domenech, Rosanna Espinós, Àngels Vicedo | Agenda Alcoy</title>
<meta name="robots" content="index, follow, max-snippet:-1, max-image-preview:large, max-video-preview:-1" />
<link rel="canonical" href="https://agendaalcoy.com/ca/event/teatre-dones-contra-la-guerra-rosanna-espinos-resu-belmonte-pepa-miralles-conxi-domenech-rosanna-espinos-angels-vicedo/" />
<meta property="og:locale" content="ca_ES" />
<meta property="og:type" content="article" />
<meta property="og:title" content="Teatre: «Dones contra la Guerra» Rosanna Espinós, Resu Belmonte, Pepa Miralles, Conxi Domenech, Rosanna Espinós, Àngels Vicedo | Agenda Alcoy" />
<meta property="og:description" content="L&#8217;obra &#8216;Dones contra la Guerra&#8217; de Manolo Molins es presenta a l&#8217;IVAM CADA Alcoi, dirigida per Rosanna Espinós i amb un elenc de talentosos intèrprets." />
<meta property="og:url" content="https://agendaalcoy.com/ca/event/teatre-dones-contra-la-guerra-rosanna-espinos-resu-belmonte-pepa-miralles-conxi-domenech-rosanna-espinos-angels-vicedo/" />
<meta property="og:site_name" content="Agenda Alcoy" />
<meta property="article:modified_time" content="2026-03-21T10:04:20+00:00" />
<meta property="og:image" content="https://agendaalcoy.com/wp-content/uploads/2026/03/IMG_4174.jpg" />
	<meta property="og:image:width" content="1448" />
	<meta property="og:image:height" content="2048" />
	<meta property="og:image:type" content="image/jpeg" />
<meta name="twitter:card" content="summary_large_image" />
<script type="application/ld+json" class="yoast-schema-graph">{"@context":"https://schema.org","@graph":[{"@type":"WebPage","@id":"https://agendaalcoy.com/ca/event/teatre-dones-contra-la-guerra-rosanna-espinos-resu-belmonte-pepa-miralles-conxi-domenech-rosanna-espinos-angels-vicedo/","url":"https://agendaalcoy.com/ca/event/teatre-dones-contra-la-guerra-rosanna-espinos-resu-belmonte-pepa-miralles-conxi-domenech-rosanna-espinos-angels-vicedo/","name":"Teatre: «Dones contra la Guerra» Rosanna Espinós, Resu Belmonte, Pepa Miralles, Conxi Domenech, Rosanna Espinós, Àngels Vicedo | Agenda Alcoy","isPartOf":{"@id":"https://agendaalcoy.com/ca/#website"},"primaryImageOfPage":{"@id":"https://agendaalcoy.com/ca/event/teatre-dones-contra-la-guerra-rosanna-espinos-resu-belmonte-pepa-miralles-conxi-domenech-rosanna-espinos-angels-vicedo/#primaryimage"},"image":{"@id":"https://agendaalcoy.com/ca/event/teatre-dones-contra-la-guerra-rosanna-espinos-resu-belmonte-pepa-miralles-conxi-domenech-rosanna-espinos-angels-vicedo/#primaryimage"},"thumbnailUrl":"https://agendaalcoy.com/wp-content/uploads/2026/03/IMG_4174.jpg","datePublished":"2026-03-18T12:05:45+00:00","dateModified":"2026-03-21T10:04:20+00:00","breadcrumb":{"@id":"https://agendaalcoy.com/ca/event/teatre-dones-contra-la-guerra-rosanna-espinos-resu-belmonte-pepa-miralles-conxi-domenech-rosanna-espinos-angels-vicedo/#breadcrumb"},"inLanguage":"ca","potentialAction":[{"@type":"ReadAction","target":["https://agendaalcoy.com/ca/event/teatre-dones-contra-la-guerra-rosanna-espinos-resu-belmonte-pepa-miralles-conxi-domenech-rosanna-espinos-angels-vicedo/"]}]},{"@type":"ImageObject","inLanguage":"ca","@id":"https://agendaalcoy.com/ca/event/teatre-dones-contra-la-guerra-rosanna-espinos-resu-belmonte-pepa-miralles-conxi-domenech-rosanna-espinos-angels-vicedo/#primaryimage","url":"https://agendaalcoy.com/wp-content/uploads/2026/03/IMG_4174.jpg","contentUrl":"https://agendaalcoy.com/wp-content/uploads/2026/03/IMG_4174.jpg","width":1448,"height":2048},{"@type":"BreadcrumbList","@id":"https://agendaalcoy.com/ca/event/teatre-dones-contra-la-guerra-rosanna-espinos-resu-belmonte-pepa-miralles-conxi-domenech-rosanna-espinos-angels-vicedo/#breadcrumb","itemListElement":[{"@type":"ListItem","position":1,"name":"Portada","item":"https://agendaalcoy.com/ca/"},{"@type":"ListItem","position":2,"name":"Teatre: «Dones contra la Guerra» Rosanna Espinós, Resu Belmonte, Pepa Miralles, Conxi Domenech, Rosanna Espinós, Àngels Vicedo"}]},{"@type":"WebSite","@id":"https://agendaalcoy.com/ca/#website","url":"https://agendaalcoy.com/ca/","name":"Agenda Alcoy","description":"Agenda Cultural de Alcoy - Conciertos, teatro, exposiciones, actividades infantiles, tradiciones...","potentialAction":[{"@type":"SearchAction","target":{"@type":"EntryPoint","urlTemplate":"https://agendaalcoy.com/ca/?s={search_term_string}"},"query-input":{"@type":"PropertyValueSpecification","valueRequired":true,"valueName":"search_term_string"}}],"inLanguage":"ca"}]}</script>
<!-- / Yoast SEO plugin. -->

Teatre: «Dones contra la Guerra» Rosanna Espinós, Resu Belmonte, Pepa Miralles, Conxi Domenech, Rosanna Espinós, Àngels Vicedo | Agenda Alcoy

L&#8217;obra &#8216;Dones contra la Guerra&#8217; de Manolo Molins es presenta a l&#8217;IVAM CADA Alcoi, dirigida per Rosanna Espinós i amb un elenc de talentosos intèrprets.
