{"id":49498,"date":"2026-03-05T10:38:43","date_gmt":"2026-03-05T10:38:43","guid":{"rendered":"https:\/\/agendaalcoy.com\/event\/ca\/exposicio-colors-de-festa-ximo-canet"},"modified":"2026-03-31T10:13:03","modified_gmt":"2026-03-31T10:13:03","slug":"exposicio-colors-de-festa-ximo-canet","status":"publish","type":"event","link":"https:\/\/agendaalcoy.com\/ca\/event\/exposicio-colors-de-festa-ximo-canet\/","title":{"rendered":"Exposici\u00f3: \u00abColors de Festa\u00bb Ximo Canet"},"content":{"rendered":"<p>Ximo Canet presenta la seva exposici\u00f3 Colors de Festa a la Fundaci\u00f3 Mutua Levante.<br \/>\nUna mostra que ret homenatge al?ess\u00e8ncia d?Alcoi.<br \/>\nL&#8217;artista ha pintat les 28 filaes de les Festes de Moros i Cristians.<\/p>\n","protected":false},"excerpt":{"rendered":"<p>Ximo Canet presenta la seva exposici\u00f3 Colors de Festa a la Fundaci\u00f3 Mutua Levante. Una mostra que ret homenatge al?ess\u00e8ncia d?Alcoi. L&#8217;artista ha pintat les 28 filaes de les Festes de Moros i Cristians.<\/p>\n","protected":false},"author":1,"featured_media":50032,"comment_status":"closed","ping_status":"closed","template":"","meta":[],"event_cat":[145],"event_tag":[],"event_loc":[],"class_list":["post-49498","event","type-event","status-publish","has-post-thumbnail","hentry","event_cat-exposicions"],"yoast_head":"<!-- This site is optimized with the Yoast SEO plugin v26.4 - https:\/\/yoast.com\/wordpress\/plugins\/seo\/ -->\n<title>Exposici\u00f3: \u00abColors de Festa\u00bb Ximo Canet | Agenda Alcoy<\/title>\n<meta name=\"robots\" content=\"index, follow, max-snippet:-1, max-image-preview:large, max-video-preview:-1\" \/>\n<link rel=\"canonical\" href=\"https:\/\/agendaalcoy.com\/ca\/event\/exposicio-colors-de-festa-ximo-canet\/\" \/>\n<meta property=\"og:locale\" content=\"ca_ES\" \/>\n<meta property=\"og:type\" content=\"article\" \/>\n<meta property=\"og:title\" content=\"Exposici\u00f3: \u00abColors de Festa\u00bb Ximo Canet | Agenda Alcoy\" \/>\n<meta property=\"og:description\" content=\"Ximo Canet presenta la seva exposici\u00f3 Colors de Festa a la Fundaci\u00f3 Mutua Levante. Una mostra que ret homenatge al?ess\u00e8ncia d?Alcoi. L&#8217;artista ha pintat les 28 filaes de les Festes de Moros i Cristians.\" \/>\n<meta property=\"og:url\" content=\"https:\/\/agendaalcoy.com\/ca\/event\/exposicio-colors-de-festa-ximo-canet\/\" \/>\n<meta property=\"og:site_name\" content=\"Agenda Alcoy\" \/>\n<meta property=\"article:modified_time\" content=\"2026-03-31T10:13:03+00:00\" \/>\n<meta property=\"og:image\" content=\"https:\/\/agendaalcoy.com\/wp-content\/uploads\/2026\/03\/646384432_1654778189041472_3971939273788030071_n.jpg\" \/>\n\t<meta property=\"og:image:width\" content=\"1080\" \/>\n\t<meta property=\"og:image:height\" content=\"1350\" \/>\n\t<meta property=\"og:image:type\" content=\"image\/jpeg\" \/>\n<meta name=\"twitter:card\" content=\"summary_large_image\" \/>\n<script type=\"application\/ld+json\" class=\"yoast-schema-graph\">{\"@context\":\"https:\/\/schema.org\",\"@graph\":[{\"@type\":\"WebPage\",\"@id\":\"https:\/\/agendaalcoy.com\/ca\/event\/exposicio-colors-de-festa-ximo-canet\/\",\"url\":\"https:\/\/agendaalcoy.com\/ca\/event\/exposicio-colors-de-festa-ximo-canet\/\",\"name\":\"Exposici\u00f3: \u00abColors de Festa\u00bb Ximo Canet | Agenda Alcoy\",\"isPartOf\":{\"@id\":\"https:\/\/agendaalcoy.com\/ca\/#website\"},\"primaryImageOfPage\":{\"@id\":\"https:\/\/agendaalcoy.com\/ca\/event\/exposicio-colors-de-festa-ximo-canet\/#primaryimage\"},\"image\":{\"@id\":\"https:\/\/agendaalcoy.com\/ca\/event\/exposicio-colors-de-festa-ximo-canet\/#primaryimage\"},\"thumbnailUrl\":\"https:\/\/agendaalcoy.com\/wp-content\/uploads\/2026\/03\/646384432_1654778189041472_3971939273788030071_n.jpg\",\"datePublished\":\"2026-03-05T10:38:43+00:00\",\"dateModified\":\"2026-03-31T10:13:03+00:00\",\"breadcrumb\":{\"@id\":\"https:\/\/agendaalcoy.com\/ca\/event\/exposicio-colors-de-festa-ximo-canet\/#breadcrumb\"},\"inLanguage\":\"ca\",\"potentialAction\":[{\"@type\":\"ReadAction\",\"target\":[\"https:\/\/agendaalcoy.com\/ca\/event\/exposicio-colors-de-festa-ximo-canet\/\"]}]},{\"@type\":\"ImageObject\",\"inLanguage\":\"ca\",\"@id\":\"https:\/\/agendaalcoy.com\/ca\/event\/exposicio-colors-de-festa-ximo-canet\/#primaryimage\",\"url\":\"https:\/\/agendaalcoy.com\/wp-content\/uploads\/2026\/03\/646384432_1654778189041472_3971939273788030071_n.jpg\",\"contentUrl\":\"https:\/\/agendaalcoy.com\/wp-content\/uploads\/2026\/03\/646384432_1654778189041472_3971939273788030071_n.jpg\",\"width\":1080,\"height\":1350},{\"@type\":\"BreadcrumbList\",\"@id\":\"https:\/\/agendaalcoy.com\/ca\/event\/exposicio-colors-de-festa-ximo-canet\/#breadcrumb\",\"itemListElement\":[{\"@type\":\"ListItem\",\"position\":1,\"name\":\"Portada\",\"item\":\"https:\/\/agendaalcoy.com\/ca\/\"},{\"@type\":\"ListItem\",\"position\":2,\"name\":\"Exposici\u00f3: \u00abColors de Festa\u00bb Ximo Canet\"}]},{\"@type\":\"WebSite\",\"@id\":\"https:\/\/agendaalcoy.com\/ca\/#website\",\"url\":\"https:\/\/agendaalcoy.com\/ca\/\",\"name\":\"Agenda Alcoy\",\"description\":\"Agenda Cultural de Alcoy - Conciertos, teatro, exposiciones, actividades infantiles, tradiciones...\",\"potentialAction\":[{\"@type\":\"SearchAction\",\"target\":{\"@type\":\"EntryPoint\",\"urlTemplate\":\"https:\/\/agendaalcoy.com\/ca\/?s={search_term_string}\"},\"query-input\":{\"@type\":\"PropertyValueSpecification\",\"valueRequired\":true,\"valueName\":\"search_term_string\"}}],\"inLanguage\":\"ca\"}]}<\/script>\n<!-- \/ Yoast SEO plugin. -->","yoast_head_json":{"title":"Exposici\u00f3: \u00abColors de Festa\u00bb Ximo Canet | Agenda Alcoy","robots":{"index":"index","follow":"follow","max-snippet":"max-snippet:-1","max-image-preview":"max-image-preview:large","max-video-preview":"max-video-preview:-1"},"canonical":"https:\/\/agendaalcoy.com\/ca\/event\/exposicio-colors-de-festa-ximo-canet\/","og_locale":"ca_ES","og_type":"article","og_title":"Exposici\u00f3: \u00abColors de Festa\u00bb Ximo Canet | Agenda Alcoy","og_description":"Ximo Canet presenta la seva exposici\u00f3 Colors de Festa a la Fundaci\u00f3 Mutua Levante. Una mostra que ret homenatge al?ess\u00e8ncia d?Alcoi. L&#8217;artista ha pintat les 28 filaes de les Festes de Moros i Cristians.","og_url":"https:\/\/agendaalcoy.com\/ca\/event\/exposicio-colors-de-festa-ximo-canet\/","og_site_name":"Agenda Alcoy","article_modified_time":"2026-03-31T10:13:03+00:00","og_image":[{"width":1080,"height":1350,"url":"https:\/\/agendaalcoy.com\/wp-content\/uploads\/2026\/03\/646384432_1654778189041472_3971939273788030071_n.jpg","type":"image\/jpeg"}],"twitter_card":"summary_large_image","schema":{"@context":"https:\/\/schema.org","@graph":[{"@type":"WebPage","@id":"https:\/\/agendaalcoy.com\/ca\/event\/exposicio-colors-de-festa-ximo-canet\/","url":"https:\/\/agendaalcoy.com\/ca\/event\/exposicio-colors-de-festa-ximo-canet\/","name":"Exposici\u00f3: \u00abColors de Festa\u00bb Ximo Canet | Agenda Alcoy","isPartOf":{"@id":"https:\/\/agendaalcoy.com\/ca\/#website"},"primaryImageOfPage":{"@id":"https:\/\/agendaalcoy.com\/ca\/event\/exposicio-colors-de-festa-ximo-canet\/#primaryimage"},"image":{"@id":"https:\/\/agendaalcoy.com\/ca\/event\/exposicio-colors-de-festa-ximo-canet\/#primaryimage"},"thumbnailUrl":"https:\/\/agendaalcoy.com\/wp-content\/uploads\/2026\/03\/646384432_1654778189041472_3971939273788030071_n.jpg","datePublished":"2026-03-05T10:38:43+00:00","dateModified":"2026-03-31T10:13:03+00:00","breadcrumb":{"@id":"https:\/\/agendaalcoy.com\/ca\/event\/exposicio-colors-de-festa-ximo-canet\/#breadcrumb"},"inLanguage":"ca","potentialAction":[{"@type":"ReadAction","target":["https:\/\/agendaalcoy.com\/ca\/event\/exposicio-colors-de-festa-ximo-canet\/"]}]},{"@type":"ImageObject","inLanguage":"ca","@id":"https:\/\/agendaalcoy.com\/ca\/event\/exposicio-colors-de-festa-ximo-canet\/#primaryimage","url":"https:\/\/agendaalcoy.com\/wp-content\/uploads\/2026\/03\/646384432_1654778189041472_3971939273788030071_n.jpg","contentUrl":"https:\/\/agendaalcoy.com\/wp-content\/uploads\/2026\/03\/646384432_1654778189041472_3971939273788030071_n.jpg","width":1080,"height":1350},{"@type":"BreadcrumbList","@id":"https:\/\/agendaalcoy.com\/ca\/event\/exposicio-colors-de-festa-ximo-canet\/#breadcrumb","itemListElement":[{"@type":"ListItem","position":1,"name":"Portada","item":"https:\/\/agendaalcoy.com\/ca\/"},{"@type":"ListItem","position":2,"name":"Exposici\u00f3: \u00abColors de Festa\u00bb Ximo Canet"}]},{"@type":"WebSite","@id":"https:\/\/agendaalcoy.com\/ca\/#website","url":"https:\/\/agendaalcoy.com\/ca\/","name":"Agenda Alcoy","description":"Agenda Cultural de Alcoy - Conciertos, teatro, exposiciones, actividades infantiles, tradiciones...","potentialAction":[{"@type":"SearchAction","target":{"@type":"EntryPoint","urlTemplate":"https:\/\/agendaalcoy.com\/ca\/?s={search_term_string}"},"query-input":{"@type":"PropertyValueSpecification","valueRequired":true,"valueName":"search_term_string"}}],"inLanguage":"ca"}]}},"start_date":"20-03-2026","end_date":"15-05-2026","start_time":"10:00","end_time":"20:00","event_address":"Fundaci\u00f3n Mutua Levante","categories":["Exposicions"],"featured_image":"https:\/\/agendaalcoy.com\/wp-content\/uploads\/2026\/03\/646384432_1654778189041472_3971939273788030071_n.jpg","_links":{"self":[{"href":"https:\/\/agendaalcoy.com\/ca\/wp-json\/wp\/v2\/event\/49498","targetHints":{"allow":["GET"]}}],"collection":[{"href":"https:\/\/agendaalcoy.com\/ca\/wp-json\/wp\/v2\/event"}],"about":[{"href":"https:\/\/agendaalcoy.com\/ca\/wp-json\/wp\/v2\/types\/event"}],"author":[{"embeddable":true,"href":"https:\/\/agendaalcoy.com\/ca\/wp-json\/wp\/v2\/users\/1"}],"replies":[{"embeddable":true,"href":"https:\/\/agendaalcoy.com\/ca\/wp-json\/wp\/v2\/comments?post=49498"}],"version-history":[{"count":2,"href":"https:\/\/agendaalcoy.com\/ca\/wp-json\/wp\/v2\/event\/49498\/revisions"}],"predecessor-version":[{"id":51471,"href":"https:\/\/agendaalcoy.com\/ca\/wp-json\/wp\/v2\/event\/49498\/revisions\/51471"}],"wp:featuredmedia":[{"embeddable":true,"href":"https:\/\/agendaalcoy.com\/ca\/wp-json\/wp\/v2\/media\/50032"}],"wp:attachment":[{"href":"https:\/\/agendaalcoy.com\/ca\/wp-json\/wp\/v2\/media?parent=49498"}],"wp:term":[{"taxonomy":"event_cat","embeddable":true,"href":"https:\/\/agendaalcoy.com\/ca\/wp-json\/wp\/v2\/event_cat?post=49498"},{"taxonomy":"event_tag","embeddable":true,"href":"https:\/\/agendaalcoy.com\/ca\/wp-json\/wp\/v2\/event_tag?post=49498"},{"taxonomy":"event_loc","embeddable":true,"href":"https:\/\/agendaalcoy.com\/ca\/wp-json\/wp\/v2\/event_loc?post=49498"}],"curies":[{"name":"wp","href":"https:\/\/api.w.org\/{rel}","templated":true}]}}

Exposició: «Colors de Festa» Ximo Canet

<p>Ximo Canet presenta la seva exposició Colors de Festa a la Fundació Mutua Levante.<br />
Una mostra que ret homenatge al?essència d?Alcoi.<br />
L&#8217;artista ha pintat les 28 filaes de les Festes de Moros i Cristians.</p>

<p>Ximo Canet presenta la seva exposició Colors de Festa a la Fundació Mutua Levante. Una mostra que ret homenatge al?essència d?Alcoi. L&#8217;artista ha pintat les 28 filaes de les Festes de Moros i Cristians.</p>

<!-- This site is optimized with the Yoast SEO plugin v26.4 - https://yoast.com/wordpress/plugins/seo/ -->
<title>Exposició: «Colors de Festa» Ximo Canet | Agenda Alcoy</title>
<meta name="robots" content="index, follow, max-snippet:-1, max-image-preview:large, max-video-preview:-1" />
<link rel="canonical" href="https://agendaalcoy.com/ca/event/exposicio-colors-de-festa-ximo-canet/" />
<meta property="og:locale" content="ca_ES" />
<meta property="og:type" content="article" />
<meta property="og:title" content="Exposició: «Colors de Festa» Ximo Canet | Agenda Alcoy" />
<meta property="og:description" content="Ximo Canet presenta la seva exposició Colors de Festa a la Fundació Mutua Levante. Una mostra que ret homenatge al?essència d?Alcoi. L&#8217;artista ha pintat les 28 filaes de les Festes de Moros i Cristians." />
<meta property="og:url" content="https://agendaalcoy.com/ca/event/exposicio-colors-de-festa-ximo-canet/" />
<meta property="og:site_name" content="Agenda Alcoy" />
<meta property="article:modified_time" content="2026-03-31T10:13:03+00:00" />
<meta property="og:image" content="https://agendaalcoy.com/wp-content/uploads/2026/03/646384432_1654778189041472_3971939273788030071_n.jpg" />
	<meta property="og:image:width" content="1080" />
	<meta property="og:image:height" content="1350" />
	<meta property="og:image:type" content="image/jpeg" />
<meta name="twitter:card" content="summary_large_image" />
<script type="application/ld+json" class="yoast-schema-graph">{"@context":"https://schema.org","@graph":[{"@type":"WebPage","@id":"https://agendaalcoy.com/ca/event/exposicio-colors-de-festa-ximo-canet/","url":"https://agendaalcoy.com/ca/event/exposicio-colors-de-festa-ximo-canet/","name":"Exposició: «Colors de Festa» Ximo Canet | Agenda Alcoy","isPartOf":{"@id":"https://agendaalcoy.com/ca/#website"},"primaryImageOfPage":{"@id":"https://agendaalcoy.com/ca/event/exposicio-colors-de-festa-ximo-canet/#primaryimage"},"image":{"@id":"https://agendaalcoy.com/ca/event/exposicio-colors-de-festa-ximo-canet/#primaryimage"},"thumbnailUrl":"https://agendaalcoy.com/wp-content/uploads/2026/03/646384432_1654778189041472_3971939273788030071_n.jpg","datePublished":"2026-03-05T10:38:43+00:00","dateModified":"2026-03-31T10:13:03+00:00","breadcrumb":{"@id":"https://agendaalcoy.com/ca/event/exposicio-colors-de-festa-ximo-canet/#breadcrumb"},"inLanguage":"ca","potentialAction":[{"@type":"ReadAction","target":["https://agendaalcoy.com/ca/event/exposicio-colors-de-festa-ximo-canet/"]}]},{"@type":"ImageObject","inLanguage":"ca","@id":"https://agendaalcoy.com/ca/event/exposicio-colors-de-festa-ximo-canet/#primaryimage","url":"https://agendaalcoy.com/wp-content/uploads/2026/03/646384432_1654778189041472_3971939273788030071_n.jpg","contentUrl":"https://agendaalcoy.com/wp-content/uploads/2026/03/646384432_1654778189041472_3971939273788030071_n.jpg","width":1080,"height":1350},{"@type":"BreadcrumbList","@id":"https://agendaalcoy.com/ca/event/exposicio-colors-de-festa-ximo-canet/#breadcrumb","itemListElement":[{"@type":"ListItem","position":1,"name":"Portada","item":"https://agendaalcoy.com/ca/"},{"@type":"ListItem","position":2,"name":"Exposició: «Colors de Festa» Ximo Canet"}]},{"@type":"WebSite","@id":"https://agendaalcoy.com/ca/#website","url":"https://agendaalcoy.com/ca/","name":"Agenda Alcoy","description":"Agenda Cultural de Alcoy - Conciertos, teatro, exposiciones, actividades infantiles, tradiciones...","potentialAction":[{"@type":"SearchAction","target":{"@type":"EntryPoint","urlTemplate":"https://agendaalcoy.com/ca/?s={search_term_string}"},"query-input":{"@type":"PropertyValueSpecification","valueRequired":true,"valueName":"search_term_string"}}],"inLanguage":"ca"}]}</script>
<!-- / Yoast SEO plugin. -->

Exposició: «Colors de Festa» Ximo Canet | Agenda Alcoy

Ximo Canet presenta la seva exposició Colors de Festa a la Fundació Mutua Levante. Una mostra que ret homenatge al?essència d?Alcoi. L&#8217;artista ha pintat les 28 filaes de les Festes de Moros i Cristians.

Fundación Mutua Levante
