{"id":47698,"date":"2026-02-06T00:07:29","date_gmt":"2026-02-06T00:07:29","guid":{"rendered":"https:\/\/agendaalcoy.com\/event\/ca\/excursio-nit-danimes-els-antics-cementeris-urbans-josep-lluis-santonja-cardona"},"modified":"2026-02-06T11:27:23","modified_gmt":"2026-02-06T11:27:23","slug":"excursio-nit-danimes-els-antics-cementeris-urbans-josep-lluis-santonja-cardona","status":"publish","type":"event","link":"https:\/\/agendaalcoy.com\/ca\/event\/excursio-nit-danimes-els-antics-cementeris-urbans-josep-lluis-santonja-cardona\/","title":{"rendered":"\u00abExcursi\u00f3: Nit d\u2019\u00e0nimes: els antics cementeris urbans\u00bb Josep Llu\u00eds Santonja Cardona"},"content":{"rendered":"<p>Excursi\u00f3 nocturna pels antics cementeris urbans, guiada per Josep Llu\u00eds Santonja Cardona.<\/p>\n","protected":false},"excerpt":{"rendered":"<p>Excursi\u00f3 nocturna pels antics cementeris urbans, guiada per Josep Llu\u00eds Santonja Cardona.<\/p>\n","protected":false},"author":1,"featured_media":47695,"comment_status":"closed","ping_status":"closed","template":"","meta":[],"event_cat":[160],"event_tag":[],"event_loc":[195],"class_list":["post-47698","event","type-event","status-publish","has-post-thumbnail","hentry","event_cat-rutes-excursions-visites-guiades","event_loc-placeta-del-fossar"],"yoast_head":"<!-- This site is optimized with the Yoast SEO plugin v26.4 - https:\/\/yoast.com\/wordpress\/plugins\/seo\/ -->\n<title>\u00abExcursi\u00f3: Nit d\u2019\u00e0nimes: els antics cementeris urbans\u00bb Josep Llu\u00eds Santonja Cardona | Agenda Alcoy<\/title>\n<meta name=\"robots\" content=\"index, follow, max-snippet:-1, max-image-preview:large, max-video-preview:-1\" \/>\n<link rel=\"canonical\" href=\"https:\/\/agendaalcoy.com\/ca\/event\/excursio-nit-danimes-els-antics-cementeris-urbans-josep-lluis-santonja-cardona\/\" \/>\n<meta property=\"og:locale\" content=\"ca_ES\" \/>\n<meta property=\"og:type\" content=\"article\" \/>\n<meta property=\"og:title\" content=\"\u00abExcursi\u00f3: Nit d\u2019\u00e0nimes: els antics cementeris urbans\u00bb Josep Llu\u00eds Santonja Cardona | Agenda Alcoy\" \/>\n<meta property=\"og:description\" content=\"Excursi\u00f3 nocturna pels antics cementeris urbans, guiada per Josep Llu\u00eds Santonja Cardona.\" \/>\n<meta property=\"og:url\" content=\"https:\/\/agendaalcoy.com\/ca\/event\/excursio-nit-danimes-els-antics-cementeris-urbans-josep-lluis-santonja-cardona\/\" \/>\n<meta property=\"og:site_name\" content=\"Agenda Alcoy\" \/>\n<meta property=\"article:modified_time\" content=\"2026-02-06T11:27:23+00:00\" \/>\n<meta property=\"og:image\" content=\"https:\/\/agendaalcoy.com\/wp-content\/uploads\/2026\/02\/IMG_3016-8.jpg\" \/>\n\t<meta property=\"og:image:width\" content=\"1391\" \/>\n\t<meta property=\"og:image:height\" content=\"1800\" \/>\n\t<meta property=\"og:image:type\" content=\"image\/jpeg\" \/>\n<meta name=\"twitter:card\" content=\"summary_large_image\" \/>\n<script type=\"application\/ld+json\" class=\"yoast-schema-graph\">{\"@context\":\"https:\/\/schema.org\",\"@graph\":[{\"@type\":\"WebPage\",\"@id\":\"https:\/\/agendaalcoy.com\/ca\/event\/excursio-nit-danimes-els-antics-cementeris-urbans-josep-lluis-santonja-cardona\/\",\"url\":\"https:\/\/agendaalcoy.com\/ca\/event\/excursio-nit-danimes-els-antics-cementeris-urbans-josep-lluis-santonja-cardona\/\",\"name\":\"\u00abExcursi\u00f3: Nit d\u2019\u00e0nimes: els antics cementeris urbans\u00bb Josep Llu\u00eds Santonja Cardona | Agenda Alcoy\",\"isPartOf\":{\"@id\":\"https:\/\/agendaalcoy.com\/ca\/#website\"},\"primaryImageOfPage\":{\"@id\":\"https:\/\/agendaalcoy.com\/ca\/event\/excursio-nit-danimes-els-antics-cementeris-urbans-josep-lluis-santonja-cardona\/#primaryimage\"},\"image\":{\"@id\":\"https:\/\/agendaalcoy.com\/ca\/event\/excursio-nit-danimes-els-antics-cementeris-urbans-josep-lluis-santonja-cardona\/#primaryimage\"},\"thumbnailUrl\":\"https:\/\/agendaalcoy.com\/wp-content\/uploads\/2026\/02\/IMG_3016-8.jpg\",\"datePublished\":\"2026-02-06T00:07:29+00:00\",\"dateModified\":\"2026-02-06T11:27:23+00:00\",\"breadcrumb\":{\"@id\":\"https:\/\/agendaalcoy.com\/ca\/event\/excursio-nit-danimes-els-antics-cementeris-urbans-josep-lluis-santonja-cardona\/#breadcrumb\"},\"inLanguage\":\"ca\",\"potentialAction\":[{\"@type\":\"ReadAction\",\"target\":[\"https:\/\/agendaalcoy.com\/ca\/event\/excursio-nit-danimes-els-antics-cementeris-urbans-josep-lluis-santonja-cardona\/\"]}]},{\"@type\":\"ImageObject\",\"inLanguage\":\"ca\",\"@id\":\"https:\/\/agendaalcoy.com\/ca\/event\/excursio-nit-danimes-els-antics-cementeris-urbans-josep-lluis-santonja-cardona\/#primaryimage\",\"url\":\"https:\/\/agendaalcoy.com\/wp-content\/uploads\/2026\/02\/IMG_3016-8.jpg\",\"contentUrl\":\"https:\/\/agendaalcoy.com\/wp-content\/uploads\/2026\/02\/IMG_3016-8.jpg\",\"width\":1391,\"height\":1800},{\"@type\":\"BreadcrumbList\",\"@id\":\"https:\/\/agendaalcoy.com\/ca\/event\/excursio-nit-danimes-els-antics-cementeris-urbans-josep-lluis-santonja-cardona\/#breadcrumb\",\"itemListElement\":[{\"@type\":\"ListItem\",\"position\":1,\"name\":\"Portada\",\"item\":\"https:\/\/agendaalcoy.com\/ca\/\"},{\"@type\":\"ListItem\",\"position\":2,\"name\":\"\u00abExcursi\u00f3: Nit d\u2019\u00e0nimes: els antics cementeris urbans\u00bb Josep Llu\u00eds Santonja Cardona\"}]},{\"@type\":\"WebSite\",\"@id\":\"https:\/\/agendaalcoy.com\/ca\/#website\",\"url\":\"https:\/\/agendaalcoy.com\/ca\/\",\"name\":\"Agenda Alcoy\",\"description\":\"Agenda Cultural de Alcoy - Conciertos, teatro, exposiciones, actividades infantiles, tradiciones...\",\"potentialAction\":[{\"@type\":\"SearchAction\",\"target\":{\"@type\":\"EntryPoint\",\"urlTemplate\":\"https:\/\/agendaalcoy.com\/ca\/?s={search_term_string}\"},\"query-input\":{\"@type\":\"PropertyValueSpecification\",\"valueRequired\":true,\"valueName\":\"search_term_string\"}}],\"inLanguage\":\"ca\"}]}<\/script>\n<!-- \/ Yoast SEO plugin. -->","yoast_head_json":{"title":"\u00abExcursi\u00f3: Nit d\u2019\u00e0nimes: els antics cementeris urbans\u00bb Josep Llu\u00eds Santonja Cardona | Agenda Alcoy","robots":{"index":"index","follow":"follow","max-snippet":"max-snippet:-1","max-image-preview":"max-image-preview:large","max-video-preview":"max-video-preview:-1"},"canonical":"https:\/\/agendaalcoy.com\/ca\/event\/excursio-nit-danimes-els-antics-cementeris-urbans-josep-lluis-santonja-cardona\/","og_locale":"ca_ES","og_type":"article","og_title":"\u00abExcursi\u00f3: Nit d\u2019\u00e0nimes: els antics cementeris urbans\u00bb Josep Llu\u00eds Santonja Cardona | Agenda Alcoy","og_description":"Excursi\u00f3 nocturna pels antics cementeris urbans, guiada per Josep Llu\u00eds Santonja Cardona.","og_url":"https:\/\/agendaalcoy.com\/ca\/event\/excursio-nit-danimes-els-antics-cementeris-urbans-josep-lluis-santonja-cardona\/","og_site_name":"Agenda Alcoy","article_modified_time":"2026-02-06T11:27:23+00:00","og_image":[{"width":1391,"height":1800,"url":"https:\/\/agendaalcoy.com\/wp-content\/uploads\/2026\/02\/IMG_3016-8.jpg","type":"image\/jpeg"}],"twitter_card":"summary_large_image","schema":{"@context":"https:\/\/schema.org","@graph":[{"@type":"WebPage","@id":"https:\/\/agendaalcoy.com\/ca\/event\/excursio-nit-danimes-els-antics-cementeris-urbans-josep-lluis-santonja-cardona\/","url":"https:\/\/agendaalcoy.com\/ca\/event\/excursio-nit-danimes-els-antics-cementeris-urbans-josep-lluis-santonja-cardona\/","name":"\u00abExcursi\u00f3: Nit d\u2019\u00e0nimes: els antics cementeris urbans\u00bb Josep Llu\u00eds Santonja Cardona | Agenda Alcoy","isPartOf":{"@id":"https:\/\/agendaalcoy.com\/ca\/#website"},"primaryImageOfPage":{"@id":"https:\/\/agendaalcoy.com\/ca\/event\/excursio-nit-danimes-els-antics-cementeris-urbans-josep-lluis-santonja-cardona\/#primaryimage"},"image":{"@id":"https:\/\/agendaalcoy.com\/ca\/event\/excursio-nit-danimes-els-antics-cementeris-urbans-josep-lluis-santonja-cardona\/#primaryimage"},"thumbnailUrl":"https:\/\/agendaalcoy.com\/wp-content\/uploads\/2026\/02\/IMG_3016-8.jpg","datePublished":"2026-02-06T00:07:29+00:00","dateModified":"2026-02-06T11:27:23+00:00","breadcrumb":{"@id":"https:\/\/agendaalcoy.com\/ca\/event\/excursio-nit-danimes-els-antics-cementeris-urbans-josep-lluis-santonja-cardona\/#breadcrumb"},"inLanguage":"ca","potentialAction":[{"@type":"ReadAction","target":["https:\/\/agendaalcoy.com\/ca\/event\/excursio-nit-danimes-els-antics-cementeris-urbans-josep-lluis-santonja-cardona\/"]}]},{"@type":"ImageObject","inLanguage":"ca","@id":"https:\/\/agendaalcoy.com\/ca\/event\/excursio-nit-danimes-els-antics-cementeris-urbans-josep-lluis-santonja-cardona\/#primaryimage","url":"https:\/\/agendaalcoy.com\/wp-content\/uploads\/2026\/02\/IMG_3016-8.jpg","contentUrl":"https:\/\/agendaalcoy.com\/wp-content\/uploads\/2026\/02\/IMG_3016-8.jpg","width":1391,"height":1800},{"@type":"BreadcrumbList","@id":"https:\/\/agendaalcoy.com\/ca\/event\/excursio-nit-danimes-els-antics-cementeris-urbans-josep-lluis-santonja-cardona\/#breadcrumb","itemListElement":[{"@type":"ListItem","position":1,"name":"Portada","item":"https:\/\/agendaalcoy.com\/ca\/"},{"@type":"ListItem","position":2,"name":"\u00abExcursi\u00f3: Nit d\u2019\u00e0nimes: els antics cementeris urbans\u00bb Josep Llu\u00eds Santonja Cardona"}]},{"@type":"WebSite","@id":"https:\/\/agendaalcoy.com\/ca\/#website","url":"https:\/\/agendaalcoy.com\/ca\/","name":"Agenda Alcoy","description":"Agenda Cultural de Alcoy - Conciertos, teatro, exposiciones, actividades infantiles, tradiciones...","potentialAction":[{"@type":"SearchAction","target":{"@type":"EntryPoint","urlTemplate":"https:\/\/agendaalcoy.com\/ca\/?s={search_term_string}"},"query-input":{"@type":"PropertyValueSpecification","valueRequired":true,"valueName":"search_term_string"}}],"inLanguage":"ca"}]}},"start_date":"31-10-2026","end_date":"31-10-2026","start_time":"19:00","end_time":"20:30","event_address":"Pla\u00e7a del Fossar","categories":["Rutes"],"featured_image":"https:\/\/agendaalcoy.com\/wp-content\/uploads\/2026\/02\/IMG_3016-8.jpg","_links":{"self":[{"href":"https:\/\/agendaalcoy.com\/ca\/wp-json\/wp\/v2\/event\/47698","targetHints":{"allow":["GET"]}}],"collection":[{"href":"https:\/\/agendaalcoy.com\/ca\/wp-json\/wp\/v2\/event"}],"about":[{"href":"https:\/\/agendaalcoy.com\/ca\/wp-json\/wp\/v2\/types\/event"}],"author":[{"embeddable":true,"href":"https:\/\/agendaalcoy.com\/ca\/wp-json\/wp\/v2\/users\/1"}],"replies":[{"embeddable":true,"href":"https:\/\/agendaalcoy.com\/ca\/wp-json\/wp\/v2\/comments?post=47698"}],"version-history":[{"count":1,"href":"https:\/\/agendaalcoy.com\/ca\/wp-json\/wp\/v2\/event\/47698\/revisions"}],"predecessor-version":[{"id":47835,"href":"https:\/\/agendaalcoy.com\/ca\/wp-json\/wp\/v2\/event\/47698\/revisions\/47835"}],"wp:featuredmedia":[{"embeddable":true,"href":"https:\/\/agendaalcoy.com\/ca\/wp-json\/wp\/v2\/media\/47695"}],"wp:attachment":[{"href":"https:\/\/agendaalcoy.com\/ca\/wp-json\/wp\/v2\/media?parent=47698"}],"wp:term":[{"taxonomy":"event_cat","embeddable":true,"href":"https:\/\/agendaalcoy.com\/ca\/wp-json\/wp\/v2\/event_cat?post=47698"},{"taxonomy":"event_tag","embeddable":true,"href":"https:\/\/agendaalcoy.com\/ca\/wp-json\/wp\/v2\/event_tag?post=47698"},{"taxonomy":"event_loc","embeddable":true,"href":"https:\/\/agendaalcoy.com\/ca\/wp-json\/wp\/v2\/event_loc?post=47698"}],"curies":[{"name":"wp","href":"https:\/\/api.w.org\/{rel}","templated":true}]}}

«Excursió: Nit d’ànimes: els antics cementeris urbans» Josep Lluís Santonja Cardona

<p>Excursió nocturna pels antics cementeris urbans, guiada per Josep Lluís Santonja Cardona.</p>

<!-- This site is optimized with the Yoast SEO plugin v26.4 - https://yoast.com/wordpress/plugins/seo/ -->
<title>«Excursió: Nit d’ànimes: els antics cementeris urbans» Josep Lluís Santonja Cardona | Agenda Alcoy</title>
<meta name="robots" content="index, follow, max-snippet:-1, max-image-preview:large, max-video-preview:-1" />
<link rel="canonical" href="https://agendaalcoy.com/ca/event/excursio-nit-danimes-els-antics-cementeris-urbans-josep-lluis-santonja-cardona/" />
<meta property="og:locale" content="ca_ES" />
<meta property="og:type" content="article" />
<meta property="og:title" content="«Excursió: Nit d’ànimes: els antics cementeris urbans» Josep Lluís Santonja Cardona | Agenda Alcoy" />
<meta property="og:description" content="Excursió nocturna pels antics cementeris urbans, guiada per Josep Lluís Santonja Cardona." />
<meta property="og:url" content="https://agendaalcoy.com/ca/event/excursio-nit-danimes-els-antics-cementeris-urbans-josep-lluis-santonja-cardona/" />
<meta property="og:site_name" content="Agenda Alcoy" />
<meta property="article:modified_time" content="2026-02-06T11:27:23+00:00" />
<meta property="og:image" content="https://agendaalcoy.com/wp-content/uploads/2026/02/IMG_3016-8.jpg" />
	<meta property="og:image:width" content="1391" />
	<meta property="og:image:height" content="1800" />
	<meta property="og:image:type" content="image/jpeg" />
<meta name="twitter:card" content="summary_large_image" />
<script type="application/ld+json" class="yoast-schema-graph">{"@context":"https://schema.org","@graph":[{"@type":"WebPage","@id":"https://agendaalcoy.com/ca/event/excursio-nit-danimes-els-antics-cementeris-urbans-josep-lluis-santonja-cardona/","url":"https://agendaalcoy.com/ca/event/excursio-nit-danimes-els-antics-cementeris-urbans-josep-lluis-santonja-cardona/","name":"«Excursió: Nit d’ànimes: els antics cementeris urbans» Josep Lluís Santonja Cardona | Agenda Alcoy","isPartOf":{"@id":"https://agendaalcoy.com/ca/#website"},"primaryImageOfPage":{"@id":"https://agendaalcoy.com/ca/event/excursio-nit-danimes-els-antics-cementeris-urbans-josep-lluis-santonja-cardona/#primaryimage"},"image":{"@id":"https://agendaalcoy.com/ca/event/excursio-nit-danimes-els-antics-cementeris-urbans-josep-lluis-santonja-cardona/#primaryimage"},"thumbnailUrl":"https://agendaalcoy.com/wp-content/uploads/2026/02/IMG_3016-8.jpg","datePublished":"2026-02-06T00:07:29+00:00","dateModified":"2026-02-06T11:27:23+00:00","breadcrumb":{"@id":"https://agendaalcoy.com/ca/event/excursio-nit-danimes-els-antics-cementeris-urbans-josep-lluis-santonja-cardona/#breadcrumb"},"inLanguage":"ca","potentialAction":[{"@type":"ReadAction","target":["https://agendaalcoy.com/ca/event/excursio-nit-danimes-els-antics-cementeris-urbans-josep-lluis-santonja-cardona/"]}]},{"@type":"ImageObject","inLanguage":"ca","@id":"https://agendaalcoy.com/ca/event/excursio-nit-danimes-els-antics-cementeris-urbans-josep-lluis-santonja-cardona/#primaryimage","url":"https://agendaalcoy.com/wp-content/uploads/2026/02/IMG_3016-8.jpg","contentUrl":"https://agendaalcoy.com/wp-content/uploads/2026/02/IMG_3016-8.jpg","width":1391,"height":1800},{"@type":"BreadcrumbList","@id":"https://agendaalcoy.com/ca/event/excursio-nit-danimes-els-antics-cementeris-urbans-josep-lluis-santonja-cardona/#breadcrumb","itemListElement":[{"@type":"ListItem","position":1,"name":"Portada","item":"https://agendaalcoy.com/ca/"},{"@type":"ListItem","position":2,"name":"«Excursió: Nit d’ànimes: els antics cementeris urbans» Josep Lluís Santonja Cardona"}]},{"@type":"WebSite","@id":"https://agendaalcoy.com/ca/#website","url":"https://agendaalcoy.com/ca/","name":"Agenda Alcoy","description":"Agenda Cultural de Alcoy - Conciertos, teatro, exposiciones, actividades infantiles, tradiciones...","potentialAction":[{"@type":"SearchAction","target":{"@type":"EntryPoint","urlTemplate":"https://agendaalcoy.com/ca/?s={search_term_string}"},"query-input":{"@type":"PropertyValueSpecification","valueRequired":true,"valueName":"search_term_string"}}],"inLanguage":"ca"}]}</script>
<!-- / Yoast SEO plugin. -->

«Excursió: Nit d’ànimes: els antics cementeris urbans» Josep Lluís Santonja Cardona | Agenda Alcoy

Excursió nocturna pels antics cementeris urbans, guiada per Josep Lluís Santonja Cardona.

Plaça del Fossar
