{"id":45187,"date":"2025-12-30T09:31:28","date_gmt":"2025-12-30T09:31:28","guid":{"rendered":"https:\/\/agendaalcoy.com\/event\/ca\/exposicio-encuentros-trobades"},"modified":"2025-12-31T09:44:11","modified_gmt":"2025-12-31T09:44:11","slug":"exposicio-encuentros-trobades","status":"publish","type":"event","link":"https:\/\/agendaalcoy.com\/ca\/event\/exposicio-encuentros-trobades\/","title":{"rendered":"Exposici\u00f3: \u00abEncuentros\/Trobades\u00bb"},"content":{"rendered":"<p>L&#8217;exposici\u00f3 &#8216;Encuentros\/Trobades&#8217; a IVAM CADA ALCOI presenta obres gr\u00e0fiques com a expressi\u00f3 pl\u00e0stica i creaci\u00f3 est\u00e8tica dels segles XVIII al XX. Horaris: dimecres a dissabte de 11 h a 14 h i de 17 h a 20 h, diumenges de 11 h a 14 h.<\/p>\n","protected":false},"excerpt":{"rendered":"<p>L&#8217;exposici\u00f3 &#8216;Encuentros\/Trobades&#8217; a IVAM CADA ALCOI presenta obres gr\u00e0fiques com a expressi\u00f3 pl\u00e0stica i creaci\u00f3 est\u00e8tica dels segles XVIII al XX. Horaris: dimecres a dissabte de 11 h a 14 h i de 17 h a 20 h, diumenges de 11 h a 14 h.<\/p>\n","protected":false},"author":1,"featured_media":45184,"comment_status":"closed","ping_status":"closed","template":"","meta":[],"event_cat":[145],"event_tag":[],"event_loc":[173],"class_list":["post-45187","event","type-event","status-publish","has-post-thumbnail","hentry","event_cat-exposicions","event_loc-ivam-cada-alcoy"],"yoast_head":"<!-- This site is optimized with the Yoast SEO plugin v26.4 - https:\/\/yoast.com\/wordpress\/plugins\/seo\/ -->\n<title>Exposici\u00f3: \u00abEncuentros\/Trobades\u00bb | Agenda Alcoy<\/title>\n<meta name=\"robots\" content=\"index, follow, max-snippet:-1, max-image-preview:large, max-video-preview:-1\" \/>\n<link rel=\"canonical\" href=\"https:\/\/agendaalcoy.com\/ca\/event\/exposicio-encuentros-trobades\/\" \/>\n<meta property=\"og:locale\" content=\"ca_ES\" \/>\n<meta property=\"og:type\" content=\"article\" \/>\n<meta property=\"og:title\" content=\"Exposici\u00f3: \u00abEncuentros\/Trobades\u00bb | Agenda Alcoy\" \/>\n<meta property=\"og:description\" content=\"L&#8217;exposici\u00f3 &#8216;Encuentros\/Trobades&#8217; a IVAM CADA ALCOI presenta obres gr\u00e0fiques com a expressi\u00f3 pl\u00e0stica i creaci\u00f3 est\u00e8tica dels segles XVIII al XX. Horaris: dimecres a dissabte de 11 h a 14 h i de 17 h a 20 h, diumenges de 11 h a 14 h.\" \/>\n<meta property=\"og:url\" content=\"https:\/\/agendaalcoy.com\/ca\/event\/exposicio-encuentros-trobades\/\" \/>\n<meta property=\"og:site_name\" content=\"Agenda Alcoy\" \/>\n<meta property=\"article:modified_time\" content=\"2025-12-31T09:44:11+00:00\" \/>\n<meta property=\"og:image\" content=\"https:\/\/agendaalcoy.com\/wp-content\/uploads\/2025\/12\/598103087_1269809931846196_9059411660007748573_n.jpg\" \/>\n\t<meta property=\"og:image:width\" content=\"1080\" \/>\n\t<meta property=\"og:image:height\" content=\"1350\" \/>\n\t<meta property=\"og:image:type\" content=\"image\/jpeg\" \/>\n<meta name=\"twitter:card\" content=\"summary_large_image\" \/>\n<script type=\"application\/ld+json\" class=\"yoast-schema-graph\">{\"@context\":\"https:\/\/schema.org\",\"@graph\":[{\"@type\":\"WebPage\",\"@id\":\"https:\/\/agendaalcoy.com\/ca\/event\/exposicio-encuentros-trobades\/\",\"url\":\"https:\/\/agendaalcoy.com\/ca\/event\/exposicio-encuentros-trobades\/\",\"name\":\"Exposici\u00f3: \u00abEncuentros\/Trobades\u00bb | Agenda Alcoy\",\"isPartOf\":{\"@id\":\"https:\/\/agendaalcoy.com\/ca\/#website\"},\"primaryImageOfPage\":{\"@id\":\"https:\/\/agendaalcoy.com\/ca\/event\/exposicio-encuentros-trobades\/#primaryimage\"},\"image\":{\"@id\":\"https:\/\/agendaalcoy.com\/ca\/event\/exposicio-encuentros-trobades\/#primaryimage\"},\"thumbnailUrl\":\"https:\/\/agendaalcoy.com\/wp-content\/uploads\/2025\/12\/598103087_1269809931846196_9059411660007748573_n.jpg\",\"datePublished\":\"2025-12-30T09:31:28+00:00\",\"dateModified\":\"2025-12-31T09:44:11+00:00\",\"breadcrumb\":{\"@id\":\"https:\/\/agendaalcoy.com\/ca\/event\/exposicio-encuentros-trobades\/#breadcrumb\"},\"inLanguage\":\"ca\",\"potentialAction\":[{\"@type\":\"ReadAction\",\"target\":[\"https:\/\/agendaalcoy.com\/ca\/event\/exposicio-encuentros-trobades\/\"]}]},{\"@type\":\"ImageObject\",\"inLanguage\":\"ca\",\"@id\":\"https:\/\/agendaalcoy.com\/ca\/event\/exposicio-encuentros-trobades\/#primaryimage\",\"url\":\"https:\/\/agendaalcoy.com\/wp-content\/uploads\/2025\/12\/598103087_1269809931846196_9059411660007748573_n.jpg\",\"contentUrl\":\"https:\/\/agendaalcoy.com\/wp-content\/uploads\/2025\/12\/598103087_1269809931846196_9059411660007748573_n.jpg\",\"width\":1080,\"height\":1350},{\"@type\":\"BreadcrumbList\",\"@id\":\"https:\/\/agendaalcoy.com\/ca\/event\/exposicio-encuentros-trobades\/#breadcrumb\",\"itemListElement\":[{\"@type\":\"ListItem\",\"position\":1,\"name\":\"Portada\",\"item\":\"https:\/\/agendaalcoy.com\/ca\/\"},{\"@type\":\"ListItem\",\"position\":2,\"name\":\"Exposici\u00f3: \u00abEncuentros\/Trobades\u00bb\"}]},{\"@type\":\"WebSite\",\"@id\":\"https:\/\/agendaalcoy.com\/ca\/#website\",\"url\":\"https:\/\/agendaalcoy.com\/ca\/\",\"name\":\"Agenda Alcoy\",\"description\":\"Agenda Cultural de Alcoy - Conciertos, teatro, exposiciones, actividades infantiles, tradiciones...\",\"potentialAction\":[{\"@type\":\"SearchAction\",\"target\":{\"@type\":\"EntryPoint\",\"urlTemplate\":\"https:\/\/agendaalcoy.com\/ca\/?s={search_term_string}\"},\"query-input\":{\"@type\":\"PropertyValueSpecification\",\"valueRequired\":true,\"valueName\":\"search_term_string\"}}],\"inLanguage\":\"ca\"}]}<\/script>\n<!-- \/ Yoast SEO plugin. -->","yoast_head_json":{"title":"Exposici\u00f3: \u00abEncuentros\/Trobades\u00bb | Agenda Alcoy","robots":{"index":"index","follow":"follow","max-snippet":"max-snippet:-1","max-image-preview":"max-image-preview:large","max-video-preview":"max-video-preview:-1"},"canonical":"https:\/\/agendaalcoy.com\/ca\/event\/exposicio-encuentros-trobades\/","og_locale":"ca_ES","og_type":"article","og_title":"Exposici\u00f3: \u00abEncuentros\/Trobades\u00bb | Agenda Alcoy","og_description":"L&#8217;exposici\u00f3 &#8216;Encuentros\/Trobades&#8217; a IVAM CADA ALCOI presenta obres gr\u00e0fiques com a expressi\u00f3 pl\u00e0stica i creaci\u00f3 est\u00e8tica dels segles XVIII al XX. Horaris: dimecres a dissabte de 11 h a 14 h i de 17 h a 20 h, diumenges de 11 h a 14 h.","og_url":"https:\/\/agendaalcoy.com\/ca\/event\/exposicio-encuentros-trobades\/","og_site_name":"Agenda Alcoy","article_modified_time":"2025-12-31T09:44:11+00:00","og_image":[{"width":1080,"height":1350,"url":"https:\/\/agendaalcoy.com\/wp-content\/uploads\/2025\/12\/598103087_1269809931846196_9059411660007748573_n.jpg","type":"image\/jpeg"}],"twitter_card":"summary_large_image","schema":{"@context":"https:\/\/schema.org","@graph":[{"@type":"WebPage","@id":"https:\/\/agendaalcoy.com\/ca\/event\/exposicio-encuentros-trobades\/","url":"https:\/\/agendaalcoy.com\/ca\/event\/exposicio-encuentros-trobades\/","name":"Exposici\u00f3: \u00abEncuentros\/Trobades\u00bb | Agenda Alcoy","isPartOf":{"@id":"https:\/\/agendaalcoy.com\/ca\/#website"},"primaryImageOfPage":{"@id":"https:\/\/agendaalcoy.com\/ca\/event\/exposicio-encuentros-trobades\/#primaryimage"},"image":{"@id":"https:\/\/agendaalcoy.com\/ca\/event\/exposicio-encuentros-trobades\/#primaryimage"},"thumbnailUrl":"https:\/\/agendaalcoy.com\/wp-content\/uploads\/2025\/12\/598103087_1269809931846196_9059411660007748573_n.jpg","datePublished":"2025-12-30T09:31:28+00:00","dateModified":"2025-12-31T09:44:11+00:00","breadcrumb":{"@id":"https:\/\/agendaalcoy.com\/ca\/event\/exposicio-encuentros-trobades\/#breadcrumb"},"inLanguage":"ca","potentialAction":[{"@type":"ReadAction","target":["https:\/\/agendaalcoy.com\/ca\/event\/exposicio-encuentros-trobades\/"]}]},{"@type":"ImageObject","inLanguage":"ca","@id":"https:\/\/agendaalcoy.com\/ca\/event\/exposicio-encuentros-trobades\/#primaryimage","url":"https:\/\/agendaalcoy.com\/wp-content\/uploads\/2025\/12\/598103087_1269809931846196_9059411660007748573_n.jpg","contentUrl":"https:\/\/agendaalcoy.com\/wp-content\/uploads\/2025\/12\/598103087_1269809931846196_9059411660007748573_n.jpg","width":1080,"height":1350},{"@type":"BreadcrumbList","@id":"https:\/\/agendaalcoy.com\/ca\/event\/exposicio-encuentros-trobades\/#breadcrumb","itemListElement":[{"@type":"ListItem","position":1,"name":"Portada","item":"https:\/\/agendaalcoy.com\/ca\/"},{"@type":"ListItem","position":2,"name":"Exposici\u00f3: \u00abEncuentros\/Trobades\u00bb"}]},{"@type":"WebSite","@id":"https:\/\/agendaalcoy.com\/ca\/#website","url":"https:\/\/agendaalcoy.com\/ca\/","name":"Agenda Alcoy","description":"Agenda Cultural de Alcoy - Conciertos, teatro, exposiciones, actividades infantiles, tradiciones...","potentialAction":[{"@type":"SearchAction","target":{"@type":"EntryPoint","urlTemplate":"https:\/\/agendaalcoy.com\/ca\/?s={search_term_string}"},"query-input":{"@type":"PropertyValueSpecification","valueRequired":true,"valueName":"search_term_string"}}],"inLanguage":"ca"}]}},"start_date":"15-12-2025","end_date":"15-12-2026","start_time":"00:00","end_time":"00:00","event_address":"IVAM CADA ALCOI","categories":["Exposicions"],"featured_image":"https:\/\/agendaalcoy.com\/wp-content\/uploads\/2025\/12\/598103087_1269809931846196_9059411660007748573_n.jpg","_links":{"self":[{"href":"https:\/\/agendaalcoy.com\/ca\/wp-json\/wp\/v2\/event\/45187","targetHints":{"allow":["GET"]}}],"collection":[{"href":"https:\/\/agendaalcoy.com\/ca\/wp-json\/wp\/v2\/event"}],"about":[{"href":"https:\/\/agendaalcoy.com\/ca\/wp-json\/wp\/v2\/types\/event"}],"author":[{"embeddable":true,"href":"https:\/\/agendaalcoy.com\/ca\/wp-json\/wp\/v2\/users\/1"}],"replies":[{"embeddable":true,"href":"https:\/\/agendaalcoy.com\/ca\/wp-json\/wp\/v2\/comments?post=45187"}],"version-history":[{"count":1,"href":"https:\/\/agendaalcoy.com\/ca\/wp-json\/wp\/v2\/event\/45187\/revisions"}],"predecessor-version":[{"id":45218,"href":"https:\/\/agendaalcoy.com\/ca\/wp-json\/wp\/v2\/event\/45187\/revisions\/45218"}],"wp:featuredmedia":[{"embeddable":true,"href":"https:\/\/agendaalcoy.com\/ca\/wp-json\/wp\/v2\/media\/45184"}],"wp:attachment":[{"href":"https:\/\/agendaalcoy.com\/ca\/wp-json\/wp\/v2\/media?parent=45187"}],"wp:term":[{"taxonomy":"event_cat","embeddable":true,"href":"https:\/\/agendaalcoy.com\/ca\/wp-json\/wp\/v2\/event_cat?post=45187"},{"taxonomy":"event_tag","embeddable":true,"href":"https:\/\/agendaalcoy.com\/ca\/wp-json\/wp\/v2\/event_tag?post=45187"},{"taxonomy":"event_loc","embeddable":true,"href":"https:\/\/agendaalcoy.com\/ca\/wp-json\/wp\/v2\/event_loc?post=45187"}],"curies":[{"name":"wp","href":"https:\/\/api.w.org\/{rel}","templated":true}]}}

Exposició: «Encuentros/Trobades»

<p>L&#8217;exposició &#8216;Encuentros/Trobades&#8217; a IVAM CADA ALCOI presenta obres gràfiques com a expressió plàstica i creació estètica dels segles XVIII al XX. Horaris: dimecres a dissabte de 11 h a 14 h i de 17 h a 20 h, diumenges de 11 h a 14 h.</p>

<!-- This site is optimized with the Yoast SEO plugin v26.4 - https://yoast.com/wordpress/plugins/seo/ -->
<title>Exposició: «Encuentros/Trobades» | Agenda Alcoy</title>
<meta name="robots" content="index, follow, max-snippet:-1, max-image-preview:large, max-video-preview:-1" />
<link rel="canonical" href="https://agendaalcoy.com/ca/event/exposicio-encuentros-trobades/" />
<meta property="og:locale" content="ca_ES" />
<meta property="og:type" content="article" />
<meta property="og:title" content="Exposició: «Encuentros/Trobades» | Agenda Alcoy" />
<meta property="og:description" content="L&#8217;exposició &#8216;Encuentros/Trobades&#8217; a IVAM CADA ALCOI presenta obres gràfiques com a expressió plàstica i creació estètica dels segles XVIII al XX. Horaris: dimecres a dissabte de 11 h a 14 h i de 17 h a 20 h, diumenges de 11 h a 14 h." />
<meta property="og:url" content="https://agendaalcoy.com/ca/event/exposicio-encuentros-trobades/" />
<meta property="og:site_name" content="Agenda Alcoy" />
<meta property="article:modified_time" content="2025-12-31T09:44:11+00:00" />
<meta property="og:image" content="https://agendaalcoy.com/wp-content/uploads/2025/12/598103087_1269809931846196_9059411660007748573_n.jpg" />
	<meta property="og:image:width" content="1080" />
	<meta property="og:image:height" content="1350" />
	<meta property="og:image:type" content="image/jpeg" />
<meta name="twitter:card" content="summary_large_image" />
<script type="application/ld+json" class="yoast-schema-graph">{"@context":"https://schema.org","@graph":[{"@type":"WebPage","@id":"https://agendaalcoy.com/ca/event/exposicio-encuentros-trobades/","url":"https://agendaalcoy.com/ca/event/exposicio-encuentros-trobades/","name":"Exposició: «Encuentros/Trobades» | Agenda Alcoy","isPartOf":{"@id":"https://agendaalcoy.com/ca/#website"},"primaryImageOfPage":{"@id":"https://agendaalcoy.com/ca/event/exposicio-encuentros-trobades/#primaryimage"},"image":{"@id":"https://agendaalcoy.com/ca/event/exposicio-encuentros-trobades/#primaryimage"},"thumbnailUrl":"https://agendaalcoy.com/wp-content/uploads/2025/12/598103087_1269809931846196_9059411660007748573_n.jpg","datePublished":"2025-12-30T09:31:28+00:00","dateModified":"2025-12-31T09:44:11+00:00","breadcrumb":{"@id":"https://agendaalcoy.com/ca/event/exposicio-encuentros-trobades/#breadcrumb"},"inLanguage":"ca","potentialAction":[{"@type":"ReadAction","target":["https://agendaalcoy.com/ca/event/exposicio-encuentros-trobades/"]}]},{"@type":"ImageObject","inLanguage":"ca","@id":"https://agendaalcoy.com/ca/event/exposicio-encuentros-trobades/#primaryimage","url":"https://agendaalcoy.com/wp-content/uploads/2025/12/598103087_1269809931846196_9059411660007748573_n.jpg","contentUrl":"https://agendaalcoy.com/wp-content/uploads/2025/12/598103087_1269809931846196_9059411660007748573_n.jpg","width":1080,"height":1350},{"@type":"BreadcrumbList","@id":"https://agendaalcoy.com/ca/event/exposicio-encuentros-trobades/#breadcrumb","itemListElement":[{"@type":"ListItem","position":1,"name":"Portada","item":"https://agendaalcoy.com/ca/"},{"@type":"ListItem","position":2,"name":"Exposició: «Encuentros/Trobades»"}]},{"@type":"WebSite","@id":"https://agendaalcoy.com/ca/#website","url":"https://agendaalcoy.com/ca/","name":"Agenda Alcoy","description":"Agenda Cultural de Alcoy - Conciertos, teatro, exposiciones, actividades infantiles, tradiciones...","potentialAction":[{"@type":"SearchAction","target":{"@type":"EntryPoint","urlTemplate":"https://agendaalcoy.com/ca/?s={search_term_string}"},"query-input":{"@type":"PropertyValueSpecification","valueRequired":true,"valueName":"search_term_string"}}],"inLanguage":"ca"}]}</script>
<!-- / Yoast SEO plugin. -->

Exposició: «Encuentros/Trobades» | Agenda Alcoy

L&#8217;exposició &#8216;Encuentros/Trobades&#8217; a IVAM CADA ALCOI presenta obres gràfiques com a expressió plàstica i creació estètica dels segles XVIII al XX. Horaris: dimecres a dissabte de 11 h a 14 h i de 17 h a 20 h, diumenges de 11 h a 14 h.
