{"id":39126,"date":"2025-10-17T10:42:02","date_gmt":"2025-10-17T10:42:02","guid":{"rendered":"https:\/\/agendaalcoy.com\/event\/exposicion-isabel-clara-simo-col%c2%b7leccio-i-llegat-3\/"},"modified":"2025-10-17T11:07:36","modified_gmt":"2025-10-17T11:07:36","slug":"exposicion-isabel-clara-simo-col%c2%b7leccio-i-llegat-3","status":"publish","type":"event","link":"https:\/\/agendaalcoy.com\/ca\/event\/exposicion-isabel-clara-simo-col%c2%b7leccio-i-llegat-3\/","title":{"rendered":"Exposici\u00f3n: Isabel Clara Sim\u00f3 &#8220;Col\u00b7lecci\u00f3 i Llegat&#8221;"},"content":{"rendered":"<p>L\u2019exposici\u00f3 dedicada a Isabel Clara Sim\u00f3 reuneix m\u00e9s de 200 obres de 122 artistes de diferents estils i t\u00e8cniques, i reflecteix la connexi\u00f3 entre escriptura i art que va marcar la seua vida. Les peces, fruit d\u2019intercanvis intel\u00b7lectuals, afecte i amistat, formaren part del seu entorn quotidi\u00e0 i van ser donades a la seua ciutat natal, Alcoi, enriquint el seu patrimoni art\u00edstic. La col\u00b7lecci\u00f3, fotografiada i inventariada en 2022, culmina ara amb aquesta mostra que celebra el llegat cultural i hum\u00e0 de l\u2019escriptora.<br data-start=\"1294\" data-end=\"1297\" \/><strong data-start=\"1297\" data-end=\"1308\">Horari:<\/strong> de dimecres a dissabte d\u201911.30 a 13.30 h i de 17.30 a 20.30 h; dimarts de 17.30 a 20.30 h; diumenges d\u201911.00 a 13.30 h. A l\u2019agost, de dimarts a dissabte d\u201911.00 a 14.00 h.<\/p>\n<div id=\"simple-translate\" class=\"simple-translate-system-theme\">\n<div>\n<div class=\"simple-translate-button isShow\" style=\"background-image: url('chrome-extension:\/\/ibplnjkanclpjokhdolnendpplpjiace\/icons\/512.png'); height: 22px; width: 22px; top: 148px; left: 18px;\"><\/div>\n<div class=\"simple-translate-panel \" style=\"width: 300px; height: 200px; top: 0px; left: 0px; font-size: 13px;\">\n<div class=\"simple-translate-result-wrapper\" style=\"overflow: hidden;\">\n<div class=\"simple-translate-move\" draggable=\"true\"><\/div>\n<div class=\"simple-translate-result-contents\">\n<p class=\"simple-translate-result\" dir=\"auto\">\n<p class=\"simple-translate-candidate\" dir=\"auto\">\n<\/div>\n<\/div>\n<\/div>\n<\/div>\n<\/div>\n","protected":false},"excerpt":{"rendered":"<p>L\u2019exposici\u00f3 dedicada a Isabel Clara Sim\u00f3 reuneix m\u00e9s de 200 obres de 122 artistes de diferents estils i t\u00e8cniques, i reflecteix la connexi\u00f3 entre escriptura i art que va marcar la seua vida. Les peces, fruit d\u2019intercanvis intel\u00b7lectuals, afecte i amistat, formaren part del seu entorn quotidi\u00e0 i van ser donades a la seua ciutat [&hellip;]<\/p>\n","protected":false},"author":1,"featured_media":39122,"comment_status":"closed","ping_status":"closed","template":"","meta":[],"event_cat":[145],"event_tag":[],"event_loc":[173],"class_list":["post-39126","event","type-event","status-publish","has-post-thumbnail","hentry","event_cat-exposicions","event_loc-ivam-cada-alcoy"],"yoast_head":"<!-- This site is optimized with the Yoast SEO plugin v26.4 - https:\/\/yoast.com\/wordpress\/plugins\/seo\/ -->\n<title>Exposici\u00f3n: Isabel Clara Sim\u00f3 &quot;Col\u00b7lecci\u00f3 i Llegat&quot; | Agenda Alcoy<\/title>\n<meta name=\"robots\" content=\"index, follow, max-snippet:-1, max-image-preview:large, max-video-preview:-1\" \/>\n<link rel=\"canonical\" href=\"https:\/\/agendaalcoy.com\/ca\/event\/exposicion-isabel-clara-simo-col%c2%b7leccio-i-llegat-3\/\" \/>\n<meta property=\"og:locale\" content=\"ca_ES\" \/>\n<meta property=\"og:type\" content=\"article\" \/>\n<meta property=\"og:title\" content=\"Exposici\u00f3n: Isabel Clara Sim\u00f3 &quot;Col\u00b7lecci\u00f3 i Llegat&quot; | Agenda Alcoy\" \/>\n<meta property=\"og:description\" content=\"L\u2019exposici\u00f3 dedicada a Isabel Clara Sim\u00f3 reuneix m\u00e9s de 200 obres de 122 artistes de diferents estils i t\u00e8cniques, i reflecteix la connexi\u00f3 entre escriptura i art que va marcar la seua vida. Les peces, fruit d\u2019intercanvis intel\u00b7lectuals, afecte i amistat, formaren part del seu entorn quotidi\u00e0 i van ser donades a la seua ciutat [&hellip;]\" \/>\n<meta property=\"og:url\" content=\"https:\/\/agendaalcoy.com\/ca\/event\/exposicion-isabel-clara-simo-col%c2%b7leccio-i-llegat-3\/\" \/>\n<meta property=\"og:site_name\" content=\"Agenda Alcoy\" \/>\n<meta property=\"article:modified_time\" content=\"2025-10-17T11:07:36+00:00\" \/>\n<meta property=\"og:image\" content=\"https:\/\/agendaalcoy.com\/wp-content\/uploads\/2025\/10\/DEST-ISABEL-CLARA-SIMO.jpg\" \/>\n\t<meta property=\"og:image:width\" content=\"700\" \/>\n\t<meta property=\"og:image:height\" content=\"984\" \/>\n\t<meta property=\"og:image:type\" content=\"image\/jpeg\" \/>\n<meta name=\"twitter:card\" content=\"summary_large_image\" \/>\n<meta name=\"twitter:label1\" content=\"Temps estimat de lectura\" \/>\n\t<meta name=\"twitter:data1\" content=\"1 minut\" \/>\n<script type=\"application\/ld+json\" class=\"yoast-schema-graph\">{\"@context\":\"https:\/\/schema.org\",\"@graph\":[{\"@type\":\"WebPage\",\"@id\":\"https:\/\/agendaalcoy.com\/ca\/event\/exposicion-isabel-clara-simo-col%c2%b7leccio-i-llegat-3\/\",\"url\":\"https:\/\/agendaalcoy.com\/ca\/event\/exposicion-isabel-clara-simo-col%c2%b7leccio-i-llegat-3\/\",\"name\":\"Exposici\u00f3n: Isabel Clara Sim\u00f3 \\\"Col\u00b7lecci\u00f3 i Llegat\\\" | Agenda Alcoy\",\"isPartOf\":{\"@id\":\"https:\/\/agendaalcoy.com\/ca\/#website\"},\"primaryImageOfPage\":{\"@id\":\"https:\/\/agendaalcoy.com\/ca\/event\/exposicion-isabel-clara-simo-col%c2%b7leccio-i-llegat-3\/#primaryimage\"},\"image\":{\"@id\":\"https:\/\/agendaalcoy.com\/ca\/event\/exposicion-isabel-clara-simo-col%c2%b7leccio-i-llegat-3\/#primaryimage\"},\"thumbnailUrl\":\"https:\/\/agendaalcoy.com\/wp-content\/uploads\/2025\/10\/DEST-ISABEL-CLARA-SIMO.jpg\",\"datePublished\":\"2025-10-17T10:42:02+00:00\",\"dateModified\":\"2025-10-17T11:07:36+00:00\",\"breadcrumb\":{\"@id\":\"https:\/\/agendaalcoy.com\/ca\/event\/exposicion-isabel-clara-simo-col%c2%b7leccio-i-llegat-3\/#breadcrumb\"},\"inLanguage\":\"ca\",\"potentialAction\":[{\"@type\":\"ReadAction\",\"target\":[\"https:\/\/agendaalcoy.com\/ca\/event\/exposicion-isabel-clara-simo-col%c2%b7leccio-i-llegat-3\/\"]}]},{\"@type\":\"ImageObject\",\"inLanguage\":\"ca\",\"@id\":\"https:\/\/agendaalcoy.com\/ca\/event\/exposicion-isabel-clara-simo-col%c2%b7leccio-i-llegat-3\/#primaryimage\",\"url\":\"https:\/\/agendaalcoy.com\/wp-content\/uploads\/2025\/10\/DEST-ISABEL-CLARA-SIMO.jpg\",\"contentUrl\":\"https:\/\/agendaalcoy.com\/wp-content\/uploads\/2025\/10\/DEST-ISABEL-CLARA-SIMO.jpg\",\"width\":700,\"height\":984},{\"@type\":\"BreadcrumbList\",\"@id\":\"https:\/\/agendaalcoy.com\/ca\/event\/exposicion-isabel-clara-simo-col%c2%b7leccio-i-llegat-3\/#breadcrumb\",\"itemListElement\":[{\"@type\":\"ListItem\",\"position\":1,\"name\":\"Portada\",\"item\":\"https:\/\/agendaalcoy.com\/ca\/\"},{\"@type\":\"ListItem\",\"position\":2,\"name\":\"Exposici\u00f3n: Isabel Clara Sim\u00f3 &#8220;Col\u00b7lecci\u00f3 i Llegat&#8221;\"}]},{\"@type\":\"WebSite\",\"@id\":\"https:\/\/agendaalcoy.com\/ca\/#website\",\"url\":\"https:\/\/agendaalcoy.com\/ca\/\",\"name\":\"Agenda Alcoy\",\"description\":\"Agenda Cultural de Alcoy - Conciertos, teatro, exposiciones, actividades infantiles, tradiciones...\",\"potentialAction\":[{\"@type\":\"SearchAction\",\"target\":{\"@type\":\"EntryPoint\",\"urlTemplate\":\"https:\/\/agendaalcoy.com\/ca\/?s={search_term_string}\"},\"query-input\":{\"@type\":\"PropertyValueSpecification\",\"valueRequired\":true,\"valueName\":\"search_term_string\"}}],\"inLanguage\":\"ca\"}]}<\/script>\n<!-- \/ Yoast SEO plugin. -->","yoast_head_json":{"title":"Exposici\u00f3n: Isabel Clara Sim\u00f3 \"Col\u00b7lecci\u00f3 i Llegat\" | Agenda Alcoy","robots":{"index":"index","follow":"follow","max-snippet":"max-snippet:-1","max-image-preview":"max-image-preview:large","max-video-preview":"max-video-preview:-1"},"canonical":"https:\/\/agendaalcoy.com\/ca\/event\/exposicion-isabel-clara-simo-col%c2%b7leccio-i-llegat-3\/","og_locale":"ca_ES","og_type":"article","og_title":"Exposici\u00f3n: Isabel Clara Sim\u00f3 \"Col\u00b7lecci\u00f3 i Llegat\" | Agenda Alcoy","og_description":"L\u2019exposici\u00f3 dedicada a Isabel Clara Sim\u00f3 reuneix m\u00e9s de 200 obres de 122 artistes de diferents estils i t\u00e8cniques, i reflecteix la connexi\u00f3 entre escriptura i art que va marcar la seua vida. Les peces, fruit d\u2019intercanvis intel\u00b7lectuals, afecte i amistat, formaren part del seu entorn quotidi\u00e0 i van ser donades a la seua ciutat [&hellip;]","og_url":"https:\/\/agendaalcoy.com\/ca\/event\/exposicion-isabel-clara-simo-col%c2%b7leccio-i-llegat-3\/","og_site_name":"Agenda Alcoy","article_modified_time":"2025-10-17T11:07:36+00:00","og_image":[{"width":700,"height":984,"url":"https:\/\/agendaalcoy.com\/wp-content\/uploads\/2025\/10\/DEST-ISABEL-CLARA-SIMO.jpg","type":"image\/jpeg"}],"twitter_card":"summary_large_image","twitter_misc":{"Temps estimat de lectura":"1 minut"},"schema":{"@context":"https:\/\/schema.org","@graph":[{"@type":"WebPage","@id":"https:\/\/agendaalcoy.com\/ca\/event\/exposicion-isabel-clara-simo-col%c2%b7leccio-i-llegat-3\/","url":"https:\/\/agendaalcoy.com\/ca\/event\/exposicion-isabel-clara-simo-col%c2%b7leccio-i-llegat-3\/","name":"Exposici\u00f3n: Isabel Clara Sim\u00f3 \"Col\u00b7lecci\u00f3 i Llegat\" | Agenda Alcoy","isPartOf":{"@id":"https:\/\/agendaalcoy.com\/ca\/#website"},"primaryImageOfPage":{"@id":"https:\/\/agendaalcoy.com\/ca\/event\/exposicion-isabel-clara-simo-col%c2%b7leccio-i-llegat-3\/#primaryimage"},"image":{"@id":"https:\/\/agendaalcoy.com\/ca\/event\/exposicion-isabel-clara-simo-col%c2%b7leccio-i-llegat-3\/#primaryimage"},"thumbnailUrl":"https:\/\/agendaalcoy.com\/wp-content\/uploads\/2025\/10\/DEST-ISABEL-CLARA-SIMO.jpg","datePublished":"2025-10-17T10:42:02+00:00","dateModified":"2025-10-17T11:07:36+00:00","breadcrumb":{"@id":"https:\/\/agendaalcoy.com\/ca\/event\/exposicion-isabel-clara-simo-col%c2%b7leccio-i-llegat-3\/#breadcrumb"},"inLanguage":"ca","potentialAction":[{"@type":"ReadAction","target":["https:\/\/agendaalcoy.com\/ca\/event\/exposicion-isabel-clara-simo-col%c2%b7leccio-i-llegat-3\/"]}]},{"@type":"ImageObject","inLanguage":"ca","@id":"https:\/\/agendaalcoy.com\/ca\/event\/exposicion-isabel-clara-simo-col%c2%b7leccio-i-llegat-3\/#primaryimage","url":"https:\/\/agendaalcoy.com\/wp-content\/uploads\/2025\/10\/DEST-ISABEL-CLARA-SIMO.jpg","contentUrl":"https:\/\/agendaalcoy.com\/wp-content\/uploads\/2025\/10\/DEST-ISABEL-CLARA-SIMO.jpg","width":700,"height":984},{"@type":"BreadcrumbList","@id":"https:\/\/agendaalcoy.com\/ca\/event\/exposicion-isabel-clara-simo-col%c2%b7leccio-i-llegat-3\/#breadcrumb","itemListElement":[{"@type":"ListItem","position":1,"name":"Portada","item":"https:\/\/agendaalcoy.com\/ca\/"},{"@type":"ListItem","position":2,"name":"Exposici\u00f3n: Isabel Clara Sim\u00f3 &#8220;Col\u00b7lecci\u00f3 i Llegat&#8221;"}]},{"@type":"WebSite","@id":"https:\/\/agendaalcoy.com\/ca\/#website","url":"https:\/\/agendaalcoy.com\/ca\/","name":"Agenda Alcoy","description":"Agenda Cultural de Alcoy - Conciertos, teatro, exposiciones, actividades infantiles, tradiciones...","potentialAction":[{"@type":"SearchAction","target":{"@type":"EntryPoint","urlTemplate":"https:\/\/agendaalcoy.com\/ca\/?s={search_term_string}"},"query-input":{"@type":"PropertyValueSpecification","valueRequired":true,"valueName":"search_term_string"}}],"inLanguage":"ca"}]}},"start_date":"17-10-2025","end_date":"15-05-2026","start_time":"00:00","end_time":"00:00","event_address":" IVAM CADA Alcoy","categories":["Exposicions"],"featured_image":"https:\/\/agendaalcoy.com\/wp-content\/uploads\/2025\/10\/DEST-ISABEL-CLARA-SIMO.jpg","_links":{"self":[{"href":"https:\/\/agendaalcoy.com\/ca\/wp-json\/wp\/v2\/event\/39126","targetHints":{"allow":["GET"]}}],"collection":[{"href":"https:\/\/agendaalcoy.com\/ca\/wp-json\/wp\/v2\/event"}],"about":[{"href":"https:\/\/agendaalcoy.com\/ca\/wp-json\/wp\/v2\/types\/event"}],"author":[{"embeddable":true,"href":"https:\/\/agendaalcoy.com\/ca\/wp-json\/wp\/v2\/users\/1"}],"replies":[{"embeddable":true,"href":"https:\/\/agendaalcoy.com\/ca\/wp-json\/wp\/v2\/comments?post=39126"}],"version-history":[{"count":0,"href":"https:\/\/agendaalcoy.com\/ca\/wp-json\/wp\/v2\/event\/39126\/revisions"}],"wp:featuredmedia":[{"embeddable":true,"href":"https:\/\/agendaalcoy.com\/ca\/wp-json\/wp\/v2\/media\/39122"}],"wp:attachment":[{"href":"https:\/\/agendaalcoy.com\/ca\/wp-json\/wp\/v2\/media?parent=39126"}],"wp:term":[{"taxonomy":"event_cat","embeddable":true,"href":"https:\/\/agendaalcoy.com\/ca\/wp-json\/wp\/v2\/event_cat?post=39126"},{"taxonomy":"event_tag","embeddable":true,"href":"https:\/\/agendaalcoy.com\/ca\/wp-json\/wp\/v2\/event_tag?post=39126"},{"taxonomy":"event_loc","embeddable":true,"href":"https:\/\/agendaalcoy.com\/ca\/wp-json\/wp\/v2\/event_loc?post=39126"}],"curies":[{"name":"wp","href":"https:\/\/api.w.org\/{rel}","templated":true}]}}

Exposición: Isabel Clara Simó &#8220;Col·lecció i Llegat&#8221;

<p>L’exposició dedicada a Isabel Clara Simó reuneix més de 200 obres de 122 artistes de diferents estils i tècniques, i reflecteix la connexió entre escriptura i art que va marcar la seua vida. Les peces, fruit d’intercanvis intel·lectuals, afecte i amistat, formaren part del seu entorn quotidià i van ser donades a la seua ciutat natal, Alcoi, enriquint el seu patrimoni artístic. La col·lecció, fotografiada i inventariada en 2022, culmina ara amb aquesta mostra que celebra el llegat cultural i humà de l’escriptora.<br data-start="1294" data-end="1297" /><strong data-start="1297" data-end="1308">Horari:</strong> de dimecres a dissabte d’11.30 a 13.30 h i de 17.30 a 20.30 h; dimarts de 17.30 a 20.30 h; diumenges d’11.00 a 13.30 h. A l’agost, de dimarts a dissabte d’11.00 a 14.00 h.</p>
<div id="simple-translate" class="simple-translate-system-theme">
<div>
<div class="simple-translate-button isShow" style="background-image: url('chrome-extension://ibplnjkanclpjokhdolnendpplpjiace/icons/512.png'); height: 22px; width: 22px; top: 148px; left: 18px;"></div>
<div class="simple-translate-panel " style="width: 300px; height: 200px; top: 0px; left: 0px; font-size: 13px;">
<div class="simple-translate-result-wrapper" style="overflow: hidden;">
<div class="simple-translate-move" draggable="true"></div>
<div class="simple-translate-result-contents">
<p class="simple-translate-result" dir="auto">
<p class="simple-translate-candidate" dir="auto">
</div>
</div>
</div>
</div>
</div>

<p>L’exposició dedicada a Isabel Clara Simó reuneix més de 200 obres de 122 artistes de diferents estils i tècniques, i reflecteix la connexió entre escriptura i art que va marcar la seua vida. Les peces, fruit d’intercanvis intel·lectuals, afecte i amistat, formaren part del seu entorn quotidià i van ser donades a la seua ciutat [&hellip;]</p>

<!-- This site is optimized with the Yoast SEO plugin v26.4 - https://yoast.com/wordpress/plugins/seo/ -->
<title>Exposición: Isabel Clara Simó &quot;Col·lecció i Llegat&quot; | Agenda Alcoy</title>
<meta name="robots" content="index, follow, max-snippet:-1, max-image-preview:large, max-video-preview:-1" />
<link rel="canonical" href="https://agendaalcoy.com/ca/event/exposicion-isabel-clara-simo-col%c2%b7leccio-i-llegat-3/" />
<meta property="og:locale" content="ca_ES" />
<meta property="og:type" content="article" />
<meta property="og:title" content="Exposición: Isabel Clara Simó &quot;Col·lecció i Llegat&quot; | Agenda Alcoy" />
<meta property="og:description" content="L’exposició dedicada a Isabel Clara Simó reuneix més de 200 obres de 122 artistes de diferents estils i tècniques, i reflecteix la connexió entre escriptura i art que va marcar la seua vida. Les peces, fruit d’intercanvis intel·lectuals, afecte i amistat, formaren part del seu entorn quotidià i van ser donades a la seua ciutat [&hellip;]" />
<meta property="og:url" content="https://agendaalcoy.com/ca/event/exposicion-isabel-clara-simo-col%c2%b7leccio-i-llegat-3/" />
<meta property="og:site_name" content="Agenda Alcoy" />
<meta property="article:modified_time" content="2025-10-17T11:07:36+00:00" />
<meta property="og:image" content="https://agendaalcoy.com/wp-content/uploads/2025/10/DEST-ISABEL-CLARA-SIMO.jpg" />
	<meta property="og:image:width" content="700" />
	<meta property="og:image:height" content="984" />
	<meta property="og:image:type" content="image/jpeg" />
<meta name="twitter:card" content="summary_large_image" />
<meta name="twitter:label1" content="Temps estimat de lectura" />
	<meta name="twitter:data1" content="1 minut" />
<script type="application/ld+json" class="yoast-schema-graph">{"@context":"https://schema.org","@graph":[{"@type":"WebPage","@id":"https://agendaalcoy.com/ca/event/exposicion-isabel-clara-simo-col%c2%b7leccio-i-llegat-3/","url":"https://agendaalcoy.com/ca/event/exposicion-isabel-clara-simo-col%c2%b7leccio-i-llegat-3/","name":"Exposición: Isabel Clara Simó \"Col·lecció i Llegat\" | Agenda Alcoy","isPartOf":{"@id":"https://agendaalcoy.com/ca/#website"},"primaryImageOfPage":{"@id":"https://agendaalcoy.com/ca/event/exposicion-isabel-clara-simo-col%c2%b7leccio-i-llegat-3/#primaryimage"},"image":{"@id":"https://agendaalcoy.com/ca/event/exposicion-isabel-clara-simo-col%c2%b7leccio-i-llegat-3/#primaryimage"},"thumbnailUrl":"https://agendaalcoy.com/wp-content/uploads/2025/10/DEST-ISABEL-CLARA-SIMO.jpg","datePublished":"2025-10-17T10:42:02+00:00","dateModified":"2025-10-17T11:07:36+00:00","breadcrumb":{"@id":"https://agendaalcoy.com/ca/event/exposicion-isabel-clara-simo-col%c2%b7leccio-i-llegat-3/#breadcrumb"},"inLanguage":"ca","potentialAction":[{"@type":"ReadAction","target":["https://agendaalcoy.com/ca/event/exposicion-isabel-clara-simo-col%c2%b7leccio-i-llegat-3/"]}]},{"@type":"ImageObject","inLanguage":"ca","@id":"https://agendaalcoy.com/ca/event/exposicion-isabel-clara-simo-col%c2%b7leccio-i-llegat-3/#primaryimage","url":"https://agendaalcoy.com/wp-content/uploads/2025/10/DEST-ISABEL-CLARA-SIMO.jpg","contentUrl":"https://agendaalcoy.com/wp-content/uploads/2025/10/DEST-ISABEL-CLARA-SIMO.jpg","width":700,"height":984},{"@type":"BreadcrumbList","@id":"https://agendaalcoy.com/ca/event/exposicion-isabel-clara-simo-col%c2%b7leccio-i-llegat-3/#breadcrumb","itemListElement":[{"@type":"ListItem","position":1,"name":"Portada","item":"https://agendaalcoy.com/ca/"},{"@type":"ListItem","position":2,"name":"Exposición: Isabel Clara Simó &#8220;Col·lecció i Llegat&#8221;"}]},{"@type":"WebSite","@id":"https://agendaalcoy.com/ca/#website","url":"https://agendaalcoy.com/ca/","name":"Agenda Alcoy","description":"Agenda Cultural de Alcoy - Conciertos, teatro, exposiciones, actividades infantiles, tradiciones...","potentialAction":[{"@type":"SearchAction","target":{"@type":"EntryPoint","urlTemplate":"https://agendaalcoy.com/ca/?s={search_term_string}"},"query-input":{"@type":"PropertyValueSpecification","valueRequired":true,"valueName":"search_term_string"}}],"inLanguage":"ca"}]}</script>
<!-- / Yoast SEO plugin. -->

Exposición: Isabel Clara Simó "Col·lecció i Llegat" | Agenda Alcoy

L’exposició dedicada a Isabel Clara Simó reuneix més de 200 obres de 122 artistes de diferents estils i tècniques, i reflecteix la connexió entre escriptura i art que va marcar la seua vida. Les peces, fruit d’intercanvis intel·lectuals, afecte i amistat, formaren part del seu entorn quotidià i van ser donades a la seua ciutat [&hellip;]
